	{"id":1845,"date":"2017-11-08T11:01:41","date_gmt":"2017-11-08T10:01:41","guid":{"rendered":"http:\/\/rebub.u-bordeaux.fr\/?page_id=1845"},"modified":"2025-09-18T10:49:38","modified_gmt":"2025-09-18T08:49:38","slug":"les-gt","status":"publish","type":"page","link":"http:\/\/rebub.u-bordeaux.fr\/index.php\/lanimation-du-reseau\/les-gt\/","title":{"rendered":"Les groupes de travail"},"content":{"rendered":"<div id='wpig-floatingbar' class='wpig-floatingbar'><div id='wpig-switch-wrapper' class='wpig-switch-wrapper'><span id='wpig-floating-switch' class='wpig-floating-switch'><img src='http:\/\/rebub.u-bordeaux.fr\/wp-content\/plugins\/sticky-toc-advance-table-of-contents\/\\assets\\menu.png'><\/span><\/div><\/div><p><\/p>\n<p>Dans le cadre de la convention inter-\u00e9tablissements 2021-2026, le conseil d&rsquo;orientation de la coop\u00e9ration documentaire examine le budget du Service de coop\u00e9ration documentaire et assure une revue des projets relevant du p\u00e9rim\u00e8tre du service.<\/p>\n\n\n\n<p>Afin d\u2019instruire les dossiers, les directeurs ou responsables des services documentaires des \u00e9tablissements partenaires se r\u00e9unissent de fa\u00e7on r\u00e9guli\u00e8re.<\/p>\n\n\n\n<p>Un comit\u00e9 de suivi, regroupant les repr\u00e9sentants des \u00e9tablissements, assure le suivi et l\u2019am\u00e9lioration continue du syst\u00e8me d\u2019information documentaire.<\/p>\n","protected":false},"excerpt":{"rendered":"<p>Dans le cadre de la convention inter-\u00e9tablissements 2021-2026, le conseil d&rsquo;orientation de la coop\u00e9ration documentaire examine le budget du Service de coop\u00e9ration documentaire et assure une revue des projets relevant du p\u00e9rim\u00e8tre du service. Afin d\u2019instruire les dossiers, les directeurs&#8230;<\/p>\n","protected":false},"author":2,"featured_media":0,"parent":19313,"menu_order":3,"comment_status":"closed","ping_status":"closed","template":"GT-page.php","meta":[],"post_mailing_queue_ids":[],"_links":{"self":[{"href":"http:\/\/rebub.u-bordeaux.fr\/index.php\/wp-json\/wp\/v2\/pages\/1845"}],"collection":[{"href":"http:\/\/rebub.u-bordeaux.fr\/index.php\/wp-json\/wp\/v2\/pages"}],"about":[{"href":"http:\/\/rebub.u-bordeaux.fr\/index.php\/wp-json\/wp\/v2\/types\/page"}],"author":[{"embeddable":true,"href":"http:\/\/rebub.u-bordeaux.fr\/index.php\/wp-json\/wp\/v2\/users\/2"}],"replies":[{"embeddable":true,"href":"http:\/\/rebub.u-bordeaux.fr\/index.php\/wp-json\/wp\/v2\/comments?post=1845"}],"version-history":[{"count":6,"href":"http:\/\/rebub.u-bordeaux.fr\/index.php\/wp-json\/wp\/v2\/pages\/1845\/revisions"}],"predecessor-version":[{"id":24714,"href":"http:\/\/rebub.u-bordeaux.fr\/index.php\/wp-json\/wp\/v2\/pages\/1845\/revisions\/24714"}],"up":[{"embeddable":true,"href":"http:\/\/rebub.u-bordeaux.fr\/index.php\/wp-json\/wp\/v2\/pages\/19313"}],"wp:attachment":[{"href":"http:\/\/rebub.u-bordeaux.fr\/index.php\/wp-json\/wp\/v2\/media?parent=1845"}],"curies":[{"name":"wp","href":"https:\/\/api.w.org\/{rel}","templated":true}]}}