	{"id":18457,"date":"2024-03-22T09:32:02","date_gmt":"2024-03-22T08:32:02","guid":{"rendered":"https:\/\/rebub.u-bordeaux.fr\/?page_id=18457"},"modified":"2025-03-13T09:19:37","modified_gmt":"2025-03-13T08:19:37","slug":"creer-une-requete-dans-alma","status":"publish","type":"page","link":"http:\/\/rebub.u-bordeaux.fr\/index.php\/alma\/procedures\/generalites\/la-recherche\/creer-une-requete-dans-alma\/","title":{"rendered":"Cr\u00e9er une requ\u00eate dans Alma"},"content":{"rendered":"<div id='wpig-floatingbar' class='wpig-floatingbar'><div id='wpig-switch-wrapper' class='wpig-switch-wrapper'><span id='wpig-floating-switch' class='wpig-floating-switch'><img src='http:\/\/rebub.u-bordeaux.fr\/wp-content\/plugins\/sticky-toc-advance-table-of-contents\/\\assets\\menu.png'><\/span><\/div><div id='wpig-contents' class='wpig-contents  wpig-sidebar-widget wpig-style-3'><span class='wpig-headline'>Table des mati\u00e8res<span><a data-action='show' class='wpig-btn-toggledisplay'>[ Show ]<\/a><\/span><\/span><!-- Table of Contents --><div id='wpig-table-of-content' class='wpig-table-of-content'><ol><li class='stoc-creer-une-requete'><a href='#stoc-creer-une-requete'>Cr\u00e9er une requ\u00eate<\/a><\/li><li class='stoc-exporter-les-resultats'><a href='#stoc-exporter-les-resultats'>Exporter les r\u00e9sultats<\/a><\/li><li class='stoc-enregistrer-une-requete'><a href='#stoc-enregistrer-une-requete'>Enregistrer une requ\u00eate<\/a><ol><li class='stoc-retrouver-une-requete-enregistree-et-lexecuter'><a href='#stoc-retrouver-une-requete-enregistree-et-lexecuter'>Retrouver une requ\u00eate enregistr\u00e9e et l&rsquo;ex\u00e9cuter<\/a><\/li><li class='stoc-dupliquer-une-requete-existante'><a href='#stoc-dupliquer-une-requete-existante'>Dupliquer une requ\u00eate existante<\/a><\/li><\/ol><\/li><\/div><!-- END OF Table of Contents --><\/div><\/div><p><div id='wpig-contents' class='wpig-contents  wpig-sidebar-widget wpig-style-1'><span class='wpig-headline'>Table des mati\u00e8res<span><a data-action='show' class='wpig-btn-toggledisplay'>[ Show ]<\/a><\/span><\/span><!-- Table of Contents --><div id='wpig-table-of-content' class='wpig-table-of-content' ><ol><li class='stoc-creer-une-requete'><a href='#stoc-creer-une-requete'>Cr\u00e9er une requ\u00eate<\/a><\/li><li class='stoc-exporter-les-resultats'><a href='#stoc-exporter-les-resultats'>Exporter les r\u00e9sultats<\/a><\/li><li class='stoc-enregistrer-une-requete'><a href='#stoc-enregistrer-une-requete'>Enregistrer une requ\u00eate<\/a><ol><li class='stoc-retrouver-une-requete-enregistree-et-lexecuter'><a href='#stoc-retrouver-une-requete-enregistree-et-lexecuter'>Retrouver une requ\u00eate enregistr\u00e9e et l&rsquo;ex\u00e9cuter<\/a><\/li><li class='stoc-dupliquer-une-requete-existante'><a href='#stoc-dupliquer-une-requete-existante'>Dupliquer une requ\u00eate existante<\/a><\/li><\/ol><\/li><\/div><!-- END OF Table of Contents --><\/div><\/p>\n<h2 id=\"stoc-creer-une-requete\" class=\"wpig-heading\">Cr\u00e9er une requ\u00eate<\/h2>\n\n\n\n<p>Depuis la page d\u2019accueil, cliquer sur la recherche avanc\u00e9e\u00a0:<\/p>\n\n\n\n<figure class=\"wp-block-image size-large\"><img decoding=\"async\" loading=\"lazy\" width=\"1024\" height=\"252\" src=\"https:\/\/rebub.u-bordeaux.fr\/wp-content\/uploads\/2025\/03\/requete1-1024x252.png\" alt=\"\" class=\"wp-image-23457\" srcset=\"https:\/\/rebub.u-bordeaux.fr\/wp-content\/uploads\/2025\/03\/requete1-1024x252.png 1024w, https:\/\/rebub.u-bordeaux.fr\/wp-content\/uploads\/2025\/03\/requete1-300x74.png 300w, https:\/\/rebub.u-bordeaux.fr\/wp-content\/uploads\/2025\/03\/requete1-768x189.png 768w, https:\/\/rebub.u-bordeaux.fr\/wp-content\/uploads\/2025\/03\/requete1.png 1175w\" sizes=\"(max-width: 1024px) 100vw, 1024px\" \/><\/figure>\n\n\n\n<p>Un formulaire s\u2019ouvre\u00a0: il s\u2019agit de combiner plusieurs items en utilisant les op\u00e9rateurs bool\u00e9ens et\/ou.<\/p>\n\n\n\n<blockquote class=\"wp-block-quote\">\n<p>Exemple de recherche&nbsp;: je veux tous les documents de mon institution en langue fran\u00e7aise et anglaise qui comportent le mot Freud dans le titre, localis\u00e9s \u00e0 la BU Droit, science politique, \u00e9conomie et qui poss\u00e8dent au moins 1 exemplaire.<\/p>\n<\/blockquote>\n\n\n\n<figure class=\"wp-block-image size-full\"><img decoding=\"async\" loading=\"lazy\" width=\"846\" height=\"435\" src=\"https:\/\/rebub.u-bordeaux.fr\/wp-content\/uploads\/2025\/03\/requete2-1.png\" alt=\"\" class=\"wp-image-23460\" srcset=\"https:\/\/rebub.u-bordeaux.fr\/wp-content\/uploads\/2025\/03\/requete2-1.png 846w, https:\/\/rebub.u-bordeaux.fr\/wp-content\/uploads\/2025\/03\/requete2-1-300x154.png 300w, https:\/\/rebub.u-bordeaux.fr\/wp-content\/uploads\/2025\/03\/requete2-1-768x395.png 768w\" sizes=\"(max-width: 846px) 100vw, 846px\" \/><\/figure>\n\n\n\n<p>1: Cr\u00e9er les crit\u00e8res de la requ\u00eate : choisir le type de r\u00e9sultat souhait\u00e9 en utilisant la liste d\u00e9roulante (liste d\u2019exemplaires, de titres, d\u2019usagers, de lignes de commande, etc).<\/p>\n\n\n\n<p>2: Choisir les index interrog\u00e9s, les op\u00e9rateurs (liste d\u00e9roulante du milieu) et saisir les donn\u00e9es (champ \u00e0 droite).<\/p>\n\n\n\n<p>3: Il est possible d\u2019ajouter des lignes (bouton +), de les dupliquer ou de les supprimer.<\/p>\n\n\n\n<p>4: Choisir les bons op\u00e9rateurs correspondants au r\u00e9sultat voulu (ET \/ OU).<\/p>\n\n\n\n<h2 id=\"stoc-exporter-les-resultats\" class=\"wpig-heading\">Exporter les r\u00e9sultats<\/h2>\n\n\n\n<p>Pour exporter les r\u00e9sultats dans un fichier excel en s\u00e9lectionnant pr\u00e9alablement les donn\u00e9es \u00e0 pr\u00e9senter, se reporter \u00e0 la proc\u00e9dure <a href=\"http:\/\/rebub.u-bordeaux.fr\/index.php\/alma\/procedures\/generalites\/la-recherche\/exporter-les-resultats-dune-requete-dans-excel\/\">Exporter les r\u00e9sultats d&rsquo;une requ\u00eate dans Excel.<\/a><\/p>\n\n\n<div class=\"wp-block-image\">\n<figure class=\"aligncenter\"><a href=\"http:\/\/rebub.u-bordeaux.fr\/wp-content\/uploads\/2020\/02\/Creer_Une_Requete_Bouton.png\" target=\"_blank\" rel=\"noopener noreferrer\"><img decoding=\"async\" loading=\"lazy\" width=\"167\" height=\"112\" src=\"http:\/\/rebub.u-bordeaux.fr\/wp-content\/uploads\/2020\/02\/Creer_Une_Requete_Bouton.png\" alt=\"\" class=\"wp-image-7418\"\/><\/a><\/figure><\/div>\n\n\n<p>Sinon cliquer sur le bouton<\/p>\n\n\n\n<h2 id=\"stoc-enregistrer-une-requete\" class=\"wpig-heading\">Enregistrer une requ\u00eate<\/h2>\n\n\n\n<p>Lorsque la requ\u00eate est cr\u00e9\u00e9e, cliquer sur \u00ab\u00a0Cr\u00e9er et filtrer ensemble \u00bb\u00a0:<\/p>\n\n\n\n<figure class=\"wp-block-image size-large\"><img decoding=\"async\" loading=\"lazy\" width=\"1024\" height=\"85\" src=\"https:\/\/rebub.u-bordeaux.fr\/wp-content\/uploads\/2025\/03\/requete3-1024x85.png\" alt=\"\" class=\"wp-image-23461\" srcset=\"https:\/\/rebub.u-bordeaux.fr\/wp-content\/uploads\/2025\/03\/requete3-1024x85.png 1024w, https:\/\/rebub.u-bordeaux.fr\/wp-content\/uploads\/2025\/03\/requete3-300x25.png 300w, https:\/\/rebub.u-bordeaux.fr\/wp-content\/uploads\/2025\/03\/requete3-768x64.png 768w, https:\/\/rebub.u-bordeaux.fr\/wp-content\/uploads\/2025\/03\/requete3-1536x127.png 1536w, https:\/\/rebub.u-bordeaux.fr\/wp-content\/uploads\/2025\/03\/requete3.png 1798w\" sizes=\"(max-width: 1024px) 100vw, 1024px\" \/><\/figure>\n\n\n\n<p>Compl\u00e9ter les informations :<\/p>\n\n\n\n<p>Donner un titre \u00e0 la requ\u00eate (Nom de l\u2019ensemble). Obligatoire.<\/p>\n\n\n\n<p>Choisir si la requ\u00eate sera visible par vous seul (Priv\u00e9 = oui) ou par tous les coll\u00e8gues (Priv\u00e9 = non)<\/p>\n\n\n\n<p>Type de jeu&nbsp;: logique<\/p>\n\n\n\n<p>Statut&nbsp;: actif<\/p>\n\n\n\n<p>Puis \u00ab\u00a0Enregistrer\u00a0\u00bb<\/p>\n\n\n\n<figure class=\"wp-block-image size-full\"><img decoding=\"async\" loading=\"lazy\" width=\"937\" height=\"522\" src=\"https:\/\/rebub.u-bordeaux.fr\/wp-content\/uploads\/2025\/03\/requete4.png\" alt=\"\" class=\"wp-image-23462\" srcset=\"https:\/\/rebub.u-bordeaux.fr\/wp-content\/uploads\/2025\/03\/requete4.png 937w, https:\/\/rebub.u-bordeaux.fr\/wp-content\/uploads\/2025\/03\/requete4-300x167.png 300w, https:\/\/rebub.u-bordeaux.fr\/wp-content\/uploads\/2025\/03\/requete4-768x428.png 768w\" sizes=\"(max-width: 937px) 100vw, 937px\" \/><\/figure>\n\n\n\n<p>Un message s\u2019ouvre sur la partie droite de votre \u00e9cran (l\u2019encart est vert tout s\u2019est bien d\u00e9roul\u00e9)<\/p>\n\n\n\n<figure class=\"wp-block-image size-full\"><img decoding=\"async\" loading=\"lazy\" width=\"257\" height=\"137\" src=\"https:\/\/rebub.u-bordeaux.fr\/wp-content\/uploads\/2025\/03\/requete5.png\" alt=\"\" class=\"wp-image-23463\"\/><\/figure>\n\n\n\n<p>Votre ensemble est maintenant disponible dans Admin \/G\u00e9rer les ensembles.<\/p>\n\n\n\n<h3 id=\"stoc-retrouver-une-requete-enregistree-et-lexecuter\" class=\"wpig-heading\">Retrouver une requ\u00eate enregistr\u00e9e et l&rsquo;ex\u00e9cuter<\/h3>\n\n\n\n<p>Dans Alma, menu \u00ab&nbsp;Admin&nbsp;\u00bb puis \u00ab&nbsp;G\u00e9rer les ensembles&nbsp;\u00bb<\/p>\n\n\n\n<p>Dans l\u2019onglet \u00ab&nbsp;P\u00e9rim\u00e8tre&nbsp;\u00bb, s\u00e9lectionnez \u00ab&nbsp;Mes ensembles&nbsp;\u00bb ou \u00ab&nbsp;Ensembles publics&nbsp;\u00bb en fonction du crit\u00e8re que vous avez affect\u00e9 pr\u00e9c\u00e9demment<\/p>\n\n\n\n<figure class=\"wp-block-image size-large\"><img decoding=\"async\" loading=\"lazy\" width=\"1024\" height=\"288\" src=\"https:\/\/rebub.u-bordeaux.fr\/wp-content\/uploads\/2025\/03\/requete6-1024x288.png\" alt=\"\" class=\"wp-image-23466\" srcset=\"https:\/\/rebub.u-bordeaux.fr\/wp-content\/uploads\/2025\/03\/requete6-1024x288.png 1024w, https:\/\/rebub.u-bordeaux.fr\/wp-content\/uploads\/2025\/03\/requete6-300x84.png 300w, https:\/\/rebub.u-bordeaux.fr\/wp-content\/uploads\/2025\/03\/requete6-768x216.png 768w, https:\/\/rebub.u-bordeaux.fr\/wp-content\/uploads\/2025\/03\/requete6.png 1329w\" sizes=\"(max-width: 1024px) 100vw, 1024px\" \/><\/figure>\n\n\n\n<p>Une fois l\u2019ensemble choisi, cliquez sur \u00ab\u00a0Contenu\u00a0\u00bb pour afficher les donn\u00e9es.<\/p>\n\n\n\n<figure class=\"wp-block-image size-large\"><img decoding=\"async\" loading=\"lazy\" width=\"1024\" height=\"268\" src=\"https:\/\/rebub.u-bordeaux.fr\/wp-content\/uploads\/2025\/03\/requete7-1024x268.png\" alt=\"\" class=\"wp-image-23467\" srcset=\"https:\/\/rebub.u-bordeaux.fr\/wp-content\/uploads\/2025\/03\/requete7-1024x268.png 1024w, https:\/\/rebub.u-bordeaux.fr\/wp-content\/uploads\/2025\/03\/requete7-300x79.png 300w, https:\/\/rebub.u-bordeaux.fr\/wp-content\/uploads\/2025\/03\/requete7-768x201.png 768w, https:\/\/rebub.u-bordeaux.fr\/wp-content\/uploads\/2025\/03\/requete7.png 1284w\" sizes=\"(max-width: 1024px) 100vw, 1024px\" \/><\/figure>\n\n\n\n<div class=\"is-layout-constrained wp-block-group bord-bloc-reutilisable\"><div class=\"wp-block-group__inner-container\">\n<div class=\"is-layout-flex wp-container-3 wp-block-columns alignfull are-vertically-aligned-top bord-bloc-reutilisable has-background\" style=\"background-color:#ff303047\">\n<div class=\"is-layout-flow wp-block-column is-vertically-aligned-top\" style=\"flex-basis:7%\">\n<figure class=\"wp-block-image alignfull size-full\"><img decoding=\"async\" loading=\"lazy\" width=\"512\" height=\"512\" src=\"https:\/\/rebub.u-bordeaux.fr\/wp-content\/uploads\/2024\/04\/point-dexclamation.png\" alt=\"\" class=\"wp-image-19898\" srcset=\"https:\/\/rebub.u-bordeaux.fr\/wp-content\/uploads\/2024\/04\/point-dexclamation.png 512w, https:\/\/rebub.u-bordeaux.fr\/wp-content\/uploads\/2024\/04\/point-dexclamation-300x300.png 300w, https:\/\/rebub.u-bordeaux.fr\/wp-content\/uploads\/2024\/04\/point-dexclamation-150x150.png 150w\" sizes=\"(max-width: 512px) 100vw, 512px\" \/><\/figure>\n<\/div>\n\n\n\n<div class=\"is-layout-flow wp-block-column is-vertically-aligned-top\" style=\"flex-basis:85%\">\n<p><strong>Attention !<\/strong> Modification d\u2019une requ\u00eate : Si vous modifiez la requ\u00eate, si vous l\u2019enregistrez vos modifications \u00e9craseront la requ\u00eate initiale.<br>Il est pr\u00e9f\u00e9rable de cr\u00e9er une nouvelle requ\u00eate et lui donner un autre nom.<\/p>\n<\/div>\n<\/div>\n<\/div><\/div>\n\n\n\n<p>Vous pouvez aussi \u00e0 partir d\u2019une requ\u00eate existante, la dupliquer pour pouvoir la modifier et l\u2019enregistrer sous un autre nom.<\/p>\n\n\n\n<h3 id=\"stoc-dupliquer-une-requete-existante\" class=\"wpig-heading\">Dupliquer une requ\u00eate existante<\/h3>\n\n\n\n<p>Dans Alma, menu \u00ab&nbsp;Admin&nbsp;\u00bb puis \u00ab&nbsp;G\u00e9rer les ensembles&nbsp;\u00bb<\/p>\n\n\n\n<p>Choisir un ensemble, cliquez sur le bouton \u00ab\u00a0\u2026\u00a0\u00bb puis sur \u00ab\u00a0Dupliquer\u00a0\u00bb<\/p>\n\n\n\n<figure class=\"wp-block-image size-large\"><img decoding=\"async\" loading=\"lazy\" width=\"1024\" height=\"237\" src=\"https:\/\/rebub.u-bordeaux.fr\/wp-content\/uploads\/2025\/03\/requete8-1024x237.png\" alt=\"\" class=\"wp-image-23468\" srcset=\"https:\/\/rebub.u-bordeaux.fr\/wp-content\/uploads\/2025\/03\/requete8-1024x237.png 1024w, https:\/\/rebub.u-bordeaux.fr\/wp-content\/uploads\/2025\/03\/requete8-300x69.png 300w, https:\/\/rebub.u-bordeaux.fr\/wp-content\/uploads\/2025\/03\/requete8-768x178.png 768w, https:\/\/rebub.u-bordeaux.fr\/wp-content\/uploads\/2025\/03\/requete8-1536x356.png 1536w, https:\/\/rebub.u-bordeaux.fr\/wp-content\/uploads\/2025\/03\/requete8.png 1628w\" sizes=\"(max-width: 1024px) 100vw, 1024px\" \/><\/figure>\n\n\n\n<p>Un volet s\u2019ouvre sur la partie droite de l\u2019\u00e9cran indiquant que l\u2019ensemble a bien \u00e9t\u00e9 dupliqu\u00e9<\/p>\n\n\n\n<figure class=\"wp-block-image size-full\"><img decoding=\"async\" loading=\"lazy\" width=\"365\" height=\"133\" src=\"https:\/\/rebub.u-bordeaux.fr\/wp-content\/uploads\/2025\/03\/requete9.png\" alt=\"\" class=\"wp-image-23469\" srcset=\"https:\/\/rebub.u-bordeaux.fr\/wp-content\/uploads\/2025\/03\/requete9.png 365w, https:\/\/rebub.u-bordeaux.fr\/wp-content\/uploads\/2025\/03\/requete9-300x109.png 300w\" sizes=\"(max-width: 365px) 100vw, 365px\" \/><\/figure>\n\n\n\n<p>Ce nouvel ensemble appara\u00eet en fin de liste de tous vos ensembles avec un intitul\u00e9 commen\u00e7ant par \u00ab\u00a0Copier\u00a0\u00bb<\/p>\n\n\n\n<figure class=\"wp-block-image size-large\"><img decoding=\"async\" loading=\"lazy\" width=\"1024\" height=\"93\" src=\"https:\/\/rebub.u-bordeaux.fr\/wp-content\/uploads\/2025\/03\/requete10-1024x93.png\" alt=\"\" class=\"wp-image-23470\" srcset=\"https:\/\/rebub.u-bordeaux.fr\/wp-content\/uploads\/2025\/03\/requete10-1024x93.png 1024w, https:\/\/rebub.u-bordeaux.fr\/wp-content\/uploads\/2025\/03\/requete10-300x27.png 300w, https:\/\/rebub.u-bordeaux.fr\/wp-content\/uploads\/2025\/03\/requete10-768x69.png 768w, https:\/\/rebub.u-bordeaux.fr\/wp-content\/uploads\/2025\/03\/requete10-1536x139.png 1536w, https:\/\/rebub.u-bordeaux.fr\/wp-content\/uploads\/2025\/03\/requete10.png 1616w\" sizes=\"(max-width: 1024px) 100vw, 1024px\" \/><\/figure>\n\n\n\n<p>Pour modifier l\u2019ensemble, cliquez sur celui-ci, une fen\u00eatre s\u2019ouvre dans la partie de droite.<\/p>\n\n\n\n<p>Les zones avec l\u2019ic\u00f4ne \u00ab\u00a0crayon\u00a0\u00bb sont modifiables.<\/p>\n\n\n\n<figure class=\"wp-block-image size-large\"><img decoding=\"async\" loading=\"lazy\" width=\"1024\" height=\"395\" src=\"https:\/\/rebub.u-bordeaux.fr\/wp-content\/uploads\/2025\/03\/requte11-1024x395.png\" alt=\"\" class=\"wp-image-23471\" srcset=\"https:\/\/rebub.u-bordeaux.fr\/wp-content\/uploads\/2025\/03\/requte11-1024x395.png 1024w, https:\/\/rebub.u-bordeaux.fr\/wp-content\/uploads\/2025\/03\/requte11-300x116.png 300w, https:\/\/rebub.u-bordeaux.fr\/wp-content\/uploads\/2025\/03\/requte11-768x296.png 768w, https:\/\/rebub.u-bordeaux.fr\/wp-content\/uploads\/2025\/03\/requte11-1536x593.png 1536w, https:\/\/rebub.u-bordeaux.fr\/wp-content\/uploads\/2025\/03\/requte11.png 1689w\" sizes=\"(max-width: 1024px) 100vw, 1024px\" \/><\/figure>\n\n\n\n<div class=\"is-layout-flex wp-container-10 wp-block-columns bord-bloc-reutilisable has-background\" style=\"background-color:#d9edf7\">\n<div class=\"is-layout-flow wp-block-column is-vertically-aligned-center\" style=\"font-size:15px;flex-basis:20%\">\n<p style=\"font-size:15px\"><strong>Date de publication<\/strong> <\/p>\n\n\n<div style=\"font-size:15px;\" class=\"wp-block-post-date\"><time datetime=\"2024-03-22T09:32:02+01:00\">22 mars 2024<\/time><\/div><\/div>\n\n\n\n<div class=\"is-layout-flow wp-block-column is-vertically-aligned-center\" style=\"font-size:15px;flex-basis:20%\">\n<p><strong>Mis \u00e0 jour le <\/strong><\/p>\n\n\n<div style=\"font-size:15px;\" class=\"wp-block-post-date\"><time datetime=\"2025-03-13T09:19:37+01:00\">13 mars 2025<\/time><\/div><\/div>\n\n\n\n<div class=\"is-layout-flow wp-block-column is-vertically-aligned-center\" style=\"font-size:15px;flex-basis:40%\">\n<p><\/p>\n\n\n\n<p><strong>Attention ! <\/strong>Certains \u00e9tablissements utilisent parfois de proc\u00e9dures compl\u00e9mentaires <\/p>\n<\/div>\n\n\n\n<div class=\"is-layout-flow wp-block-column is-vertically-aligned-center\" style=\"font-size:15px;flex-basis:25%\">\n<div class=\"is-horizontal is-content-justification-center is-layout-flex wp-container-8 wp-block-buttons alignfull has-custom-font-size\" style=\"font-size:16px\">\n<div class=\"wp-block-button has-custom-width wp-block-button__width-75 has-custom-font-size is-style-fill\" style=\"font-size:15px\"><a class=\"wp-block-button__link has-white-color has-text-color has-background wp-element-button\" href=\"mailto:scoop@u-bordeaux.fr\" style=\"border-radius:65px;background-color:#000000db\"><strong>Signaler une erreur<\/strong><\/a><\/div>\n<\/div>\n<\/div>\n<\/div>\n","protected":false},"excerpt":{"rendered":"<p>Table des mati\u00e8res[ Show ]Cr\u00e9er une requ\u00eateExporter les r\u00e9sultatsEnregistrer une requ\u00eateRetrouver une requ\u00eate enregistr\u00e9e et l&rsquo;ex\u00e9cuterDupliquer une requ\u00eate existanteCr\u00e9er une requ\u00eate Depuis la page d\u2019accueil, cliquer sur la recherche avanc\u00e9e\u00a0: Un formulaire s\u2019ouvre\u00a0: il s\u2019agit de combiner plusieurs items en&#8230;<\/p>\n","protected":false},"author":46,"featured_media":4793,"parent":18443,"menu_order":0,"comment_status":"closed","ping_status":"closed","template":"","meta":[],"post_mailing_queue_ids":[],"_links":{"self":[{"href":"http:\/\/rebub.u-bordeaux.fr\/index.php\/wp-json\/wp\/v2\/pages\/18457"}],"collection":[{"href":"http:\/\/rebub.u-bordeaux.fr\/index.php\/wp-json\/wp\/v2\/pages"}],"about":[{"href":"http:\/\/rebub.u-bordeaux.fr\/index.php\/wp-json\/wp\/v2\/types\/page"}],"author":[{"embeddable":true,"href":"http:\/\/rebub.u-bordeaux.fr\/index.php\/wp-json\/wp\/v2\/users\/46"}],"replies":[{"embeddable":true,"href":"http:\/\/rebub.u-bordeaux.fr\/index.php\/wp-json\/wp\/v2\/comments?post=18457"}],"version-history":[{"count":6,"href":"http:\/\/rebub.u-bordeaux.fr\/index.php\/wp-json\/wp\/v2\/pages\/18457\/revisions"}],"predecessor-version":[{"id":23472,"href":"http:\/\/rebub.u-bordeaux.fr\/index.php\/wp-json\/wp\/v2\/pages\/18457\/revisions\/23472"}],"up":[{"embeddable":true,"href":"http:\/\/rebub.u-bordeaux.fr\/index.php\/wp-json\/wp\/v2\/pages\/18443"}],"wp:featuredmedia":[{"embeddable":true,"href":"http:\/\/rebub.u-bordeaux.fr\/index.php\/wp-json\/wp\/v2\/media\/4793"}],"wp:attachment":[{"href":"http:\/\/rebub.u-bordeaux.fr\/index.php\/wp-json\/wp\/v2\/media?parent=18457"}],"curies":[{"name":"wp","href":"https:\/\/api.w.org\/{rel}","templated":true}]}}