	{"id":18501,"date":"2024-03-22T09:32:32","date_gmt":"2024-03-22T08:32:32","guid":{"rendered":"https:\/\/rebub.u-bordeaux.fr\/?page_id=18501"},"modified":"2025-02-03T11:25:27","modified_gmt":"2025-02-03T10:25:27","slug":"modifier-les-informations-dun-lecteur-exterieur","status":"publish","type":"page","link":"http:\/\/rebub.u-bordeaux.fr\/index.php\/alma\/procedures\/services-aux-usagers\/gestion-des-lecteurs\/modifier-les-informations-dun-lecteur-exterieur\/","title":{"rendered":"Modifier \/ Renouveler un lecteur ext\u00e9rieur"},"content":{"rendered":"<div id='wpig-floatingbar' class='wpig-floatingbar'><div id='wpig-switch-wrapper' class='wpig-switch-wrapper'><span id='wpig-floating-switch' class='wpig-floating-switch'><img src='http:\/\/rebub.u-bordeaux.fr\/wp-content\/plugins\/sticky-toc-advance-table-of-contents\/\\assets\\menu.png'><\/span><\/div><div id='wpig-contents' class='wpig-contents  wpig-sidebar-widget wpig-style-3'><span class='wpig-headline'>Table des mati\u00e8res<span><a data-action='show' class='wpig-btn-toggledisplay'>[ Show ]<\/a><\/span><\/span><!-- Table of Contents --><div id='wpig-table-of-content' class='wpig-table-of-content'><ol><li class='stoc-modifier-les-informations-dun-lecteur-exterieur'><a href='#stoc-modifier-les-informations-dun-lecteur-exterieur'>Modifier les informations d&rsquo;un lecteur ext\u00e9rieur<\/a><\/li><li class='stoc-renouveler-un-lecteur-exterieur'><a href='#stoc-renouveler-un-lecteur-exterieur'>Renouveler un lecteur ext\u00e9rieur<\/a><\/li><\/div><!-- END OF Table of Contents --><\/div><\/div><p><div id='wpig-contents' class='wpig-contents  wpig-sidebar-widget wpig-style-1'><span class='wpig-headline'>Table des mati\u00e8res<span><a data-action='show' class='wpig-btn-toggledisplay'>[ Show ]<\/a><\/span><\/span><!-- Table of Contents --><div id='wpig-table-of-content' class='wpig-table-of-content' ><ol><li class='stoc-modifier-les-informations-dun-lecteur-exterieur'><a href='#stoc-modifier-les-informations-dun-lecteur-exterieur'>Modifier les informations d&rsquo;un lecteur ext\u00e9rieur<\/a><\/li><li class='stoc-renouveler-un-lecteur-exterieur'><a href='#stoc-renouveler-un-lecteur-exterieur'>Renouveler un lecteur ext\u00e9rieur<\/a><\/li><\/div><!-- END OF Table of Contents --><\/div><\/p>\n<h2 id=\"stoc-modifier-les-informations-dun-lecteur-exterieur\" class=\"wpig-heading\">Modifier les informations d&rsquo;un lecteur ext\u00e9rieur<\/h2>\n\n\n\n<div class=\"is-layout-constrained wp-block-group bord-bloc-reutilisable\"><div class=\"wp-block-group__inner-container\">\n<div class=\"is-layout-flex wp-container-3 wp-block-columns alignfull bord-bloc-reutilisable has-background\" style=\"background-color:#ff303047\">\n<div class=\"is-layout-flow wp-block-column is-vertically-aligned-center\" style=\"flex-basis:7%\">\n<figure class=\"wp-block-image alignfull size-full\"><img decoding=\"async\" loading=\"lazy\" width=\"512\" height=\"512\" src=\"https:\/\/rebub.u-bordeaux.fr\/wp-content\/uploads\/2024\/04\/point-dexclamation.png\" alt=\"\" class=\"wp-image-19898\" srcset=\"https:\/\/rebub.u-bordeaux.fr\/wp-content\/uploads\/2024\/04\/point-dexclamation.png 512w, https:\/\/rebub.u-bordeaux.fr\/wp-content\/uploads\/2024\/04\/point-dexclamation-300x300.png 300w, https:\/\/rebub.u-bordeaux.fr\/wp-content\/uploads\/2024\/04\/point-dexclamation-150x150.png 150w\" sizes=\"(max-width: 512px) 100vw, 512px\" \/><\/figure>\n<\/div>\n\n\n\n<div class=\"is-layout-flow wp-block-column is-vertically-aligned-center\" style=\"flex-basis:85%\">\n<p><strong>Attention !<\/strong> Depuis la modification du programme de distribution des comptes ext\u00e9rieurs, il n&rsquo;est plus n\u00e9cessaire de changer la <strong>Cat\u00e9gorie. Modifiez <\/strong>le compte, <strong>enregistrez <\/strong>et les modifications seront <strong>imm\u00e9diatement<\/strong> r\u00e9pliqu\u00e9es sur les autres institutions.<\/p>\n<\/div>\n<\/div>\n<\/div><\/div>\n\n\n\n<p>Cliquer sur le bouton \u00ab\u00a0Enregistrer\u00a0\u00bb :<\/p>\n\n\n<div class=\"wp-block-image\">\n<figure class=\"aligncenter\"><a href=\"http:\/\/rebub.u-bordeaux.fr\/wp-content\/uploads\/2019\/01\/Lecteur-exterieur_cat\u00e9gorie-lecteur-ext\u00e9rieur.png\" target=\"_blank\" rel=\"noopener noreferrer\"><img decoding=\"async\" loading=\"lazy\" width=\"1878\" height=\"1004\" src=\"http:\/\/rebub.u-bordeaux.fr\/wp-content\/uploads\/2019\/01\/Lecteur-exterieur_cat\u00e9gorie-lecteur-ext\u00e9rieur.png\" alt=\"\" class=\"wp-image-5399\" srcset=\"https:\/\/rebub.u-bordeaux.fr\/wp-content\/uploads\/2019\/01\/Lecteur-exterieur_cat\u00e9gorie-lecteur-ext\u00e9rieur.png 1878w, https:\/\/rebub.u-bordeaux.fr\/wp-content\/uploads\/2019\/01\/Lecteur-exterieur_cat\u00e9gorie-lecteur-ext\u00e9rieur-300x160.png 300w, https:\/\/rebub.u-bordeaux.fr\/wp-content\/uploads\/2019\/01\/Lecteur-exterieur_cat\u00e9gorie-lecteur-ext\u00e9rieur-768x411.png 768w, https:\/\/rebub.u-bordeaux.fr\/wp-content\/uploads\/2019\/01\/Lecteur-exterieur_cat\u00e9gorie-lecteur-ext\u00e9rieur-1024x547.png 1024w\" sizes=\"(max-width: 1878px) 100vw, 1878px\" \/><\/a><\/figure><\/div>\n\n\n<h2 id=\"stoc-renouveler-un-lecteur-exterieur\" class=\"wpig-heading\">Renouveler un lecteur ext\u00e9rieur<\/h2>\n\n\n\n<p>Dans le cas d\u2019un renouvellement d\u2019abonnement d\u2019un lecteur ext\u00e9rieur, il faut modifier la date d\u2019expiration du compte.<\/p>\n\n\n\n<p>Depuis la fiche du lecteur, cliquer le nom du lecteur pour ouvrir son compte :<\/p>\n\n\n\n<figure class=\"wp-block-image size-large\"><img decoding=\"async\" loading=\"lazy\" width=\"1024\" height=\"418\" src=\"https:\/\/rebub.u-bordeaux.fr\/wp-content\/uploads\/2025\/02\/Inscription-lecteur_bouton-modifier-les-informations-utilisateur-1024x418.jpg\" alt=\"\" class=\"wp-image-23139\" srcset=\"https:\/\/rebub.u-bordeaux.fr\/wp-content\/uploads\/2025\/02\/Inscription-lecteur_bouton-modifier-les-informations-utilisateur-1024x418.jpg 1024w, https:\/\/rebub.u-bordeaux.fr\/wp-content\/uploads\/2025\/02\/Inscription-lecteur_bouton-modifier-les-informations-utilisateur-300x122.jpg 300w, https:\/\/rebub.u-bordeaux.fr\/wp-content\/uploads\/2025\/02\/Inscription-lecteur_bouton-modifier-les-informations-utilisateur-768x314.jpg 768w, https:\/\/rebub.u-bordeaux.fr\/wp-content\/uploads\/2025\/02\/Inscription-lecteur_bouton-modifier-les-informations-utilisateur.jpg 1254w\" sizes=\"(max-width: 1024px) 100vw, 1024px\" \/><\/figure>\n\n\n\n<p>Un onglet s\u2019ouvre sur le d\u00e9tail du compte du lecteur.<\/p>\n\n\n\n<p>Dans le champ \u00ab&nbsp;Date d\u2019expiration&nbsp;\u00bb, modifier la date en ajoutant 1 an \u00e0 partir de la date du jour.<\/p>\n\n\n\n<figure class=\"wp-block-image\"><a href=\"http:\/\/rebub.u-bordeaux.fr\/wp-content\/uploads\/2020\/02\/Date_Expiration.png\" target=\"_blank\" rel=\"noopener noreferrer\"><img decoding=\"async\" loading=\"lazy\" width=\"759\" height=\"616\" src=\"http:\/\/rebub.u-bordeaux.fr\/wp-content\/uploads\/2020\/02\/Date_Expiration.png\" alt=\"\" class=\"wp-image-7765\" srcset=\"https:\/\/rebub.u-bordeaux.fr\/wp-content\/uploads\/2020\/02\/Date_Expiration.png 759w, https:\/\/rebub.u-bordeaux.fr\/wp-content\/uploads\/2020\/02\/Date_Expiration-300x243.png 300w\" sizes=\"(max-width: 759px) 100vw, 759px\" \/><\/a><\/figure>\n\n\n\n<p>Une fois la date modifi\u00e9e, cliquer sur le bouton \u00ab&nbsp;Mettre \u00e0 jour l\u2019usager&nbsp;\u00bb pour enregistrer le lecteur :<\/p>\n\n\n\n<figure class=\"wp-block-image\"><a href=\"http:\/\/rebub.u-bordeaux.fr\/wp-content\/uploads\/2020\/02\/Mettre_A_Jour_Usager.png\" target=\"_blank\" rel=\"noopener noreferrer\"><img decoding=\"async\" loading=\"lazy\" width=\"1024\" height=\"226\" src=\"http:\/\/rebub.u-bordeaux.fr\/wp-content\/uploads\/2020\/02\/Mettre_A_Jour_Usager.png\" alt=\"\" class=\"wp-image-7766\" srcset=\"https:\/\/rebub.u-bordeaux.fr\/wp-content\/uploads\/2020\/02\/Mettre_A_Jour_Usager.png 1024w, https:\/\/rebub.u-bordeaux.fr\/wp-content\/uploads\/2020\/02\/Mettre_A_Jour_Usager-300x66.png 300w, https:\/\/rebub.u-bordeaux.fr\/wp-content\/uploads\/2020\/02\/Mettre_A_Jour_Usager-768x170.png 768w\" sizes=\"(max-width: 1024px) 100vw, 1024px\" \/><\/a><\/figure>\n\n\n\n<div class=\"is-layout-flex wp-container-10 wp-block-columns bord-bloc-reutilisable has-background\" style=\"background-color:#d9edf7\">\n<div class=\"is-layout-flow wp-block-column is-vertically-aligned-center\" style=\"font-size:15px;flex-basis:20%\">\n<p style=\"font-size:15px\"><strong>Date de publication<\/strong> <\/p>\n\n\n<div style=\"font-size:15px;\" class=\"wp-block-post-date\"><time datetime=\"2024-03-22T09:32:32+01:00\">22 mars 2024<\/time><\/div><\/div>\n\n\n\n<div class=\"is-layout-flow wp-block-column is-vertically-aligned-center\" style=\"font-size:15px;flex-basis:20%\">\n<p><strong>Mis \u00e0 jour le <\/strong><\/p>\n\n\n<div style=\"font-size:15px;\" class=\"wp-block-post-date\"><time datetime=\"2025-02-03T11:25:27+01:00\">3 f\u00e9vrier 2025<\/time><\/div><\/div>\n\n\n\n<div class=\"is-layout-flow wp-block-column is-vertically-aligned-center\" style=\"font-size:15px;flex-basis:40%\">\n<p><\/p>\n\n\n\n<p><strong>Attention ! <\/strong>Certains \u00e9tablissements utilisent parfois de proc\u00e9dures compl\u00e9mentaires <\/p>\n<\/div>\n\n\n\n<div class=\"is-layout-flow wp-block-column is-vertically-aligned-center\" style=\"font-size:15px;flex-basis:25%\">\n<div class=\"is-horizontal is-content-justification-center is-layout-flex wp-container-8 wp-block-buttons alignfull has-custom-font-size\" style=\"font-size:16px\">\n<div class=\"wp-block-button has-custom-width wp-block-button__width-75 has-custom-font-size is-style-fill\" style=\"font-size:15px\"><a class=\"wp-block-button__link has-white-color has-text-color has-background wp-element-button\" href=\"mailto:scoop@u-bordeaux.fr\" style=\"border-radius:65px;background-color:#000000db\"><strong>Signaler une erreur<\/strong><\/a><\/div>\n<\/div>\n<\/div>\n<\/div>\n","protected":false},"excerpt":{"rendered":"<p>Table des mati\u00e8res[ Show ]Modifier les informations d&rsquo;un lecteur ext\u00e9rieurRenouveler un lecteur ext\u00e9rieurModifier les informations d&rsquo;un lecteur ext\u00e9rieur Attention ! Depuis la modification du programme de distribution des comptes ext\u00e9rieurs, il n&rsquo;est plus n\u00e9cessaire de changer la Cat\u00e9gorie. Modifiez le&#8230;<\/p>\n","protected":false},"author":46,"featured_media":0,"parent":18469,"menu_order":4,"comment_status":"closed","ping_status":"closed","template":"","meta":[],"post_mailing_queue_ids":[],"_links":{"self":[{"href":"http:\/\/rebub.u-bordeaux.fr\/index.php\/wp-json\/wp\/v2\/pages\/18501"}],"collection":[{"href":"http:\/\/rebub.u-bordeaux.fr\/index.php\/wp-json\/wp\/v2\/pages"}],"about":[{"href":"http:\/\/rebub.u-bordeaux.fr\/index.php\/wp-json\/wp\/v2\/types\/page"}],"author":[{"embeddable":true,"href":"http:\/\/rebub.u-bordeaux.fr\/index.php\/wp-json\/wp\/v2\/users\/46"}],"replies":[{"embeddable":true,"href":"http:\/\/rebub.u-bordeaux.fr\/index.php\/wp-json\/wp\/v2\/comments?post=18501"}],"version-history":[{"count":4,"href":"http:\/\/rebub.u-bordeaux.fr\/index.php\/wp-json\/wp\/v2\/pages\/18501\/revisions"}],"predecessor-version":[{"id":23159,"href":"http:\/\/rebub.u-bordeaux.fr\/index.php\/wp-json\/wp\/v2\/pages\/18501\/revisions\/23159"}],"up":[{"embeddable":true,"href":"http:\/\/rebub.u-bordeaux.fr\/index.php\/wp-json\/wp\/v2\/pages\/18469"}],"wp:attachment":[{"href":"http:\/\/rebub.u-bordeaux.fr\/index.php\/wp-json\/wp\/v2\/media?parent=18501"}],"curies":[{"name":"wp","href":"https:\/\/api.w.org\/{rel}","templated":true}]}}