	{"id":18546,"date":"2024-03-22T09:32:56","date_gmt":"2024-03-22T08:32:56","guid":{"rendered":"https:\/\/rebub.u-bordeaux.fr\/?page_id=18546"},"modified":"2024-04-22T12:14:59","modified_gmt":"2024-04-22T10:14:59","slug":"circuit-des-notices","status":"publish","type":"page","link":"http:\/\/rebub.u-bordeaux.fr\/index.php\/alma\/procedures\/gestion-des-ressources\/circuits-et-architecture-des-donnees\/circuit-des-notices\/","title":{"rendered":"Du SUDOC \u00e0 Babord + : circuit des notices bibliographiques"},"content":{"rendered":"<div id='wpig-floatingbar' class='wpig-floatingbar'><div id='wpig-switch-wrapper' class='wpig-switch-wrapper'><span id='wpig-floating-switch' class='wpig-floating-switch'><img src='http:\/\/rebub.u-bordeaux.fr\/wp-content\/plugins\/sticky-toc-advance-table-of-contents\/\\assets\\menu.png'><\/span><\/div><div id='wpig-contents' class='wpig-contents  wpig-sidebar-widget wpig-style-3'><span class='wpig-headline'>Table des mati\u00e8res<span><a data-action='show' class='wpig-btn-toggledisplay'>[ Show ]<\/a><\/span><\/span><!-- Table of Contents --><div id='wpig-table-of-content' class='wpig-table-of-content'><ol><li class='stoc-ajout-ou-mise-a-jour-dune-notice'><a href='#stoc-ajout-ou-mise-a-jour-dune-notice'>Ajout ou mise \u00e0 jour d&rsquo;une notice<\/a><\/li><li class='stoc-suppression-dune-notice'><a href='#stoc-suppression-dune-notice'>Suppression d&rsquo;une notice<\/a><ol><li class='stoc-suppression-de-la-notice-a-lissue-de-la-suppression-du-dernier-inventaire-lie'><a href='#stoc-suppression-de-la-notice-a-lissue-de-la-suppression-du-dernier-inventaire-lie'>Suppression de la notice \u00e0 l&rsquo;issue de la suppression du dernier inventaire li\u00e9<\/a><\/li><li class='stoc-suppression-dune-notice-depuis-lediteur-de-metadonnees'><a href='#stoc-suppression-dune-notice-depuis-lediteur-de-metadonnees'>Suppression d&rsquo;une notice depuis l&rsquo;\u00e9diteur de m\u00e9tadonn\u00e9es <\/a><\/li><\/ol><\/li><\/div><!-- END OF Table of Contents --><\/div><\/div><p><div id='wpig-contents' class='wpig-contents  wpig-sidebar-widget wpig-style-1'><span class='wpig-headline'>Table des mati\u00e8res<span><a data-action='show' class='wpig-btn-toggledisplay'>[ Show ]<\/a><\/span><\/span><!-- Table of Contents --><div id='wpig-table-of-content' class='wpig-table-of-content' ><ol><li class='stoc-ajout-ou-mise-a-jour-dune-notice'><a href='#stoc-ajout-ou-mise-a-jour-dune-notice'>Ajout ou mise \u00e0 jour d&rsquo;une notice<\/a><\/li><li class='stoc-suppression-dune-notice'><a href='#stoc-suppression-dune-notice'>Suppression d&rsquo;une notice<\/a><ol><li class='stoc-suppression-de-la-notice-a-lissue-de-la-suppression-du-dernier-inventaire-lie'><a href='#stoc-suppression-de-la-notice-a-lissue-de-la-suppression-du-dernier-inventaire-lie'>Suppression de la notice \u00e0 l&rsquo;issue de la suppression du dernier inventaire li\u00e9<\/a><\/li><li class='stoc-suppression-dune-notice-depuis-lediteur-de-metadonnees'><a href='#stoc-suppression-dune-notice-depuis-lediteur-de-metadonnees'>Suppression d&rsquo;une notice depuis l&rsquo;\u00e9diteur de m\u00e9tadonn\u00e9es <\/a><\/li><\/ol><\/li><\/div><!-- END OF Table of Contents --><\/div><\/p>\n<p>Dans le r\u00e9seau bordelais chaque institution dispose de sa propre instance Alma dans laquelle elle g\u00e8re l&rsquo;inventaire de ses collections, ses budgets et ses commandes. <\/p>\n\n\n\n<p>De leur c\u00f4t\u00e9, les notices bibliographiques sont g\u00e9r\u00e9es dans la zone r\u00e9seau mais accessibles depuis les institutions.<\/p>\n\n\n\n<p>La publication des notices est r\u00e9alis\u00e9e depuis la zone r\u00e9seau et est enrichie des informations d&rsquo;inventaire et des donn\u00e9es locales des institutions.<\/p>\n\n\n<div class=\"wp-block-image\">\n<figure class=\"aligncenter size-large is-resized\"><a href=\"http:\/\/rebub.u-bordeaux.fr\/wp-content\/uploads\/2020\/04\/Publication-Alma-Primo.png\" target=\"_blank\" rel=\"noreferrer noopener\"><img decoding=\"async\" loading=\"lazy\" src=\"http:\/\/rebub.u-bordeaux.fr\/wp-content\/uploads\/2020\/04\/Publication-Alma-Primo.png\" alt=\"\" class=\"wp-image-8711\" width=\"580\" height=\"375\" srcset=\"https:\/\/rebub.u-bordeaux.fr\/wp-content\/uploads\/2020\/04\/Publication-Alma-Primo.png 697w, https:\/\/rebub.u-bordeaux.fr\/wp-content\/uploads\/2020\/04\/Publication-Alma-Primo-300x194.png 300w\" sizes=\"(max-width: 580px) 100vw, 580px\" \/><\/a><\/figure><\/div>\n\n\n<p>Les notices sont publi\u00e9es vers Babord + en cas :<\/p>\n\n\n\n<ul>\n<li>D&rsquo;ajout, modification ou suppression d&rsquo;une notice bibliographique.<\/li>\n\n\n\n<li>D&rsquo;ajout, suppression d&rsquo;un inventaire physique.<\/li>\n\n\n\n<li>D&rsquo;ajout, suppression d&rsquo;un inventaire \u00e9lectronique.<\/li>\n<\/ul>\n\n\n\n<h2 id=\"stoc-ajout-ou-mise-a-jour-dune-notice\" class=\"wpig-heading\">Ajout ou mise \u00e0 jour d&rsquo;une notice<\/h2>\n\n\n\n<figure class=\"wp-block-image size-large\"><a href=\"http:\/\/rebub.u-bordeaux.fr\/wp-content\/uploads\/2020\/04\/TimeLineNoticesSudoc1.png\" target=\"_blank\" rel=\"noreferrer noopener\"><img decoding=\"async\" loading=\"lazy\" width=\"1024\" height=\"479\" src=\"http:\/\/rebub.u-bordeaux.fr\/wp-content\/uploads\/2020\/04\/TimeLineNoticesSudoc1-1024x479.png\" alt=\"\" class=\"wp-image-8707\" srcset=\"https:\/\/rebub.u-bordeaux.fr\/wp-content\/uploads\/2020\/04\/TimeLineNoticesSudoc1-1024x479.png 1024w, https:\/\/rebub.u-bordeaux.fr\/wp-content\/uploads\/2020\/04\/TimeLineNoticesSudoc1-300x140.png 300w, https:\/\/rebub.u-bordeaux.fr\/wp-content\/uploads\/2020\/04\/TimeLineNoticesSudoc1-768x359.png 768w, https:\/\/rebub.u-bordeaux.fr\/wp-content\/uploads\/2020\/04\/TimeLineNoticesSudoc1.png 1071w\" sizes=\"(max-width: 1024px) 100vw, 1024px\" \/><\/a><figcaption class=\"wp-element-caption\"> Ce sch\u00e9ma illustre le parcours d&rsquo;une notice depuis le catalogage d&rsquo;un document dans le Sudoc jusqu&rsquo;\u00e0 la visibilit\u00e9 de la notice dans Babord +. <br><\/figcaption><\/figure>\n\n\n\n<h2 id=\"stoc-suppression-dune-notice\" class=\"wpig-heading\">Suppression d&rsquo;une notice<\/h2>\n\n\n\n<p>Le d\u00e9lai entre la suppression de la notice dans Alma et la suppression effective de la notice dans Babord + va d\u00e9pendre du contexte dans lequel la notice a \u00e9t\u00e9 supprim\u00e9e.<\/p>\n\n\n\n<h3 id=\"stoc-suppression-de-la-notice-a-lissue-de-la-suppression-du-dernier-inventaire-lie\" class=\"wpig-heading\">Suppression de la notice \u00e0 l&rsquo;issue de la suppression du dernier inventaire li\u00e9<\/h3>\n\n\n\n<p>Lorsque vous supprimez le dernier exemplaire ou portfolio de votre institution li\u00e9 \u00e0 une notice bibliographique, cette derni\u00e8re est supprim\u00e9e de votre institution Alma mais est toujours pr\u00e9sente dans la zone r\u00e9seau. En effet, rien n&rsquo;a \u00e9t\u00e9 pr\u00e9vu dans Alma pour s&rsquo;assurer qu&rsquo;aucune autre institution n&rsquo;est li\u00e9e \u00e0 la notice et que cette derni\u00e8re peut d\u00e9finitivement \u00eatre supprim\u00e9e.<\/p>\n\n\n\n<figure class=\"wp-block-image size-large\"><a href=\"http:\/\/rebub.u-bordeaux.fr\/wp-content\/uploads\/2020\/04\/TimeLineSuppressionNoticesInventaires.png\" target=\"_blank\" rel=\"noreferrer noopener\"><img decoding=\"async\" loading=\"lazy\" width=\"1024\" height=\"570\" src=\"http:\/\/rebub.u-bordeaux.fr\/wp-content\/uploads\/2020\/04\/TimeLineSuppressionNoticesInventaires-1024x570.png\" alt=\"\" class=\"wp-image-8708\" srcset=\"https:\/\/rebub.u-bordeaux.fr\/wp-content\/uploads\/2020\/04\/TimeLineSuppressionNoticesInventaires-1024x570.png 1024w, https:\/\/rebub.u-bordeaux.fr\/wp-content\/uploads\/2020\/04\/TimeLineSuppressionNoticesInventaires-300x167.png 300w, https:\/\/rebub.u-bordeaux.fr\/wp-content\/uploads\/2020\/04\/TimeLineSuppressionNoticesInventaires-768x428.png 768w, https:\/\/rebub.u-bordeaux.fr\/wp-content\/uploads\/2020\/04\/TimeLineSuppressionNoticesInventaires.png 1061w\" sizes=\"(max-width: 1024px) 100vw, 1024px\" \/><\/a><figcaption class=\"wp-element-caption\"> Suppression de la notice \u00e0 l&rsquo;issue de la suppression du dernier inventaire li\u00e9. <\/figcaption><\/figure>\n\n\n\n<p>Le Scoop a donc mis en place un traitement qui supprime chaque dimanche toutes les notices pr\u00e9sentes dans la zone r\u00e9seau n&rsquo;ayant plus aucun lien avec les institutions.  Il peut donc y avoir un d\u00e9lai d&rsquo;une semaine entre la suppression de la notice et sa disparition de Babord +.<\/p>\n\n\n\n<h3 id=\"stoc-suppression-dune-notice-depuis-lediteur-de-metadonnees\" class=\"wpig-heading\">Suppression d&rsquo;une notice depuis l&rsquo;\u00e9diteur de m\u00e9tadonn\u00e9es <\/h3>\n\n\n\n<p>Lorsque vous supprimez une notice depuis l&rsquo;\u00e9diteur de m\u00e9tadonn\u00e9es cette derni\u00e8re est directement supprim\u00e9e de la zone r\u00e9seau si aucune autre institution ne poss\u00e8de un inventaire li\u00e9. <\/p>\n\n\n\n<figure class=\"wp-block-image size-large\"><a href=\"http:\/\/rebub.u-bordeaux.fr\/wp-content\/uploads\/2020\/04\/TimeLineSuppressionNotices.png\" target=\"_blank\" rel=\"noreferrer noopener\"><img decoding=\"async\" loading=\"lazy\" width=\"1024\" height=\"570\" src=\"http:\/\/rebub.u-bordeaux.fr\/wp-content\/uploads\/2020\/04\/TimeLineSuppressionNotices-1024x570.png\" alt=\"\" class=\"wp-image-8709\" srcset=\"https:\/\/rebub.u-bordeaux.fr\/wp-content\/uploads\/2020\/04\/TimeLineSuppressionNotices-1024x570.png 1024w, https:\/\/rebub.u-bordeaux.fr\/wp-content\/uploads\/2020\/04\/TimeLineSuppressionNotices-300x167.png 300w, https:\/\/rebub.u-bordeaux.fr\/wp-content\/uploads\/2020\/04\/TimeLineSuppressionNotices-768x428.png 768w, https:\/\/rebub.u-bordeaux.fr\/wp-content\/uploads\/2020\/04\/TimeLineSuppressionNotices.png 1061w\" sizes=\"(max-width: 1024px) 100vw, 1024px\" \/><\/a><figcaption class=\"wp-element-caption\"> Suppression d&rsquo;une notice depuis l&rsquo;\u00e9diteur de m\u00e9tadonn\u00e9e. <\/figcaption><\/figure>\n\n\n\n<div class=\"is-layout-flex wp-container-6 wp-block-columns bord-bloc-reutilisable has-background\" style=\"background-color:#d9edf7\">\n<div class=\"is-layout-flow wp-block-column is-vertically-aligned-center\" style=\"font-size:15px;flex-basis:20%\">\n<p style=\"font-size:15px\"><strong>Date de publication<\/strong> <\/p>\n\n\n<div style=\"font-size:15px;\" class=\"wp-block-post-date\"><time datetime=\"2024-03-22T09:32:56+01:00\">22 mars 2024<\/time><\/div><\/div>\n\n\n\n<div class=\"is-layout-flow wp-block-column is-vertically-aligned-center\" style=\"font-size:15px;flex-basis:20%\">\n<p><strong>Mis \u00e0 jour le <\/strong><\/p>\n\n\n<div style=\"font-size:15px;\" class=\"wp-block-post-date\"><time datetime=\"2024-04-22T12:14:59+02:00\">22 avril 2024<\/time><\/div><\/div>\n\n\n\n<div class=\"is-layout-flow wp-block-column is-vertically-aligned-center\" style=\"font-size:15px;flex-basis:40%\">\n<p><\/p>\n\n\n\n<p><strong>Attention ! <\/strong>Certains \u00e9tablissements utilisent parfois de proc\u00e9dures compl\u00e9mentaires <\/p>\n<\/div>\n\n\n\n<div class=\"is-layout-flow wp-block-column is-vertically-aligned-center\" style=\"font-size:15px;flex-basis:25%\">\n<div class=\"is-horizontal is-content-justification-center is-layout-flex wp-container-4 wp-block-buttons alignfull has-custom-font-size\" style=\"font-size:16px\">\n<div class=\"wp-block-button has-custom-width wp-block-button__width-75 has-custom-font-size is-style-fill\" style=\"font-size:15px\"><a class=\"wp-block-button__link has-white-color has-text-color has-background wp-element-button\" href=\"mailto:scoop@u-bordeaux.fr\" style=\"border-radius:65px;background-color:#000000db\"><strong>Signaler une erreur<\/strong><\/a><\/div>\n<\/div>\n<\/div>\n<\/div>\n","protected":false},"excerpt":{"rendered":"<p>Table des mati\u00e8res[ Show ]Ajout ou mise \u00e0 jour d&rsquo;une noticeSuppression d&rsquo;une noticeSuppression de la notice \u00e0 l&rsquo;issue de la suppression du dernier inventaire li\u00e9Suppression d&rsquo;une notice depuis l&rsquo;\u00e9diteur de m\u00e9tadonn\u00e9es Dans le r\u00e9seau bordelais chaque institution dispose de sa&#8230;<\/p>\n","protected":false},"author":2,"featured_media":4793,"parent":18538,"menu_order":1,"comment_status":"closed","ping_status":"closed","template":"","meta":[],"post_mailing_queue_ids":[],"_links":{"self":[{"href":"http:\/\/rebub.u-bordeaux.fr\/index.php\/wp-json\/wp\/v2\/pages\/18546"}],"collection":[{"href":"http:\/\/rebub.u-bordeaux.fr\/index.php\/wp-json\/wp\/v2\/pages"}],"about":[{"href":"http:\/\/rebub.u-bordeaux.fr\/index.php\/wp-json\/wp\/v2\/types\/page"}],"author":[{"embeddable":true,"href":"http:\/\/rebub.u-bordeaux.fr\/index.php\/wp-json\/wp\/v2\/users\/2"}],"replies":[{"embeddable":true,"href":"http:\/\/rebub.u-bordeaux.fr\/index.php\/wp-json\/wp\/v2\/comments?post=18546"}],"version-history":[{"count":3,"href":"http:\/\/rebub.u-bordeaux.fr\/index.php\/wp-json\/wp\/v2\/pages\/18546\/revisions"}],"predecessor-version":[{"id":20325,"href":"http:\/\/rebub.u-bordeaux.fr\/index.php\/wp-json\/wp\/v2\/pages\/18546\/revisions\/20325"}],"up":[{"embeddable":true,"href":"http:\/\/rebub.u-bordeaux.fr\/index.php\/wp-json\/wp\/v2\/pages\/18538"}],"wp:featuredmedia":[{"embeddable":true,"href":"http:\/\/rebub.u-bordeaux.fr\/index.php\/wp-json\/wp\/v2\/media\/4793"}],"wp:attachment":[{"href":"http:\/\/rebub.u-bordeaux.fr\/index.php\/wp-json\/wp\/v2\/media?parent=18546"}],"curies":[{"name":"wp","href":"https:\/\/api.w.org\/{rel}","templated":true}]}}