	{"id":18592,"date":"2024-03-22T09:33:20","date_gmt":"2024-03-22T08:33:20","guid":{"rendered":"https:\/\/rebub.u-bordeaux.fr\/?page_id=18592"},"modified":"2026-02-06T15:36:52","modified_gmt":"2026-02-06T14:36:52","slug":"suivre-et-mettre-fin-a-un-traitement-interne-sur-un-exemplaire","status":"publish","type":"page","link":"http:\/\/rebub.u-bordeaux.fr\/index.php\/alma\/procedures\/gestion-des-ressources\/les-traitements-internes\/suivre-et-mettre-fin-a-un-traitement-interne-sur-un-exemplaire\/","title":{"rendered":"Suivre et mettre fin \u00e0 un traitement interne sur un exemplaire"},"content":{"rendered":"<div id='wpig-floatingbar' class='wpig-floatingbar'><div id='wpig-switch-wrapper' class='wpig-switch-wrapper'><span id='wpig-floating-switch' class='wpig-floating-switch'><img src='http:\/\/rebub.u-bordeaux.fr\/wp-content\/plugins\/sticky-toc-advance-table-of-contents\/\\assets\\menu.png'><\/span><\/div><div id='wpig-contents' class='wpig-contents  wpig-sidebar-widget wpig-style-3'><span class='wpig-headline'>Table des mati\u00e8res<span><a data-action='show' class='wpig-btn-toggledisplay'>[ Show ]<\/a><\/span><\/span><!-- Table of Contents --><div id='wpig-table-of-content' class='wpig-table-of-content'><ol><li class='stoc-suivre-les-documents-en-traitement-dans-une-bibliotheque'><a href='#stoc-suivre-les-documents-en-traitement-dans-une-bibliotheque'>Suivre les documents en traitement dans une biblioth\u00e8que<\/a><ol><li class='stoc-depuis-la-page-scanner-les-exemplaires'><a href='#stoc-depuis-la-page-scanner-les-exemplaires'>Depuis la page Scanner les exemplaires<\/a><\/li><li class='stoc-depuis-la-page-gerer-les-exemplaires-en-cours-de-traitement'><a href='#stoc-depuis-la-page-gerer-les-exemplaires-en-cours-de-traitement'>Depuis la page G\u00e9rer les exemplaires en cours de traitement<\/a><\/li><\/ol><\/li><\/div><!-- END OF Table of Contents --><\/div><\/div><p><div id='wpig-contents' class='wpig-contents  wpig-sidebar-widget wpig-style-1'><span class='wpig-headline'>Table des mati\u00e8res<span><a data-action='show' class='wpig-btn-toggledisplay'>[ Show ]<\/a><\/span><\/span><!-- Table of Contents --><div id='wpig-table-of-content' class='wpig-table-of-content' ><ol><li class='stoc-suivre-les-documents-en-traitement-dans-une-bibliotheque'><a href='#stoc-suivre-les-documents-en-traitement-dans-une-bibliotheque'>Suivre les documents en traitement dans une biblioth\u00e8que<\/a><ol><li class='stoc-depuis-la-page-scanner-les-exemplaires'><a href='#stoc-depuis-la-page-scanner-les-exemplaires'>Depuis la page Scanner les exemplaires<\/a><\/li><li class='stoc-depuis-la-page-gerer-les-exemplaires-en-cours-de-traitement'><a href='#stoc-depuis-la-page-gerer-les-exemplaires-en-cours-de-traitement'>Depuis la page G\u00e9rer les exemplaires en cours de traitement<\/a><\/li><\/ol><\/li><\/div><!-- END OF Table of Contents --><\/div><\/p>\n<div class=\"is-layout-flex wp-container-3 wp-block-columns bord-bloc-reutilisable has-background\" style=\"background-color:#ffeec2\">\n<div class=\"is-layout-flow wp-block-column is-vertically-aligned-center\" style=\"flex-basis:7%\">\n<figure class=\"wp-block-image alignfull size-full is-style-default\"><img decoding=\"async\" loading=\"lazy\" width=\"512\" height=\"512\" src=\"https:\/\/rebub.u-bordeaux.fr\/wp-content\/uploads\/2024\/04\/nouvelles-idees-en-cours.png\" alt=\"\" class=\"wp-image-19897\" srcset=\"https:\/\/rebub.u-bordeaux.fr\/wp-content\/uploads\/2024\/04\/nouvelles-idees-en-cours.png 512w, https:\/\/rebub.u-bordeaux.fr\/wp-content\/uploads\/2024\/04\/nouvelles-idees-en-cours-300x300.png 300w, https:\/\/rebub.u-bordeaux.fr\/wp-content\/uploads\/2024\/04\/nouvelles-idees-en-cours-150x150.png 150w\" sizes=\"(max-width: 512px) 100vw, 512px\" \/><\/figure>\n<\/div>\n\n\n\n<div class=\"is-layout-flow wp-block-column is-vertically-aligned-center\" style=\"flex-basis:85%\">\n<p><strong>Note<\/strong> : Ce mode d&#8217;emploi est le m\u00eame quelque soit le type de traitement interne que l&rsquo;on applique \u00e0 un exemplaire : traitement interne, quarantaine, reliure, etc. <\/p>\n<\/div>\n<\/div>\n\n\n\n<div class=\"is-layout-flex wp-container-7 wp-block-columns bord-bloc-reutilisable has-background\" style=\"background-color:#ff303047\">\n<div class=\"is-layout-flow wp-block-column is-vertically-aligned-center\" style=\"flex-basis:7%\">\n<figure class=\"wp-block-image alignfull size-full\"><img decoding=\"async\" loading=\"lazy\" width=\"512\" height=\"512\" src=\"https:\/\/rebub.u-bordeaux.fr\/wp-content\/uploads\/2024\/04\/point-dexclamation.png\" alt=\"\" class=\"wp-image-19898\" srcset=\"https:\/\/rebub.u-bordeaux.fr\/wp-content\/uploads\/2024\/04\/point-dexclamation.png 512w, https:\/\/rebub.u-bordeaux.fr\/wp-content\/uploads\/2024\/04\/point-dexclamation-300x300.png 300w, https:\/\/rebub.u-bordeaux.fr\/wp-content\/uploads\/2024\/04\/point-dexclamation-150x150.png 150w\" sizes=\"(max-width: 512px) 100vw, 512px\" \/><\/figure>\n<\/div>\n\n\n\n<div class=\"is-layout-flow wp-block-column is-vertically-aligned-center\" style=\"flex-basis:52%\">\n<p class=\"has-text-align-left\"><strong>Attention !<\/strong> Avant toute op\u00e9ration, v\u00e9rifier que l&rsquo;on est localis\u00e9 \u00e0 un bureau de pr\u00eat de la biblioth\u00e8que dans laquelle vous vous trouvez.<br>Cliquer sur l&rsquo;ic\u00f4ne <img decoding=\"async\" style=\"width: 27px;\" src=\"http:\/\/rebub.u-bordeaux.fr\/wp-content\/uploads\/2018\/06\/Icone-localisation.png\" alt=\"\"> dans la barre de navigation principale d&rsquo;Alma et choisir son bureau de pr\u00eat.<br>Si l&rsquo;on coche le bouton \u00ab\u00a0Toujours afficher la localisation actuelle\u00a0\u00bb, la localisation appara\u00eet toujours sur la barre de navigation principale \u00e0 la place du bouton <img decoding=\"async\" src=\"http:\/\/rebub.u-bordeaux.fr\/wp-content\/uploads\/2018\/06\/Icone-localisation.png\" alt=\"\" style=\"width: 27px;\"><br><\/p>\n<\/div>\n\n\n\n<div class=\"is-layout-flow wp-block-column is-vertically-aligned-center\"><div class=\"wp-block-image\">\n<figure class=\"aligncenter size-full is-resized\"><img decoding=\"async\" loading=\"lazy\" src=\"https:\/\/rebub.u-bordeaux.fr\/wp-content\/uploads\/2024\/04\/Localisation-1.png\" alt=\"\" class=\"wp-image-20156\" width=\"255\" height=\"208\" srcset=\"https:\/\/rebub.u-bordeaux.fr\/wp-content\/uploads\/2024\/04\/Localisation-1.png 329w, https:\/\/rebub.u-bordeaux.fr\/wp-content\/uploads\/2024\/04\/Localisation-1-300x245.png 300w\" sizes=\"(max-width: 255px) 100vw, 255px\" \/><\/figure><\/div><\/div>\n<\/div>\n\n\n\n<h2 id=\"stoc-suivre-les-documents-en-traitement-dans-une-bibliotheque\" class=\"wpig-heading\">Suivre les documents en traitement dans une biblioth\u00e8que<\/h2>\n\n\n\n<p>Apr\u00e8s s&rsquo;\u00eatre localis\u00e9, se rendre dans le menu <strong>Services aux usagers<\/strong> et cliquer sur <strong>G\u00e9rer les exemplaires en cours de traitement<\/strong> :<\/p>\n\n\n<div class=\"wp-block-image\">\n<figure class=\"aligncenter is-resized\"><a href=\"http:\/\/rebub.u-bordeaux.fr\/wp-content\/uploads\/2021\/01\/Traitement-interne_Menu-g%C3%A9rr-les-exemplaires-en-traitement.png\" target=\"_blank\" rel=\"noopener noreferrer\"><img decoding=\"async\" loading=\"lazy\" src=\"http:\/\/rebub.u-bordeaux.fr\/wp-content\/uploads\/2021\/01\/Traitement-interne_Menu-g\u00e9rr-les-exemplaires-en-traitement.png\" alt=\"\" class=\"wp-image-10004\" width=\"805\" height=\"664\" srcset=\"https:\/\/rebub.u-bordeaux.fr\/wp-content\/uploads\/2021\/01\/Traitement-interne_Menu-g\u00e9rr-les-exemplaires-en-traitement.png 1071w, https:\/\/rebub.u-bordeaux.fr\/wp-content\/uploads\/2021\/01\/Traitement-interne_Menu-g\u00e9rr-les-exemplaires-en-traitement-300x248.png 300w, https:\/\/rebub.u-bordeaux.fr\/wp-content\/uploads\/2021\/01\/Traitement-interne_Menu-g\u00e9rr-les-exemplaires-en-traitement-1024x845.png 1024w, https:\/\/rebub.u-bordeaux.fr\/wp-content\/uploads\/2021\/01\/Traitement-interne_Menu-g\u00e9rr-les-exemplaires-en-traitement-768x634.png 768w\" sizes=\"(max-width: 805px) 100vw, 805px\" \/><\/a><\/figure><\/div>\n\n\n<p>Depuis le filtre \u00ab\u00a0Type de traitement interne\u00a0\u00bb, s\u00e9lectionner le filtre pour lequel on souhaite v\u00e9rifier les documents en cours de traitement :<\/p>\n\n\n<div class=\"wp-block-image\">\n<figure class=\"aligncenter\"><a href=\"http:\/\/rebub.u-bordeaux.fr\/wp-content\/uploads\/2021\/01\/Traitement-interne_Filtres-pour-type-de-traitment.png\" target=\"_blank\" rel=\"noopener noreferrer\"><img decoding=\"async\" loading=\"lazy\" width=\"1061\" height=\"865\" src=\"http:\/\/rebub.u-bordeaux.fr\/wp-content\/uploads\/2021\/01\/Traitement-interne_Filtres-pour-type-de-traitment.png\" alt=\"\" class=\"wp-image-10005\" srcset=\"https:\/\/rebub.u-bordeaux.fr\/wp-content\/uploads\/2021\/01\/Traitement-interne_Filtres-pour-type-de-traitment.png 1061w, https:\/\/rebub.u-bordeaux.fr\/wp-content\/uploads\/2021\/01\/Traitement-interne_Filtres-pour-type-de-traitment-300x245.png 300w, https:\/\/rebub.u-bordeaux.fr\/wp-content\/uploads\/2021\/01\/Traitement-interne_Filtres-pour-type-de-traitment-1024x835.png 1024w, https:\/\/rebub.u-bordeaux.fr\/wp-content\/uploads\/2021\/01\/Traitement-interne_Filtres-pour-type-de-traitment-768x626.png 768w\" sizes=\"(max-width: 1061px) 100vw, 1061px\" \/><\/a><\/figure><\/div>\n\n\n<p>S&rsquo;affiche alors la liste des documents qui sont actuellement dans ce traitement (dans l&rsquo;exemple ci-dessous, on peut voir les documents qui sont en traitement \u00ab\u00a0Reliure\u00a0\u00bb) :<\/p>\n\n\n<div class=\"wp-block-image\">\n<figure class=\"aligncenter\"><a href=\"http:\/\/rebub.u-bordeaux.fr\/wp-content\/uploads\/2021\/01\/Traitement-interne_Traitement-filtr%C3%A9.png\" target=\"_blank\" rel=\"noopener noreferrer\"><img decoding=\"async\" loading=\"lazy\" width=\"1047\" height=\"401\" src=\"http:\/\/rebub.u-bordeaux.fr\/wp-content\/uploads\/2021\/01\/Traitement-interne_Traitement-filtr\u00e9.png\" alt=\"\" class=\"wp-image-10006\" srcset=\"https:\/\/rebub.u-bordeaux.fr\/wp-content\/uploads\/2021\/01\/Traitement-interne_Traitement-filtr\u00e9.png 1047w, https:\/\/rebub.u-bordeaux.fr\/wp-content\/uploads\/2021\/01\/Traitement-interne_Traitement-filtr\u00e9-300x115.png 300w, https:\/\/rebub.u-bordeaux.fr\/wp-content\/uploads\/2021\/01\/Traitement-interne_Traitement-filtr\u00e9-1024x392.png 1024w, https:\/\/rebub.u-bordeaux.fr\/wp-content\/uploads\/2021\/01\/Traitement-interne_Traitement-filtr\u00e9-768x294.png 768w\" sizes=\"(max-width: 1047px) 100vw, 1047px\" \/><\/a><\/figure><\/div>\n\n\n<p>Dans les informations qui apparaissent sur le document en traitement, il y a notamment la biblioth\u00e8que propri\u00e9taire :<\/p>\n\n\n<div class=\"wp-block-image\">\n<figure class=\"aligncenter\"><a href=\"http:\/\/rebub.u-bordeaux.fr\/wp-content\/uploads\/2021\/01\/Traitement-interne_Traitement-filtr%C3%A9_biblioth%C3%A8que-propri%C3%A9taire.png\" target=\"_blank\" rel=\"noopener noreferrer\"><img decoding=\"async\" loading=\"lazy\" width=\"1040\" height=\"372\" src=\"http:\/\/rebub.u-bordeaux.fr\/wp-content\/uploads\/2021\/01\/Traitement-interne_Traitement-filtr\u00e9_biblioth\u00e8que-propri\u00e9taire.png\" alt=\"\" class=\"wp-image-10007\" srcset=\"https:\/\/rebub.u-bordeaux.fr\/wp-content\/uploads\/2021\/01\/Traitement-interne_Traitement-filtr\u00e9_biblioth\u00e8que-propri\u00e9taire.png 1040w, https:\/\/rebub.u-bordeaux.fr\/wp-content\/uploads\/2021\/01\/Traitement-interne_Traitement-filtr\u00e9_biblioth\u00e8que-propri\u00e9taire-300x107.png 300w, https:\/\/rebub.u-bordeaux.fr\/wp-content\/uploads\/2021\/01\/Traitement-interne_Traitement-filtr\u00e9_biblioth\u00e8que-propri\u00e9taire-1024x366.png 1024w, https:\/\/rebub.u-bordeaux.fr\/wp-content\/uploads\/2021\/01\/Traitement-interne_Traitement-filtr\u00e9_biblioth\u00e8que-propri\u00e9taire-768x275.png 768w\" sizes=\"(max-width: 1040px) 100vw, 1040px\" \/><\/a><\/figure><\/div>\n\n\n<p>Cette information est int\u00e9ressante si jamais on a envoy\u00e9 en traitement interne dans sa propre biblioth\u00e8que un document qui appartient \u00e0 une autre biblioth\u00e8que.<\/p>\n\n\n\n<p>Retrouver les documents en traitement<\/p>\n\n\n\n<p>Vous pouvez \u00e9galement retrouver les documents en traitement \u00e0 partir de la recherche avanc\u00e9e.<\/p>\n\n\n\n<h3 id=\"stoc-depuis-la-page-scanner-les-exemplaires\" class=\"wpig-heading\">Depuis la page Scanner les exemplaires<\/h3>\n\n\n\n<div class=\"is-layout-flex wp-container-10 wp-block-columns bord-bloc-reutilisable has-background\" style=\"background-color:#ffeec2\">\n<div class=\"is-layout-flow wp-block-column is-vertically-aligned-center\" style=\"flex-basis:7%\">\n<figure class=\"wp-block-image alignfull size-full is-style-default\"><img decoding=\"async\" loading=\"lazy\" width=\"512\" height=\"512\" src=\"https:\/\/rebub.u-bordeaux.fr\/wp-content\/uploads\/2024\/04\/nouvelles-idees-en-cours.png\" alt=\"\" class=\"wp-image-19897\" srcset=\"https:\/\/rebub.u-bordeaux.fr\/wp-content\/uploads\/2024\/04\/nouvelles-idees-en-cours.png 512w, https:\/\/rebub.u-bordeaux.fr\/wp-content\/uploads\/2024\/04\/nouvelles-idees-en-cours-300x300.png 300w, https:\/\/rebub.u-bordeaux.fr\/wp-content\/uploads\/2024\/04\/nouvelles-idees-en-cours-150x150.png 150w\" sizes=\"(max-width: 512px) 100vw, 512px\" \/><\/figure>\n<\/div>\n\n\n\n<div class=\"is-layout-flow wp-block-column is-vertically-aligned-center\" style=\"flex-basis:85%\">\n<p><strong>Note<\/strong> : Cette m\u00e9thode est \u00e0 appliquer le document en main.<\/p>\n<\/div>\n<\/div>\n\n\n\n<p>Sur cette page, s\u00e9lectionner le type de traitement interne auquel on veut mettre fin, cocher la case \u00ab\u00a0effectu\u00e9\u00a0\u00bb puis scanner le code-barres de l&rsquo;exemplaire :<\/p>\n\n\n<div class=\"wp-block-image\">\n<figure class=\"aligncenter\"><a href=\"http:\/\/rebub.u-bordeaux.fr\/wp-content\/uploads\/2021\/01\/Traitement-interne_Effectuer-traitement-page-scanner-les-exemplaires.png\" target=\"_blank\" rel=\"noopener noreferrer\"><img decoding=\"async\" loading=\"lazy\" width=\"1039\" height=\"486\" src=\"http:\/\/rebub.u-bordeaux.fr\/wp-content\/uploads\/2021\/01\/Traitement-interne_Effectuer-traitement-page-scanner-les-exemplaires.png\" alt=\"\" class=\"wp-image-10008\" srcset=\"https:\/\/rebub.u-bordeaux.fr\/wp-content\/uploads\/2021\/01\/Traitement-interne_Effectuer-traitement-page-scanner-les-exemplaires.png 1039w, https:\/\/rebub.u-bordeaux.fr\/wp-content\/uploads\/2021\/01\/Traitement-interne_Effectuer-traitement-page-scanner-les-exemplaires-300x140.png 300w, https:\/\/rebub.u-bordeaux.fr\/wp-content\/uploads\/2021\/01\/Traitement-interne_Effectuer-traitement-page-scanner-les-exemplaires-1024x479.png 1024w, https:\/\/rebub.u-bordeaux.fr\/wp-content\/uploads\/2021\/01\/Traitement-interne_Effectuer-traitement-page-scanner-les-exemplaires-768x359.png 768w\" sizes=\"(max-width: 1039px) 100vw, 1039px\" \/><\/a><\/figure><\/div>\n\n\n<p>On peut voir dans le tableau sous le formulaire que le traitement est termin\u00e9 :<\/p>\n\n\n<div class=\"wp-block-image\">\n<figure class=\"aligncenter\"><a href=\"http:\/\/rebub.u-bordeaux.fr\/wp-content\/uploads\/2021\/01\/Traitement-interne_Traitement-effectu%C3%A9.png\" target=\"_blank\" rel=\"noopener noreferrer\"><img decoding=\"async\" loading=\"lazy\" width=\"1038\" height=\"556\" src=\"http:\/\/rebub.u-bordeaux.fr\/wp-content\/uploads\/2021\/01\/Traitement-interne_Traitement-effectu\u00e9.png\" alt=\"\" class=\"wp-image-10010\" srcset=\"https:\/\/rebub.u-bordeaux.fr\/wp-content\/uploads\/2021\/01\/Traitement-interne_Traitement-effectu\u00e9.png 1038w, https:\/\/rebub.u-bordeaux.fr\/wp-content\/uploads\/2021\/01\/Traitement-interne_Traitement-effectu\u00e9-300x161.png 300w, https:\/\/rebub.u-bordeaux.fr\/wp-content\/uploads\/2021\/01\/Traitement-interne_Traitement-effectu\u00e9-1024x549.png 1024w, https:\/\/rebub.u-bordeaux.fr\/wp-content\/uploads\/2021\/01\/Traitement-interne_Traitement-effectu\u00e9-768x411.png 768w\" sizes=\"(max-width: 1038px) 100vw, 1038px\" \/><\/a><\/figure><\/div>\n\n\n<p>La prochaine \u00e9tape consiste \u00e0 remettre l&rsquo;exemplaire \u00e0 sa place dans sa localisation.<\/p>\n\n\n\n<h3 id=\"stoc-depuis-la-page-gerer-les-exemplaires-en-cours-de-traitement\" class=\"wpig-heading\">Depuis la page G\u00e9rer les exemplaires en cours de traitement<\/h3>\n\n\n\n<p>Filtrer sur le type de traitement interne :<\/p>\n\n\n<div class=\"wp-block-image\">\n<figure class=\"aligncenter\"><a href=\"http:\/\/rebub.u-bordeaux.fr\/wp-content\/uploads\/2021\/01\/Traitement-interne_traitements-filtr%C3%A9s.png\" target=\"_blank\" rel=\"noopener noreferrer\"><img decoding=\"async\" loading=\"lazy\" width=\"1223\" height=\"379\" src=\"http:\/\/rebub.u-bordeaux.fr\/wp-content\/uploads\/2021\/01\/Traitement-interne_traitements-filtr\u00e9s.png\" alt=\"\" class=\"wp-image-10013\" srcset=\"https:\/\/rebub.u-bordeaux.fr\/wp-content\/uploads\/2021\/01\/Traitement-interne_traitements-filtr\u00e9s.png 1223w, https:\/\/rebub.u-bordeaux.fr\/wp-content\/uploads\/2021\/01\/Traitement-interne_traitements-filtr\u00e9s-300x93.png 300w, https:\/\/rebub.u-bordeaux.fr\/wp-content\/uploads\/2021\/01\/Traitement-interne_traitements-filtr\u00e9s-1024x317.png 1024w, https:\/\/rebub.u-bordeaux.fr\/wp-content\/uploads\/2021\/01\/Traitement-interne_traitements-filtr\u00e9s-768x238.png 768w\" sizes=\"(max-width: 1223px) 100vw, 1223px\" \/><\/a><\/figure><\/div>\n\n\n<p>Au niveau de l&rsquo;exemplaire pour lequel on veut mettre fin au traitement, cliquer sur le bouton <img decoding=\"async\" loading=\"lazy\" class=\"alignnone wp-image-3417\" src=\"http:\/\/rebub.u-bordeaux.fr\/wp-content\/uploads\/2018\/06\/bouton-actions-suppl\u00e9mentaires.jpg\" alt=\"\" width=\"46\" height=\"31\"> puis s\u00e9lectionner <strong>Effectu\u00e9<\/strong> :<\/p>\n\n\n<div class=\"wp-block-image\">\n<figure class=\"aligncenter\"><a href=\"http:\/\/rebub.u-bordeaux.fr\/wp-content\/uploads\/2021\/01\/Traitement-interne_Effectuer-traitement-niveau-exemplaire-300x167.png\" target=\"_blank\" rel=\"noopener noreferrer\"><img decoding=\"async\" loading=\"lazy\" width=\"1041\" height=\"579\" src=\"http:\/\/rebub.u-bordeaux.fr\/wp-content\/uploads\/2021\/01\/Traitement-interne_Effectuer-traitement-niveau-exemplaire.png\" alt=\"\" class=\"wp-image-10012\" srcset=\"https:\/\/rebub.u-bordeaux.fr\/wp-content\/uploads\/2021\/01\/Traitement-interne_Effectuer-traitement-niveau-exemplaire.png 1041w, https:\/\/rebub.u-bordeaux.fr\/wp-content\/uploads\/2021\/01\/Traitement-interne_Effectuer-traitement-niveau-exemplaire-300x167.png 300w, https:\/\/rebub.u-bordeaux.fr\/wp-content\/uploads\/2021\/01\/Traitement-interne_Effectuer-traitement-niveau-exemplaire-1024x570.png 1024w, https:\/\/rebub.u-bordeaux.fr\/wp-content\/uploads\/2021\/01\/Traitement-interne_Effectuer-traitement-niveau-exemplaire-768x427.png 768w\" sizes=\"(max-width: 1041px) 100vw, 1041px\" \/><\/a><\/figure><\/div>\n\n\n<p>L&rsquo;exemplaire est alors sorti de son traitement.<\/p>\n\n\n\n<p>On peut alors le v\u00e9rifier en allant sur l&rsquo;exemplaire. Celui-ci n&rsquo;a plus de type de processus et son statut est \u00ab\u00a0Exemplaire en rayon\u00a0\u00bb :<\/p>\n\n\n<div class=\"wp-block-image\">\n<figure class=\"aligncenter\"><a href=\"http:\/\/rebub.u-bordeaux.fr\/wp-content\/uploads\/2021\/01\/Traitement-interne_Traitement-effectu%C3%A9.png\" target=\"_blank\" rel=\"noopener noreferrer\"><img decoding=\"async\" loading=\"lazy\" width=\"1055\" height=\"466\" src=\"http:\/\/rebub.u-bordeaux.fr\/wp-content\/uploads\/2021\/01\/Traitement-interne_statut-exemplaire-trait\u00e9.png\" alt=\"\" class=\"wp-image-10014\" srcset=\"https:\/\/rebub.u-bordeaux.fr\/wp-content\/uploads\/2021\/01\/Traitement-interne_statut-exemplaire-trait\u00e9.png 1055w, https:\/\/rebub.u-bordeaux.fr\/wp-content\/uploads\/2021\/01\/Traitement-interne_statut-exemplaire-trait\u00e9-300x133.png 300w, https:\/\/rebub.u-bordeaux.fr\/wp-content\/uploads\/2021\/01\/Traitement-interne_statut-exemplaire-trait\u00e9-1024x452.png 1024w, https:\/\/rebub.u-bordeaux.fr\/wp-content\/uploads\/2021\/01\/Traitement-interne_statut-exemplaire-trait\u00e9-768x339.png 768w\" sizes=\"(max-width: 1055px) 100vw, 1055px\" \/><\/a><\/figure><\/div>\n\n\n<p>Depuis cette page, on peut \u00e9galement mettre fin \u00e0 tout un lot de documents, en cochant la case \u00e0 gauche des exemplaires et en cliquant sur \u00ab\u00a0Effectu\u00e9\u00a0\u00bb en haut du listing :<\/p>\n\n\n<div class=\"wp-block-image\">\n<figure class=\"aligncenter\"><a href=\"http:\/\/rebub.u-bordeaux.fr\/wp-content\/uploads\/2021\/01\/Traitement-interne_Effectuer-traitement-niveau-exemplaire_bis.png\" target=\"_blank\" rel=\"noopener noreferrer\"><img decoding=\"async\" loading=\"lazy\" width=\"1050\" height=\"352\" src=\"http:\/\/rebub.u-bordeaux.fr\/wp-content\/uploads\/2021\/01\/Traitement-interne_Effectuer-traitement-niveau-exemplaire_bis.png\" alt=\"\" class=\"wp-image-10017\" srcset=\"https:\/\/rebub.u-bordeaux.fr\/wp-content\/uploads\/2021\/01\/Traitement-interne_Effectuer-traitement-niveau-exemplaire_bis.png 1050w, https:\/\/rebub.u-bordeaux.fr\/wp-content\/uploads\/2021\/01\/Traitement-interne_Effectuer-traitement-niveau-exemplaire_bis-300x101.png 300w, https:\/\/rebub.u-bordeaux.fr\/wp-content\/uploads\/2021\/01\/Traitement-interne_Effectuer-traitement-niveau-exemplaire_bis-1024x343.png 1024w, https:\/\/rebub.u-bordeaux.fr\/wp-content\/uploads\/2021\/01\/Traitement-interne_Effectuer-traitement-niveau-exemplaire_bis-768x257.png 768w\" sizes=\"(max-width: 1050px) 100vw, 1050px\" \/><\/a><\/figure><\/div>\n\n\n<p>Pour une vue synth\u00e9tique des circuits de traitements internes, voir la page \u00ab\u00a0<a href=\"https:\/\/rebub.u-bordeaux.fr\/index.php\/alma\/procedures\/gestion-des-ressources\/les-traitements-internes\/appliquer-un-traitement-interne-a-un-exemplaire\/\" data-type=\"URL\" data-id=\"https:\/\/rebub.u-bordeaux.fr\/index.php\/alma\/procedures\/gestion-des-ressources\/les-traitements-internes\/appliquer-un-traitement-interne-a-un-exemplaire\/\" target=\"_blank\" rel=\"noreferrer noopener\">Appliquer un traitement interne \u00e0 un (ou plusieurs) exemplaire(s)<\/a>\u00a0\u00bb.<\/p>\n\n\n\n<div class=\"is-layout-flex wp-container-16 wp-block-columns bord-bloc-reutilisable has-background\" style=\"background-color:#d9edf7\">\n<div class=\"is-layout-flow wp-block-column is-vertically-aligned-center\" style=\"font-size:15px;flex-basis:20%\">\n<p style=\"font-size:15px\"><strong>Date de publication<\/strong> <\/p>\n\n\n<div style=\"font-size:15px;\" class=\"wp-block-post-date\"><time datetime=\"2024-03-22T09:33:20+01:00\">22 mars 2024<\/time><\/div><\/div>\n\n\n\n<div class=\"is-layout-flow wp-block-column is-vertically-aligned-center\" style=\"font-size:15px;flex-basis:20%\">\n<p><strong>Mis \u00e0 jour le <\/strong><\/p>\n\n\n<div style=\"font-size:15px;\" class=\"wp-block-post-date\"><time datetime=\"2026-02-06T15:36:52+01:00\">6 f\u00e9vrier 2026<\/time><\/div><\/div>\n\n\n\n<div class=\"is-layout-flow wp-block-column is-vertically-aligned-center\" style=\"font-size:15px;flex-basis:40%\">\n<p><\/p>\n\n\n\n<p><strong>Attention ! <\/strong>Certains \u00e9tablissements utilisent parfois de proc\u00e9dures compl\u00e9mentaires <\/p>\n<\/div>\n\n\n\n<div class=\"is-layout-flow wp-block-column is-vertically-aligned-center\" style=\"font-size:15px;flex-basis:25%\">\n<div class=\"is-horizontal is-content-justification-center is-layout-flex wp-container-14 wp-block-buttons alignfull has-custom-font-size\" style=\"font-size:16px\">\n<div class=\"wp-block-button has-custom-width wp-block-button__width-75 has-custom-font-size is-style-fill\" style=\"font-size:15px\"><a class=\"wp-block-button__link has-white-color has-text-color has-background wp-element-button\" href=\"mailto:scoop@u-bordeaux.fr\" style=\"border-radius:65px;background-color:#000000db\"><strong>Signaler une erreur<\/strong><\/a><\/div>\n<\/div>\n<\/div>\n<\/div>\n","protected":false},"excerpt":{"rendered":"<p>Table des mati\u00e8res[ Show ]Suivre les documents en traitement dans une biblioth\u00e8queDepuis la page Scanner les exemplairesDepuis la page G\u00e9rer les exemplaires en cours de traitementNote : Ce mode d&#8217;emploi est le m\u00eame quelque soit le type de traitement interne&#8230;<\/p>\n","protected":false},"author":46,"featured_media":4793,"parent":18541,"menu_order":1,"comment_status":"closed","ping_status":"closed","template":"","meta":[],"post_mailing_queue_ids":[],"_links":{"self":[{"href":"http:\/\/rebub.u-bordeaux.fr\/index.php\/wp-json\/wp\/v2\/pages\/18592"}],"collection":[{"href":"http:\/\/rebub.u-bordeaux.fr\/index.php\/wp-json\/wp\/v2\/pages"}],"about":[{"href":"http:\/\/rebub.u-bordeaux.fr\/index.php\/wp-json\/wp\/v2\/types\/page"}],"author":[{"embeddable":true,"href":"http:\/\/rebub.u-bordeaux.fr\/index.php\/wp-json\/wp\/v2\/users\/46"}],"replies":[{"embeddable":true,"href":"http:\/\/rebub.u-bordeaux.fr\/index.php\/wp-json\/wp\/v2\/comments?post=18592"}],"version-history":[{"count":6,"href":"http:\/\/rebub.u-bordeaux.fr\/index.php\/wp-json\/wp\/v2\/pages\/18592\/revisions"}],"predecessor-version":[{"id":24617,"href":"http:\/\/rebub.u-bordeaux.fr\/index.php\/wp-json\/wp\/v2\/pages\/18592\/revisions\/24617"}],"up":[{"embeddable":true,"href":"http:\/\/rebub.u-bordeaux.fr\/index.php\/wp-json\/wp\/v2\/pages\/18541"}],"wp:featuredmedia":[{"embeddable":true,"href":"http:\/\/rebub.u-bordeaux.fr\/index.php\/wp-json\/wp\/v2\/media\/4793"}],"wp:attachment":[{"href":"http:\/\/rebub.u-bordeaux.fr\/index.php\/wp-json\/wp\/v2\/media?parent=18592"}],"curies":[{"name":"wp","href":"https:\/\/api.w.org\/{rel}","templated":true}]}}