	{"id":1860,"date":"2017-11-08T11:14:58","date_gmt":"2017-11-08T10:14:58","guid":{"rendered":"http:\/\/rebub.u-bordeaux.fr\/?page_id=1860"},"modified":"2026-03-03T10:28:08","modified_gmt":"2026-03-03T09:28:08","slug":"presentation","status":"publish","type":"page","link":"http:\/\/rebub.u-bordeaux.fr\/index.php\/le-scoop\/nos-missions\/presentation\/","title":{"rendered":"La Coordination Sudoc"},"content":{"rendered":"<div id='wpig-floatingbar' class='wpig-floatingbar'><div id='wpig-switch-wrapper' class='wpig-switch-wrapper'><span id='wpig-floating-switch' class='wpig-floating-switch'><img src='http:\/\/rebub.u-bordeaux.fr\/wp-content\/plugins\/sticky-toc-advance-table-of-contents\/\\assets\\menu.png'><\/span><\/div><div id='wpig-contents' class='wpig-contents  wpig-sidebar-widget wpig-style-3'><span class='wpig-headline'>Table des mati\u00e8res<span><a data-action='show' class='wpig-btn-toggledisplay'>[ Show ]<\/a><\/span><\/span><!-- Table of Contents --><div id='wpig-table-of-content' class='wpig-table-of-content'><ol><li class='stoc-que-signifie-la-coordination-sudoc'><a href='#stoc-que-signifie-la-coordination-sudoc'>Que signifie la coordination Sudoc&nbsp;?<\/a><\/li><li class='stoc-qui-est-votre-relais'><a href='#stoc-qui-est-votre-relais'>Qui est votre relais&nbsp;?<\/a><\/li><li class='stoc-les-6-missions-du-coordinateur-sudoc-version-de-mars-2020'><a href='#stoc-les-6-missions-du-coordinateur-sudoc-version-de-mars-2020'>Les 6 missions du coordinateur Sudoc (version de mars 2020)<\/a><ol><li class='stoc-dassurer-la-communication-de-linformation'><a href='#stoc-dassurer-la-communication-de-linformation'>D\u2019assurer la communication de l\u2019information&nbsp;:<\/a><\/li><li class='stoc-dadministrer-les-bibliotheques-et-les-utilisateurs-professionnels-de-son-reseau'><a href='#stoc-dadministrer-les-bibliotheques-et-les-utilisateurs-professionnels-de-son-reseau'>D\u2019administrer les biblioth\u00e8ques et les utilisateurs professionnels de son r\u00e9seau&nbsp;:<\/a><\/li><li class='stoc-detre-le-referent-sur-les-donnees-de-son-etablissement'><a href='#stoc-detre-le-referent-sur-les-donnees-de-son-etablissement'>D\u2019\u00eatre le r\u00e9f\u00e9rent sur les donn\u00e9es de son \u00e9tablissement&nbsp;:<\/a><\/li><li class='stoc-danalyser-les-donnees-de-son-etablissement'><a href='#stoc-danalyser-les-donnees-de-son-etablissement'>D\u2019analyser les donn\u00e9es de son \u00e9tablissement&nbsp;:<\/a><\/li><li class='stoc-de-gerer-les-echanges-de-donnees'><a href='#stoc-de-gerer-les-echanges-de-donnees'>De g\u00e9rer les \u00e9changes de donn\u00e9es&nbsp;:<\/a><\/li><li class='stoc-contribuer-a-la-valorisation-des-donnees-de-letablissement'><a href='#stoc-contribuer-a-la-valorisation-des-donnees-de-letablissement'>Contribuer \u00e0 la valorisation des donn\u00e9es de l\u2019\u00e9tablissement&nbsp;:<\/a><\/li><\/ol><li class='stoc-des-correspondants-se-cachent-parmi-vous'><a href='#stoc-des-correspondants-se-cachent-parmi-vous'>Des correspondants se cachent parmi vous<\/a><\/li><li class='stoc-la-boite-a-outils-du-catalogueur'><a href='#stoc-la-boite-a-outils-du-catalogueur'>La bo\u00eete \u00e0 outils du catalogueur<\/a><\/li><\/ol><\/li><\/div><!-- END OF Table of Contents --><\/div><\/div><p><div id='wpig-contents' class='wpig-contents  wpig-sidebar-widget wpig-style-1'><span class='wpig-headline'>Table des mati\u00e8res<span><a data-action='show' class='wpig-btn-toggledisplay'>[ Show ]<\/a><\/span><\/span><!-- Table of Contents --><div id='wpig-table-of-content' class='wpig-table-of-content' ><ol><li class='stoc-que-signifie-la-coordination-sudoc'><a href='#stoc-que-signifie-la-coordination-sudoc'>Que signifie la coordination Sudoc&nbsp;?<\/a><\/li><li class='stoc-qui-est-votre-relais'><a href='#stoc-qui-est-votre-relais'>Qui est votre relais&nbsp;?<\/a><\/li><li class='stoc-les-6-missions-du-coordinateur-sudoc-version-de-mars-2020'><a href='#stoc-les-6-missions-du-coordinateur-sudoc-version-de-mars-2020'>Les 6 missions du coordinateur Sudoc (version de mars 2020)<\/a><ol><li class='stoc-dassurer-la-communication-de-linformation'><a href='#stoc-dassurer-la-communication-de-linformation'>D\u2019assurer la communication de l\u2019information&nbsp;:<\/a><\/li><li class='stoc-dadministrer-les-bibliotheques-et-les-utilisateurs-professionnels-de-son-reseau'><a href='#stoc-dadministrer-les-bibliotheques-et-les-utilisateurs-professionnels-de-son-reseau'>D\u2019administrer les biblioth\u00e8ques et les utilisateurs professionnels de son r\u00e9seau&nbsp;:<\/a><\/li><li class='stoc-detre-le-referent-sur-les-donnees-de-son-etablissement'><a href='#stoc-detre-le-referent-sur-les-donnees-de-son-etablissement'>D\u2019\u00eatre le r\u00e9f\u00e9rent sur les donn\u00e9es de son \u00e9tablissement&nbsp;:<\/a><\/li><li class='stoc-danalyser-les-donnees-de-son-etablissement'><a href='#stoc-danalyser-les-donnees-de-son-etablissement'>D\u2019analyser les donn\u00e9es de son \u00e9tablissement&nbsp;:<\/a><\/li><li class='stoc-de-gerer-les-echanges-de-donnees'><a href='#stoc-de-gerer-les-echanges-de-donnees'>De g\u00e9rer les \u00e9changes de donn\u00e9es&nbsp;:<\/a><\/li><li class='stoc-contribuer-a-la-valorisation-des-donnees-de-letablissement'><a href='#stoc-contribuer-a-la-valorisation-des-donnees-de-letablissement'>Contribuer \u00e0 la valorisation des donn\u00e9es de l\u2019\u00e9tablissement&nbsp;:<\/a><\/li><\/ol><li class='stoc-des-correspondants-se-cachent-parmi-vous'><a href='#stoc-des-correspondants-se-cachent-parmi-vous'>Des correspondants se cachent parmi vous<\/a><\/li><li class='stoc-la-boite-a-outils-du-catalogueur'><a href='#stoc-la-boite-a-outils-du-catalogueur'>La bo\u00eete \u00e0 outils du catalogueur<\/a><\/li><\/ol><\/li><\/div><!-- END OF Table of Contents --><\/div><\/p>\n<h3 id=\"stoc-que-signifie-la-coordination-sudoc\" class=\"wpig-heading\">Que signifie la coordination Sudoc&nbsp;?<\/h3>\n\n\n\n<p>Le R\u00e9seau des Biblioth\u00e8ques Universitaires de Bordeaux et ses cinq \u00e9tablissements (nom de code ILN015) dispose d\u2019un <strong>relais terrain<\/strong> pour l\u2019Agence bibliographique de l\u2019enseignement sup\u00e9rieur (Abes).<\/p>\n\n\n\n<p>Nomm\u00e9 par l\u2019Universit\u00e9 de Bordeaux, il est l\u2019interm\u00e9diaire entre les \u00e9tablissements membres du r\u00e9seau et l\u2019Abes. Il intervient aussi bien au moment du d\u00e9ploiement des outils de l\u2019Abes dans les biblioth\u00e8ques qu\u2019apr\u00e8s.<\/p>\n\n\n\n<h3 id=\"stoc-qui-est-votre-relais\" class=\"wpig-heading\">Qui est votre relais&nbsp;?<\/h3>\n\n\n\n<p>Au sein du R\u00e9BUB, les relais pour le Sudoc sont <strong>Julien Kirchner<\/strong> et <strong>Aur\u00e9lie Baque<\/strong> du Service de COOP\u00e9ration documentaire. <strong>Fran\u00e7oise Coulon<\/strong>, <strong>Isabelle Palais<\/strong> et <strong>Camille Edwards<\/strong> font \u00e9galement partie de l&rsquo;\u00e9quipe des r\u00e9pondants aux tickets GLPI.<\/p>\n\n\n\n<p>Retrouvez leurs coordonn\u00e9es sur la page d\u00e9di\u00e9e \u00e0 l\u2019Equipe du Scoop dans la rubrique Le R\u00e9seau.<\/p>\n\n\n\n<h3 id=\"stoc-les-6-missions-du-coordinateur-sudoc-version-de-mars-2020\" class=\"wpig-heading\">Les 6 missions du coordinateur Sudoc (version de mars 2020)<\/h3>\n\n\n\n<p>Avec l\u2019appui de l\u2019administrateur du Syst\u00e8me Informatique Documentaire, la mission premi\u00e8re d\u2019un coordinateur est de r\u00e9aliser le d\u00e9ploiement dans le Sudoc des biblioth\u00e8ques de son \u00e9tablissement ou de son r\u00e9seau. Une fois r\u00e9alis\u00e9, le correspondant se doit :<\/p>\n\n\n\n<h4 id=\"stoc-dassurer-la-communication-de-linformation\" class=\"wpig-heading\">D\u2019assurer la communication de l\u2019information&nbsp;:<\/h4>\n\n\n\n<ul>\n<li>De son \u00e9tablissement vers l\u2019Abes : signaler tout dysfonctionnement, bug, probl\u00e8me d\u2019acc\u00e8s, r\u00e9pondre aux enqu\u00eates, faire remonter les questions d\u2019assistance auxquelles il n\u2019aurait pas su r\u00e9pondre.<\/li>\n\n\n\n<li>De l\u2019Abes vers son \u00e9tablissement&nbsp;: transmettre les messages d\u2019alertes, d\u2019interruptions de services, diffuser les nouvelles consignes de catalogage<\/li>\n\n\n\n<li>De son \u00e9tablissement vers le centre r\u00e9gional du Sudoc-PS dont il d\u00e9pend<\/li>\n\n\n\n<li>Entre les \u00e9tablissements du r\u00e9seau&nbsp;: conna\u00eetre les autres correspondants, savoir utiliser les outils de communication du r\u00e9seau<\/li>\n<\/ul>\n\n\n\n<h4 id=\"stoc-dadministrer-les-bibliotheques-et-les-utilisateurs-professionnels-de-son-reseau\" class=\"wpig-heading\">D\u2019administrer les biblioth\u00e8ques et les utilisateurs professionnels de son r\u00e9seau&nbsp;:<\/h4>\n\n\n\n<ul>\n<li>Cr\u00e9er et attribuer les logins aux coll\u00e8gues travaillant dans le Sudoc<\/li>\n\n\n\n<li>Param\u00e9trer et tenir \u00e0 jour les donn\u00e9es identifiants les biblioth\u00e8ques<\/li>\n\n\n\n<li>Accompagner les installations et les mises \u00e0 jour des applications de production<\/li>\n\n\n\n<li>Utiliser les services pertinents propos\u00e9s par l\u2019Abes<\/li>\n<\/ul>\n\n\n\n<h4 id=\"stoc-detre-le-referent-sur-les-donnees-de-son-etablissement\" class=\"wpig-heading\">D\u2019\u00eatre le r\u00e9f\u00e9rent sur les donn\u00e9es de son \u00e9tablissement&nbsp;:<\/h4>\n\n\n\n<ul>\n<li>Appliquer dans son \u00e9tablissement avec l\u2019aide des experts et des correspondants sp\u00e9cifiques, les d\u00e9cisions prises au niveau national sur l\u2019\u00e9volution des formats de donn\u00e9es.<\/li>\n\n\n\n<li>Faire remonter les besoins concernant les formats de donn\u00e9es<\/li>\n\n\n\n<li>\u00catre l\u2019interlocuteur de l\u2019Abes pour les questions sur les donn\u00e9es produites par l\u2019\u00e9tablissement<\/li>\n<\/ul>\n\n\n\n<h4 id=\"stoc-danalyser-les-donnees-de-son-etablissement\" class=\"wpig-heading\">D\u2019analyser les donn\u00e9es de son \u00e9tablissement&nbsp;:<\/h4>\n\n\n\n<ul>\n<li>Conduire ou participer \u00e0 des chantiers qualit\u00e9 autour des donn\u00e9es de l\u2019\u00e9tablissement ou int\u00e9ressant le r\u00e9seau<\/li>\n\n\n\n<li>\u00catre personne ressource en proposant des outils d\u2019aide \u00e0 la d\u00e9cision dans le cadre de chantiers qualit\u00e9<\/li>\n\n\n\n<li>S\u2019assurer de la compl\u00e9tude minimale des notices bibliographiques et d\u2019autorit\u00e9 produites<\/li>\n<\/ul>\n\n\n\n<h4 id=\"stoc-de-gerer-les-echanges-de-donnees\" class=\"wpig-heading\">De g\u00e9rer les \u00e9changes de donn\u00e9es&nbsp;:<\/h4>\n\n\n\n<ul>\n<li>Suivre les transferts r\u00e9guliers<\/li>\n\n\n\n<li>Organiser des \u00e9changes ponctuels de donn\u00e9es<\/li>\n\n\n\n<li>Collaborer \u00e0 la mise en place des flux entre les diff\u00e9rents r\u00e9servoirs de donn\u00e9es que l\u2019\u00e9tablissement est susceptible d\u2019utiliser<\/li>\n<\/ul>\n\n\n\n<h4 id=\"stoc-contribuer-a-la-valorisation-des-donnees-de-letablissement\" class=\"wpig-heading\">Contribuer \u00e0 la valorisation des donn\u00e9es de l\u2019\u00e9tablissement&nbsp;:<\/h4>\n\n\n\n<ul>\n<li>Contribuer \u00e0 la visibilit\u00e9 de la production scientifique de l\u2019\u00e9tablissement aupr\u00e8s des publics universitaires et des \u00e9quipes en charge des outils de signalement locaux<\/li>\n\n\n\n<li>Participer \u00e0 la promotion des donn\u00e9es produites par son \u00e9tablissement<\/li>\n<\/ul>\n\n\n\n<h3 id=\"stoc-des-correspondants-se-cachent-parmi-vous\" class=\"wpig-heading\">Des correspondants se cachent parmi vous<\/h3>\n\n\n\n<p>Aux c\u00f4t\u00e9s des coordinateurs, d\u2019autres collaborateurs ont un r\u00f4le de correspondants pour l\u2019Abes sur des questions li\u00e9es au Sudoc.<\/p>\n\n\n\n<p>Vous trouverez ci-dessous une liste exhaustive en fonction de leurs attributions&nbsp;:<\/p>\n\n\n\n<table id=\"tablepress-3\" class=\"tablepress tablepress-id-3\">\n<thead>\n<tr class=\"row-1 odd\">\n\t<th class=\"column-1\"><strong>CORRESPONDANTS AUTORITES \/ RAMEAU<\/strong><\/th><th class=\"column-2\"><\/th><th class=\"column-3\"><\/th><th class=\"column-4\"><\/th>\n<\/tr>\n<\/thead>\n<tbody class=\"row-hover\">\n<tr class=\"row-2 even\">\n\t<td class=\"column-1\">Fran\u00e7oise Coulon<\/td><td class=\"column-2\"><a href=\"mailto:scoop@u-bordeaux.fr\">scoop@u-bordeaux.fr<\/a><\/td><td class=\"column-3\">Universit\u00e9 de Bordeaux<\/td><td class=\"column-4\">R\u00e9seau (Scoop)<\/td>\n<\/tr>\n<\/tbody>\n<\/table>\n<!-- #tablepress-3 from cache -->\n\n\n<table id=\"tablepress-2\" class=\"tablepress tablepress-id-2\">\n<thead>\n<tr class=\"row-1 odd\">\n\t<th class=\"column-1\"><strong>CORRESPONDANTS CATALOGAGE<\/strong><\/th><th class=\"column-2\"><\/th><th class=\"column-3\"><\/th><th class=\"column-4\"><\/th>\n<\/tr>\n<\/thead>\n<tbody class=\"row-hover\">\n<tr class=\"row-2 even\">\n\t<td class=\"column-1\">Virginie Bloqu\u00e9<\/td><td class=\"column-2\"><a href=\"mailto:virginie.bloque@u-bordeaux.fr\">virginie.bloque@u-bordeaux.fr<\/a><\/td><td class=\"column-3\">Universit\u00e9 de Bordeaux<\/td><td class=\"column-4\">P\u00e9rim\u00e8tre ST<\/td>\n<\/tr>\n<tr class=\"row-3 odd\">\n\t<td class=\"column-1\">Tracy Moureau<\/td><td class=\"column-2\"><a href=\"mailto:tracy.moureau@u-bordeaux.fr\">tracy.moureau@u-bordeaux.fr<\/a><\/td><td class=\"column-3\">Universit\u00e9 de Bordeaux <\/td><td class=\"column-4\">P\u00e9rim\u00e8tre SH dont INSPE d\u2019Aquitaine<\/td>\n<\/tr>\n<tr class=\"row-4 even\">\n\t<td class=\"column-1\">Delphine Chadoin<\/td><td class=\"column-2\"><a href=\"mailto:delphine.chadoin@u-bordeaux.fr.fr\">delphine.chadoin@u-bordeaux.fr<\/a><\/td><td class=\"column-3\">Universit\u00e9 de Bordeaux<\/td><td class=\"column-4\">P\u00e9rim\u00e8tre DSPEG<\/td>\n<\/tr>\n<tr class=\"row-5 odd\">\n\t<td class=\"column-1\">Stella Pierrard<\/td><td class=\"column-2\"><a href=\"mailto:stella.pierrard@u-bordeaux.fr.fr\">stella.pierrard@u-bordeaux.fr<\/a><\/td><td class=\"column-3\">Universit\u00e9 de Bordeaux<\/td><td class=\"column-4\">P\u00e9rim\u00e8tre SVS<\/td>\n<\/tr>\n<tr class=\"row-6 even\">\n\t<td class=\"column-1\">Isabelle Palais<\/td><td class=\"column-2\"><a href=\"mailto:isabelle.palais@u-bordeaux.fr.fr\">isabelle.palais@u-bordeaux.fr<\/a><\/td><td class=\"column-3\">Universit\u00e9 de Bordeaux<\/td><td class=\"column-4\">R\u00e9seau (Scoop) <br \/>\nFonds patrimonial (ouvrages ant\u00e9rieurs \u00e0 1830)<\/td>\n<\/tr>\n<tr class=\"row-7 odd\">\n\t<td class=\"column-1\">Fran\u00e7oise Pomian<\/td><td class=\"column-2\"><a href=\"mailto:fran\u00e7oise.pomian@u-bordeaux-montaigne.fr\">fran\u00e7oise.pomian@u-bordeaux-montaigne.fr<\/a><\/td><td class=\"column-3\">Universit\u00e9 Bordeaux Montaigne<\/td><td class=\"column-4\"><\/td>\n<\/tr>\n<tr class=\"row-8 even\">\n\t<td class=\"column-1\">Magali Meunier<\/td><td class=\"column-2\"><a href=\"mailto:m.meunier@sciencespobordeaux.fr\">m.meunier@sciencespobordeaux.fr<\/a><\/td><td class=\"column-3\">Sciences Po Bordeaux<\/td><td class=\"column-4\"><\/td>\n<\/tr>\n<\/tbody>\n<\/table>\n<!-- #tablepress-2 from cache -->\n\n\n<h3 id=\"stoc-la-boite-a-outils-du-catalogueur\" class=\"wpig-heading\">La bo\u00eete \u00e0 outils du catalogueur<\/h3>\n\n\n\n<p>L\u2019Abes met \u00e0 disposition des contributeurs et utilisateurs du Sudoc un <a href=\"http:\/\/documentation.abes.fr\/sudoc\/\">Guide m\u00e9thodologique<\/a>. Vous y trouverez&nbsp;:<\/p>\n\n\n\n<ul>\n<li>Une aide au catalogage&nbsp;: formats de catalogue, r\u00e8gles de descriptions, transition bibliographique<\/li>\n\n\n\n<li>Des manuels&nbsp;d\u2019utilisation des outils et services<\/li>\n\n\n\n<li>Des supports de formation et d\u2019autoformation<\/li>\n<\/ul>\n\n\n\n<p>Pour toutes questions et pour tous soucis techniques avec le Sudoc, pensez \u00e0 formuler vos demandes \u00e0 l\u2019adresse&nbsp;: <a href=\"mailto:scoop@u-bordeaux.fr\">scoop@u-bordeaux.fr<\/a><\/p>\n\n\n\n<div class=\"is-layout-flex wp-container-6 wp-block-columns bord-bloc-reutilisable has-background\" style=\"background-color:#d9edf7\">\n<div class=\"is-layout-flow wp-block-column is-vertically-aligned-center\" style=\"font-size:15px;flex-basis:20%\">\n<p style=\"font-size:15px\"><strong>Date de publication<\/strong> <\/p>\n\n\n<div style=\"font-size:15px;\" class=\"wp-block-post-date\"><time datetime=\"2017-11-08T11:14:58+01:00\">8 novembre 2017<\/time><\/div><\/div>\n\n\n\n<div class=\"is-layout-flow wp-block-column is-vertically-aligned-center\" style=\"font-size:15px;flex-basis:20%\">\n<p><strong>Mis \u00e0 jour le <\/strong><\/p>\n\n\n<div style=\"font-size:15px;\" class=\"wp-block-post-date\"><time datetime=\"2026-03-03T10:28:08+01:00\">3 mars 2026<\/time><\/div><\/div>\n\n\n\n<div class=\"is-layout-flow wp-block-column is-vertically-aligned-center\" style=\"font-size:15px;flex-basis:40%\">\n<p><\/p>\n\n\n\n<p><strong>Attention ! <\/strong>Certains \u00e9tablissements utilisent parfois de proc\u00e9dures compl\u00e9mentaires <\/p>\n<\/div>\n\n\n\n<div class=\"is-layout-flow wp-block-column is-vertically-aligned-center\" style=\"font-size:15px;flex-basis:25%\">\n<div class=\"is-horizontal is-content-justification-center is-layout-flex wp-container-4 wp-block-buttons alignfull has-custom-font-size\" style=\"font-size:16px\">\n<div class=\"wp-block-button has-custom-width wp-block-button__width-75 has-custom-font-size is-style-fill\" style=\"font-size:15px\"><a class=\"wp-block-button__link has-white-color has-text-color has-background wp-element-button\" href=\"mailto:scoop@u-bordeaux.fr\" style=\"border-radius:65px;background-color:#000000db\"><strong>Signaler une erreur<\/strong><\/a><\/div>\n<\/div>\n<\/div>\n<\/div>\n","protected":false},"excerpt":{"rendered":"<p>Table des mati\u00e8res[ Show ]Que signifie la coordination Sudoc&nbsp;?Qui est votre relais&nbsp;?Les 6 missions du coordinateur Sudoc (version de mars 2020)D\u2019assurer la communication de l\u2019information&nbsp;:D\u2019administrer les biblioth\u00e8ques et les utilisateurs professionnels de son r\u00e9seau&nbsp;:D\u2019\u00eatre le r\u00e9f\u00e9rent sur les donn\u00e9es de&#8230;<\/p>\n","protected":false},"author":46,"featured_media":0,"parent":19312,"menu_order":3,"comment_status":"closed","ping_status":"closed","template":"","meta":[],"post_mailing_queue_ids":[],"_links":{"self":[{"href":"http:\/\/rebub.u-bordeaux.fr\/index.php\/wp-json\/wp\/v2\/pages\/1860"}],"collection":[{"href":"http:\/\/rebub.u-bordeaux.fr\/index.php\/wp-json\/wp\/v2\/pages"}],"about":[{"href":"http:\/\/rebub.u-bordeaux.fr\/index.php\/wp-json\/wp\/v2\/types\/page"}],"author":[{"embeddable":true,"href":"http:\/\/rebub.u-bordeaux.fr\/index.php\/wp-json\/wp\/v2\/users\/46"}],"replies":[{"embeddable":true,"href":"http:\/\/rebub.u-bordeaux.fr\/index.php\/wp-json\/wp\/v2\/comments?post=1860"}],"version-history":[{"count":15,"href":"http:\/\/rebub.u-bordeaux.fr\/index.php\/wp-json\/wp\/v2\/pages\/1860\/revisions"}],"predecessor-version":[{"id":24720,"href":"http:\/\/rebub.u-bordeaux.fr\/index.php\/wp-json\/wp\/v2\/pages\/1860\/revisions\/24720"}],"up":[{"embeddable":true,"href":"http:\/\/rebub.u-bordeaux.fr\/index.php\/wp-json\/wp\/v2\/pages\/19312"}],"wp:attachment":[{"href":"http:\/\/rebub.u-bordeaux.fr\/index.php\/wp-json\/wp\/v2\/media?parent=1860"}],"curies":[{"name":"wp","href":"https:\/\/api.w.org\/{rel}","templated":true}]}}