	{"id":18646,"date":"2024-03-22T09:34:31","date_gmt":"2024-03-22T08:34:31","guid":{"rendered":"https:\/\/rebub.u-bordeaux.fr\/?page_id=18646"},"modified":"2024-04-26T14:56:15","modified_gmt":"2024-04-26T12:56:15","slug":"activer-et-utiliser-une-cloudapp-alma","status":"publish","type":"page","link":"http:\/\/rebub.u-bordeaux.fr\/index.php\/alma\/procedures\/documentation-electronique\/controles\/activer-et-utiliser-une-cloudapp-alma\/","title":{"rendered":"Activer la CloudApp Alma \u201cJournal Citation Reports\u201d"},"content":{"rendered":"<div id='wpig-floatingbar' class='wpig-floatingbar'><div id='wpig-switch-wrapper' class='wpig-switch-wrapper'><span id='wpig-floating-switch' class='wpig-floating-switch'><img src='http:\/\/rebub.u-bordeaux.fr\/wp-content\/plugins\/sticky-toc-advance-table-of-contents\/\\assets\\menu.png'><\/span><\/div><div id='wpig-contents' class='wpig-contents  wpig-sidebar-widget wpig-style-3'><span class='wpig-headline'>Table des mati\u00e8res<span><a data-action='show' class='wpig-btn-toggledisplay'>[ Show ]<\/a><\/span><\/span><!-- Table of Contents --><div id='wpig-table-of-content' class='wpig-table-of-content'><ol><li class='stoc-activer-lapplication'><a href='#stoc-activer-lapplication'>Activer l&rsquo;application<\/a><\/li><li class='stoc-utiliser-lapplication'><a href='#stoc-utiliser-lapplication'>Utiliser l&rsquo;application<\/a><\/li><\/div><!-- END OF Table of Contents --><\/div><\/div><p><div id='wpig-contents' class='wpig-contents  wpig-sidebar-widget wpig-style-1'><span class='wpig-headline'>Table des mati\u00e8res<span><a data-action='show' class='wpig-btn-toggledisplay'>[ Show ]<\/a><\/span><\/span><!-- Table of Contents --><div id='wpig-table-of-content' class='wpig-table-of-content' ><ol><li class='stoc-activer-lapplication'><a href='#stoc-activer-lapplication'>Activer l&rsquo;application<\/a><\/li><li class='stoc-utiliser-lapplication'><a href='#stoc-utiliser-lapplication'>Utiliser l&rsquo;application<\/a><\/li><\/div><!-- END OF Table of Contents --><\/div><\/p>\n<p>La CloudApp  \u00ab\u00a0Journal Citation Report\u00a0\u00bb permet d&rsquo;afficher le facteur d&rsquo;impact des revues depuis la liste des r\u00e9sultats.<\/p>\n\n\n\n<h2 id=\"stoc-activer-lapplication\" class=\"wpig-heading\">Activer l&rsquo;application<\/h2>\n\n\n\n<p>Dans le menu utilisateur, cliquez sur l&rsquo;ic\u00f4ne <strong>Centre CloudApp<\/strong>. Si celui-ci n&rsquo;appara\u00eet pas, cliquez sur les <strong>trois petits points<\/strong>.<\/p>\n\n\n\n<figure class=\"wp-block-image size-large\"><img decoding=\"async\" loading=\"lazy\" width=\"1024\" height=\"535\" src=\"https:\/\/rebub.u-bordeaux.fr\/wp-content\/uploads\/2023\/07\/Ex-Libris-Alma1-1024x535.png\" alt=\"\" class=\"wp-image-16591\" srcset=\"https:\/\/rebub.u-bordeaux.fr\/wp-content\/uploads\/2023\/07\/Ex-Libris-Alma1-1024x535.png 1024w, https:\/\/rebub.u-bordeaux.fr\/wp-content\/uploads\/2023\/07\/Ex-Libris-Alma1-300x157.png 300w, https:\/\/rebub.u-bordeaux.fr\/wp-content\/uploads\/2023\/07\/Ex-Libris-Alma1-768x401.png 768w, https:\/\/rebub.u-bordeaux.fr\/wp-content\/uploads\/2023\/07\/Ex-Libris-Alma1-1536x803.png 1536w, https:\/\/rebub.u-bordeaux.fr\/wp-content\/uploads\/2023\/07\/Ex-Libris-Alma1.png 1663w\" sizes=\"(max-width: 1024px) 100vw, 1024px\" \/><figcaption class=\"wp-element-caption\">Acc\u00e9der au centre CloudApp<\/figcaption><\/figure>\n\n\n\n<p>Cliquez sur <strong>Applications disponibles<\/strong> <strong>(1.)<\/strong> puis <strong>activez (2.) <\/strong>le Journal Citation Reports (JCR)<\/p>\n\n\n\n<figure class=\"wp-block-image size-large\"><img decoding=\"async\" loading=\"lazy\" width=\"1024\" height=\"535\" src=\"https:\/\/rebub.u-bordeaux.fr\/wp-content\/uploads\/2023\/07\/Ex-Libris-Alma-1024x535.png\" alt=\"\" class=\"wp-image-16592\" srcset=\"https:\/\/rebub.u-bordeaux.fr\/wp-content\/uploads\/2023\/07\/Ex-Libris-Alma-1024x535.png 1024w, https:\/\/rebub.u-bordeaux.fr\/wp-content\/uploads\/2023\/07\/Ex-Libris-Alma-300x157.png 300w, https:\/\/rebub.u-bordeaux.fr\/wp-content\/uploads\/2023\/07\/Ex-Libris-Alma-768x401.png 768w, https:\/\/rebub.u-bordeaux.fr\/wp-content\/uploads\/2023\/07\/Ex-Libris-Alma-1536x803.png 1536w, https:\/\/rebub.u-bordeaux.fr\/wp-content\/uploads\/2023\/07\/Ex-Libris-Alma.png 1663w\" sizes=\"(max-width: 1024px) 100vw, 1024px\" \/><\/figure>\n\n\n\n<h2 id=\"stoc-utiliser-lapplication\" class=\"wpig-heading\">Utiliser l&rsquo;application<\/h2>\n\n\n\n<p>\u00c0 partir de la liste de r\u00e9sultats d&rsquo;une recherche \u00ab\u00a0Tous les titres\u00a0\u00bb, \u00ab\u00a0Titres physiques\u00a0\u00bb ou \u00ab\u00a0Titres \u00e9lectroniques\u00a0\u00bb sur votre institution, la zone r\u00e9seau ou la zone communautaire, ouvrez le centre CloudApp. Dans la liste des applications activ\u00e9es, cliquez sur le JCR.<\/p>\n\n\n\n<figure class=\"wp-block-image size-large\"><img decoding=\"async\" loading=\"lazy\" width=\"1024\" height=\"535\" src=\"https:\/\/rebub.u-bordeaux.fr\/wp-content\/uploads\/2023\/07\/Titres-electroniques-1024x535.png\" alt=\"\" class=\"wp-image-16593\" srcset=\"https:\/\/rebub.u-bordeaux.fr\/wp-content\/uploads\/2023\/07\/Titres-electroniques-1024x535.png 1024w, https:\/\/rebub.u-bordeaux.fr\/wp-content\/uploads\/2023\/07\/Titres-electroniques-300x157.png 300w, https:\/\/rebub.u-bordeaux.fr\/wp-content\/uploads\/2023\/07\/Titres-electroniques-768x401.png 768w, https:\/\/rebub.u-bordeaux.fr\/wp-content\/uploads\/2023\/07\/Titres-electroniques-1536x803.png 1536w, https:\/\/rebub.u-bordeaux.fr\/wp-content\/uploads\/2023\/07\/Titres-electroniques.png 1663w\" sizes=\"(max-width: 1024px) 100vw, 1024px\" \/><\/figure>\n\n\n\n<p>En cliquant sur le lien \u00ab\u00a0<strong>Available<\/strong>\u00ab\u00a0, vous verrez, pour chaque titre de votre r\u00e9sultat de recherche, le facteur d&rsquo;impact de la revue si celle-ci est analys\u00e9e dans le JCR.<\/p>\n\n\n\n<figure class=\"wp-block-image size-large\"><img decoding=\"async\" loading=\"lazy\" width=\"1024\" height=\"535\" src=\"https:\/\/rebub.u-bordeaux.fr\/wp-content\/uploads\/2023\/07\/Titres-electroniques1-1024x535.png\" alt=\"\" class=\"wp-image-16594\" srcset=\"https:\/\/rebub.u-bordeaux.fr\/wp-content\/uploads\/2023\/07\/Titres-electroniques1-1024x535.png 1024w, https:\/\/rebub.u-bordeaux.fr\/wp-content\/uploads\/2023\/07\/Titres-electroniques1-300x157.png 300w, https:\/\/rebub.u-bordeaux.fr\/wp-content\/uploads\/2023\/07\/Titres-electroniques1-768x401.png 768w, https:\/\/rebub.u-bordeaux.fr\/wp-content\/uploads\/2023\/07\/Titres-electroniques1-1536x803.png 1536w, https:\/\/rebub.u-bordeaux.fr\/wp-content\/uploads\/2023\/07\/Titres-electroniques1.png 1663w\" sizes=\"(max-width: 1024px) 100vw, 1024px\" \/><\/figure>\n\n\n\n<div class=\"is-layout-flex wp-container-6 wp-block-columns bord-bloc-reutilisable has-background\" style=\"background-color:#d9edf7\">\n<div class=\"is-layout-flow wp-block-column is-vertically-aligned-center\" style=\"font-size:15px;flex-basis:20%\">\n<p style=\"font-size:15px\"><strong>Date de publication<\/strong> <\/p>\n\n\n<div style=\"font-size:15px;\" class=\"wp-block-post-date\"><time datetime=\"2024-03-22T09:34:31+01:00\">22 mars 2024<\/time><\/div><\/div>\n\n\n\n<div class=\"is-layout-flow wp-block-column is-vertically-aligned-center\" style=\"font-size:15px;flex-basis:20%\">\n<p><strong>Mis \u00e0 jour le <\/strong><\/p>\n\n\n<div style=\"font-size:15px;\" class=\"wp-block-post-date\"><time datetime=\"2024-04-26T14:56:15+02:00\">26 avril 2024<\/time><\/div><\/div>\n\n\n\n<div class=\"is-layout-flow wp-block-column is-vertically-aligned-center\" style=\"font-size:15px;flex-basis:40%\">\n<p><\/p>\n\n\n\n<p><strong>Attention ! <\/strong>Certains \u00e9tablissements utilisent parfois de proc\u00e9dures compl\u00e9mentaires <\/p>\n<\/div>\n\n\n\n<div class=\"is-layout-flow wp-block-column is-vertically-aligned-center\" style=\"font-size:15px;flex-basis:25%\">\n<div class=\"is-horizontal is-content-justification-center is-layout-flex wp-container-4 wp-block-buttons alignfull has-custom-font-size\" style=\"font-size:16px\">\n<div class=\"wp-block-button has-custom-width wp-block-button__width-75 has-custom-font-size is-style-fill\" style=\"font-size:15px\"><a class=\"wp-block-button__link has-white-color has-text-color has-background wp-element-button\" href=\"mailto:scoop@u-bordeaux.fr\" style=\"border-radius:65px;background-color:#000000db\"><strong>Signaler une erreur<\/strong><\/a><\/div>\n<\/div>\n<\/div>\n<\/div>\n","protected":false},"excerpt":{"rendered":"<p>Table des mati\u00e8res[ Show ]Activer l&rsquo;applicationUtiliser l&rsquo;applicationLa CloudApp \u00ab\u00a0Journal Citation Report\u00a0\u00bb permet d&rsquo;afficher le facteur d&rsquo;impact des revues depuis la liste des r\u00e9sultats. Activer l&rsquo;application Dans le menu utilisateur, cliquez sur l&rsquo;ic\u00f4ne Centre CloudApp. Si celui-ci n&rsquo;appara\u00eet pas, cliquez sur&#8230;<\/p>\n","protected":false},"author":2,"featured_media":0,"parent":18670,"menu_order":8,"comment_status":"closed","ping_status":"closed","template":"","meta":[],"post_mailing_queue_ids":[],"_links":{"self":[{"href":"http:\/\/rebub.u-bordeaux.fr\/index.php\/wp-json\/wp\/v2\/pages\/18646"}],"collection":[{"href":"http:\/\/rebub.u-bordeaux.fr\/index.php\/wp-json\/wp\/v2\/pages"}],"about":[{"href":"http:\/\/rebub.u-bordeaux.fr\/index.php\/wp-json\/wp\/v2\/types\/page"}],"author":[{"embeddable":true,"href":"http:\/\/rebub.u-bordeaux.fr\/index.php\/wp-json\/wp\/v2\/users\/2"}],"replies":[{"embeddable":true,"href":"http:\/\/rebub.u-bordeaux.fr\/index.php\/wp-json\/wp\/v2\/comments?post=18646"}],"version-history":[{"count":3,"href":"http:\/\/rebub.u-bordeaux.fr\/index.php\/wp-json\/wp\/v2\/pages\/18646\/revisions"}],"predecessor-version":[{"id":20585,"href":"http:\/\/rebub.u-bordeaux.fr\/index.php\/wp-json\/wp\/v2\/pages\/18646\/revisions\/20585"}],"up":[{"embeddable":true,"href":"http:\/\/rebub.u-bordeaux.fr\/index.php\/wp-json\/wp\/v2\/pages\/18670"}],"wp:attachment":[{"href":"http:\/\/rebub.u-bordeaux.fr\/index.php\/wp-json\/wp\/v2\/media?parent=18646"}],"curies":[{"name":"wp","href":"https:\/\/api.w.org\/{rel}","templated":true}]}}