	{"id":18652,"date":"2024-03-22T09:33:56","date_gmt":"2024-03-22T08:33:56","guid":{"rendered":"https:\/\/rebub.u-bordeaux.fr\/?page_id=18652"},"modified":"2024-04-26T10:07:52","modified_gmt":"2024-04-26T08:07:52","slug":"desactiver-une-collection-electronique-de-type-base-de-donnees-sans-supprimer-la-notice-et-ne-plus-la-publier-vers-primo","status":"publish","type":"page","link":"http:\/\/rebub.u-bordeaux.fr\/index.php\/alma\/procedures\/documentation-electronique\/portfolios-collections\/desactiver-une-collection-electronique-de-type-base-de-donnees-sans-supprimer-la-notice-et-ne-plus-la-publier-vers-primo\/","title":{"rendered":"D\u00e9sactiver une collection \u00e9lectronique de type base de donn\u00e9es sans supprimer la notice et ne plus la publier vers Primo"},"content":{"rendered":"<div id='wpig-floatingbar' class='wpig-floatingbar'><div id='wpig-switch-wrapper' class='wpig-switch-wrapper'><span id='wpig-floating-switch' class='wpig-floating-switch'><img src='http:\/\/rebub.u-bordeaux.fr\/wp-content\/plugins\/sticky-toc-advance-table-of-contents\/\\assets\\menu.png'><\/span><\/div><div id='wpig-contents' class='wpig-contents  wpig-sidebar-widget wpig-style-3'><span class='wpig-headline'>Table des mati\u00e8res<span><a data-action='show' class='wpig-btn-toggledisplay'>[ Show ]<\/a><\/span><\/span><!-- Table of Contents --><div id='wpig-table-of-content' class='wpig-table-of-content'><ol><li class='pour_depublier_la_notice_de_bdes-associer_la_collection_avec_sa_notice_descriptive'><a href='#pour_depublier_la_notice_de_bdes-associer_la_collection_avec_sa_notice_descriptive'>Pour d\u00e9publier la notice de B+ : d\u00e9s-associer la collection avec sa notice descriptive.<\/a><\/li><li class='creer_un_service_local_non_actif'><a href='#creer_un_service_local_non_actif'>Cr\u00e9er un service local non actif<\/a><\/li><\/div><!-- END OF Table of Contents --><\/div><\/div><p><div id='wpig-contents' class='wpig-contents  wpig-sidebar-widget wpig-style-1'><span class='wpig-headline'>Table des mati\u00e8res<span><a data-action='show' class='wpig-btn-toggledisplay'>[ Show ]<\/a><\/span><\/span><!-- Table of Contents --><div id='wpig-table-of-content' class='wpig-table-of-content' ><ol><li class='pour_depublier_la_notice_de_bdes-associer_la_collection_avec_sa_notice_descriptive'><a href='#pour_depublier_la_notice_de_bdes-associer_la_collection_avec_sa_notice_descriptive'>Pour d\u00e9publier la notice de B+ : d\u00e9s-associer la collection avec sa notice descriptive.<\/a><\/li><li class='creer_un_service_local_non_actif'><a href='#creer_un_service_local_non_actif'>Cr\u00e9er un service local non actif<\/a><\/li><\/div><!-- END OF Table of Contents --><\/div><\/p>\n<p>Pour les collections \u00e9lectroniques de type base de donn\u00e9es il n&rsquo;y a pas de service et donc pas de possibilit\u00e9 de d\u00e9sactiver la base. Pour d\u00e9sactiver la ressource sans avoir \u00e0 supprimer collection et perdre les informations de ligne de commande voici comment proc\u00e9der<\/p>\n\n\n\n<h2 id=\"pour_depublier_la_notice_de_bdes-associer_la_collection_avec_sa_notice_descriptive\" id=\"pour_depublier_la_notice_de_bdes-associer_la_collection_avec_sa_notice_descriptive\" class=\"wpig-heading\">Pour d\u00e9publier la notice de B+ : d\u00e9s-associer la collection avec sa notice descriptive.<\/h2>\n\n\n\n<ol>\n<li>Editer la collection<\/li>\n\n\n\n<li>Aller sur l&rsquo;onglet \u201cInformations suppl\u00e9mentaires\u201d<\/li>\n\n\n\n<li>Sur la ligne \u201cInformation descriptive suppl\u00e9mentaire\u201d<\/li>\n\n\n\n<li>Supprimer la notice li\u00e9e<\/li>\n\n\n\n<li>Enregistrer<\/li>\n<\/ol>\n\n\n<div class=\"wp-block-image\">\n<figure class=\"aligncenter is-resized\"><a href=\"http:\/\/rebub.u-bordeaux.fr\/wp-content\/uploads\/2021\/05\/alma_ub.png\" target=\"_blank\" rel=\"noreferrer noopener\"><img decoding=\"async\" loading=\"lazy\" src=\"http:\/\/rebub.u-bordeaux.fr\/wp-content\/uploads\/2021\/05\/alma_ub.png\" alt=\"\" class=\"wp-image-11438\" width=\"798\" height=\"404\" title=\"http:\/\/rebub.u-bordeaux.fr\/wp-content\/uploads\/2021\/05\/alma_ub.png\" srcset=\"https:\/\/rebub.u-bordeaux.fr\/wp-content\/uploads\/2021\/05\/alma_ub.png 1905w, https:\/\/rebub.u-bordeaux.fr\/wp-content\/uploads\/2021\/05\/alma_ub-300x152.png 300w, https:\/\/rebub.u-bordeaux.fr\/wp-content\/uploads\/2021\/05\/alma_ub-1024x518.png 1024w, https:\/\/rebub.u-bordeaux.fr\/wp-content\/uploads\/2021\/05\/alma_ub-768x389.png 768w, https:\/\/rebub.u-bordeaux.fr\/wp-content\/uploads\/2021\/05\/alma_ub-1536x777.png 1536w\" sizes=\"(max-width: 798px) 100vw, 798px\" \/><\/a><\/figure><\/div>\n\n\n<h2 id=\"creer_un_service_local_non_actif\" id=\"creer_un_service_local_non_actif\" class=\"wpig-heading\">Cr\u00e9er un service local non actif<\/h2>\n\n\n\n<ol>\n<li>\u00c9diter la collection \u00e9lectronique<\/li>\n\n\n\n<li>Dans l&rsquo;Onglet \u201cInformations suppl\u00e9mentaires\u201d&gt;Services disponibles<\/li>\n\n\n\n<li>Cliquez sur \u201cAjouter un service local\u201d<\/li>\n\n\n\n<li>Cliquez sur enregistrer sans rien modifier sur les deux \u00e9crans qui vont se succ\u00e9der.<\/li>\n<\/ol>\n\n\n\n<div class=\"is-layout-flex wp-container-6 wp-block-columns bord-bloc-reutilisable has-background\" style=\"background-color:#d9edf7\">\n<div class=\"is-layout-flow wp-block-column is-vertically-aligned-center\" style=\"font-size:15px;flex-basis:20%\">\n<p style=\"font-size:15px\"><strong>Date de publication<\/strong> <\/p>\n\n\n<div style=\"font-size:15px;\" class=\"wp-block-post-date\"><time datetime=\"2024-03-22T09:33:56+01:00\">22 mars 2024<\/time><\/div><\/div>\n\n\n\n<div class=\"is-layout-flow wp-block-column is-vertically-aligned-center\" style=\"font-size:15px;flex-basis:20%\">\n<p><strong>Mis \u00e0 jour le <\/strong><\/p>\n\n\n<div style=\"font-size:15px;\" class=\"wp-block-post-date\"><time datetime=\"2024-04-26T10:07:52+02:00\">26 avril 2024<\/time><\/div><\/div>\n\n\n\n<div class=\"is-layout-flow wp-block-column is-vertically-aligned-center\" style=\"font-size:15px;flex-basis:40%\">\n<p><\/p>\n\n\n\n<p><strong>Attention ! <\/strong>Certains \u00e9tablissements utilisent parfois de proc\u00e9dures compl\u00e9mentaires <\/p>\n<\/div>\n\n\n\n<div class=\"is-layout-flow wp-block-column is-vertically-aligned-center\" style=\"font-size:15px;flex-basis:25%\">\n<div class=\"is-horizontal is-content-justification-center is-layout-flex wp-container-4 wp-block-buttons alignfull has-custom-font-size\" style=\"font-size:16px\">\n<div class=\"wp-block-button has-custom-width wp-block-button__width-75 has-custom-font-size is-style-fill\" style=\"font-size:15px\"><a class=\"wp-block-button__link has-white-color has-text-color has-background wp-element-button\" href=\"mailto:scoop@u-bordeaux.fr\" style=\"border-radius:65px;background-color:#000000db\"><strong>Signaler une erreur<\/strong><\/a><\/div>\n<\/div>\n<\/div>\n<\/div>\n","protected":false},"excerpt":{"rendered":"<p>Table des mati\u00e8res[ Show ]Pour d\u00e9publier la notice de B+ : d\u00e9s-associer la collection avec sa notice descriptive.Cr\u00e9er un service local non actifPour les collections \u00e9lectroniques de type base de donn\u00e9es il n&rsquo;y a pas de service et donc pas&#8230;<\/p>\n","protected":false},"author":46,"featured_media":0,"parent":18610,"menu_order":10,"comment_status":"closed","ping_status":"closed","template":"","meta":[],"post_mailing_queue_ids":[],"_links":{"self":[{"href":"http:\/\/rebub.u-bordeaux.fr\/index.php\/wp-json\/wp\/v2\/pages\/18652"}],"collection":[{"href":"http:\/\/rebub.u-bordeaux.fr\/index.php\/wp-json\/wp\/v2\/pages"}],"about":[{"href":"http:\/\/rebub.u-bordeaux.fr\/index.php\/wp-json\/wp\/v2\/types\/page"}],"author":[{"embeddable":true,"href":"http:\/\/rebub.u-bordeaux.fr\/index.php\/wp-json\/wp\/v2\/users\/46"}],"replies":[{"embeddable":true,"href":"http:\/\/rebub.u-bordeaux.fr\/index.php\/wp-json\/wp\/v2\/comments?post=18652"}],"version-history":[{"count":3,"href":"http:\/\/rebub.u-bordeaux.fr\/index.php\/wp-json\/wp\/v2\/pages\/18652\/revisions"}],"predecessor-version":[{"id":20500,"href":"http:\/\/rebub.u-bordeaux.fr\/index.php\/wp-json\/wp\/v2\/pages\/18652\/revisions\/20500"}],"up":[{"embeddable":true,"href":"http:\/\/rebub.u-bordeaux.fr\/index.php\/wp-json\/wp\/v2\/pages\/18610"}],"wp:attachment":[{"href":"http:\/\/rebub.u-bordeaux.fr\/index.php\/wp-json\/wp\/v2\/media?parent=18652"}],"curies":[{"name":"wp","href":"https:\/\/api.w.org\/{rel}","templated":true}]}}