	{"id":18659,"date":"2024-03-22T09:34:30","date_gmt":"2024-03-22T08:34:30","guid":{"rendered":"https:\/\/rebub.u-bordeaux.fr\/?page_id=18659"},"modified":"2024-07-15T10:24:07","modified_gmt":"2024-07-15T08:24:07","slug":"gestion-des-demandes-dajout-modification-aupres-dex-libris","status":"publish","type":"page","link":"http:\/\/rebub.u-bordeaux.fr\/index.php\/alma\/procedures\/documentation-electronique\/controles\/gestion-des-demandes-dajout-modification-aupres-dex-libris\/","title":{"rendered":"Gestion des demandes d\u2019ajout\/modification aupr\u00e8s d\u2019Ex Libris"},"content":{"rendered":"<div id='wpig-floatingbar' class='wpig-floatingbar'><div id='wpig-switch-wrapper' class='wpig-switch-wrapper'><span id='wpig-floating-switch' class='wpig-floating-switch'><img src='http:\/\/rebub.u-bordeaux.fr\/wp-content\/plugins\/sticky-toc-advance-table-of-contents\/\\assets\\menu.png'><\/span><\/div><div id='wpig-contents' class='wpig-contents  wpig-sidebar-widget wpig-style-3'><span class='wpig-headline'>Table des mati\u00e8res<span><a data-action='show' class='wpig-btn-toggledisplay'>[ Show ]<\/a><\/span><\/span><!-- Table of Contents --><div id='wpig-table-of-content' class='wpig-table-of-content'><ol><li class='rappelles_collections_pour_lesquelles_des_demandes_ont_ete_faites_pendant_la_phase_de_migration'><a href='#rappelles_collections_pour_lesquelles_des_demandes_ont_ete_faites_pendant_la_phase_de_migration'>Rappel : les collections pour lesquelles des demandes ont \u00e9t\u00e9 faites pendant la phase de migration<\/a><\/li><li class='envoyer_des_demandes_de_corrections_a_partir_d_alma'><a href='#envoyer_des_demandes_de_corrections_a_partir_d_alma'>Envoyer des demandes de corrections \u00e0 partir d&rsquo;Alma<\/a><\/li><li class='gestion_des_tickets_dans_salesforce'><a href='#gestion_des_tickets_dans_salesforce'>Gestion des tickets dans SalesForce<\/a><\/li><\/ol><\/div><!-- END OF Table of Contents --><\/div><\/div><p><div id='wpig-contents' class='wpig-contents  wpig-sidebar-widget wpig-style-1'><span class='wpig-headline'>Table des mati\u00e8res<span><a data-action='show' class='wpig-btn-toggledisplay'>[ Show ]<\/a><\/span><\/span><!-- Table of Contents --><div id='wpig-table-of-content' class='wpig-table-of-content' ><ol><li class='rappelles_collections_pour_lesquelles_des_demandes_ont_ete_faites_pendant_la_phase_de_migration'><a href='#rappelles_collections_pour_lesquelles_des_demandes_ont_ete_faites_pendant_la_phase_de_migration'>Rappel : les collections pour lesquelles des demandes ont \u00e9t\u00e9 faites pendant la phase de migration<\/a><\/li><li class='envoyer_des_demandes_de_corrections_a_partir_d_alma'><a href='#envoyer_des_demandes_de_corrections_a_partir_d_alma'>Envoyer des demandes de corrections \u00e0 partir d&rsquo;Alma<\/a><\/li><li class='gestion_des_tickets_dans_salesforce'><a href='#gestion_des_tickets_dans_salesforce'>Gestion des tickets dans SalesForce<\/a><\/li><\/ol><\/div><!-- END OF Table of Contents --><\/div><\/p>\n<h2 id=\"rappelles_collections_pour_lesquelles_des_demandes_ont_ete_faites_pendant_la_phase_de_migration\" id=\"rappelles_collections_pour_lesquelles_des_demandes_ont_ete_faites_pendant_la_phase_de_migration\" class=\"wpig-heading\">Rappel : les collections pour lesquelles des demandes ont \u00e9t\u00e9 faites pendant la phase de migration<\/h2>\n\n\n\n<p>Voir le CR de la migration.<\/p>\n\n\n\n<h2 id=\"envoyer_des_demandes_de_corrections_a_partir_d_alma\" id=\"envoyer_des_demandes_de_corrections_a_partir_d_alma\" class=\"wpig-heading\">Envoyer des demandes de corrections \u00e0 partir d&rsquo;Alma<\/h2>\n\n\n\n<p>Ces envois permettent d&rsquo;enrichir et de partager les informations locales, cela ne signifie pas qu&rsquo;Ex Libris va prendre en charge les mises \u00e0 jour \u00e0 venir de la collection.<\/p>\n\n\n\n<p>Ce mode d&rsquo;envoi est donc \u00e0 r\u00e9server aux collections statiques ou dont on g\u00e8re les mises \u00e0 jour \u00e0 partir des envois des \u00e9diteurs.<\/p>\n\n\n\n<p>Pour pouvoir utiliser cette fonction, il faut enregistrer les comptes qui ont des droits dans SalesForce dans Alma. Ensuite, il est possible depuis une collection ou un portefolio via le bouton action > Envoyer \u00e0 Ex Libris de transmettre les modifications ou demandes.<\/p>\n\n\n\n<div class=\"is-layout-flex wp-container-3 wp-block-columns bord-bloc-reutilisable has-background\" style=\"background-color:#ffeec2\">\n<div class=\"is-layout-flow wp-block-column is-vertically-aligned-center\" style=\"flex-basis:7%\">\n<figure class=\"wp-block-image alignfull size-full is-style-default\"><img decoding=\"async\" loading=\"lazy\" width=\"512\" height=\"512\" src=\"https:\/\/rebub.u-bordeaux.fr\/wp-content\/uploads\/2024\/04\/nouvelles-idees-en-cours.png\" alt=\"\" class=\"wp-image-19897\" srcset=\"https:\/\/rebub.u-bordeaux.fr\/wp-content\/uploads\/2024\/04\/nouvelles-idees-en-cours.png 512w, https:\/\/rebub.u-bordeaux.fr\/wp-content\/uploads\/2024\/04\/nouvelles-idees-en-cours-300x300.png 300w, https:\/\/rebub.u-bordeaux.fr\/wp-content\/uploads\/2024\/04\/nouvelles-idees-en-cours-150x150.png 150w\" sizes=\"(max-width: 512px) 100vw, 512px\" \/><\/figure>\n<\/div>\n\n\n\n<div class=\"is-layout-flow wp-block-column is-vertically-aligned-center\" style=\"flex-basis:85%\">\n<p><strong>Note<\/strong> : pour le moment, dans la mesure o\u00f9 il n&rsquo;est pas possible de mettre en copie qui que ce soit sur ces demandes. Je pr\u00e9f\u00e8re que l&rsquo;on n&rsquo;utilise pas. A l&rsquo;avenir, \u00e0 organiser avec les autres utilisateurs Alma France &#8211; notamment pour le suivi de bouquets Couperin absents de la base &#8211; pour \u00e9viter de g\u00e9rer tout tout seul.<\/p>\n<\/div>\n<\/div>\n\n\n\n<h2 id=\"gestion_des_tickets_dans_salesforce\" id=\"gestion_des_tickets_dans_salesforce\" class=\"wpig-heading\">Gestion des tickets dans SalesForce<\/h2>\n\n\n\n<p>Le mode normal de fonctionnement pour les demandes \u00e0 Ex Libris passe par le gestionnaire de tickets SalesForce. Normalement tous les coll\u00e8gues qui avaient des droits dans SalesForce pour 360 en ont pour Alma.<\/p>\n\n\n\n<p>Dans la mesure o\u00f9 nous n&rsquo;avons pas tous acc\u00e8s \u00e0 tous les environnements, merci de respecter quelques r\u00e8gles avant l&rsquo;ouverture d&rsquo;un ticket :<\/p>\n\n\n\n<ul>\n<li>r\u00e9server l&rsquo;usage de SalesForce aux seules demandes en lien avec la gestion de la KB : toute autre demande \u00e0 Ex Libris doit passer par le SCOOP<\/li>\n\n\n\n<li>merci de mettre syst\u00e9matiquement l&rsquo;adresse scoop@diff.u-bordeaux.fr en copie de vos tickets<\/li>\n\n\n\n<li>avant de cr\u00e9er un ticket, v\u00e9rifier quelles autres institutions sont concern\u00e9es par la collection concern\u00e9e par votre demande : si vous n&rsquo;\u00eates pas seuls utilisateur ajouter l&rsquo;adresse mail du GT rebub-sgbm-gt-experts-docelec@diff.u-bordeaux.fr en copie du ticket<\/li>\n\n\n\n<li>utiliser les bonnes cat\u00e9gories\n<ul>\n<li>Asset : Alma Data Services<\/li>\n\n\n\n<li>Category : Collection OU Portefolio selon les cas<\/li>\n\n\n\n<li>Sub-Category : Add, Update, Linking, Delete<\/li>\n<\/ul>\n<\/li>\n<\/ul>\n\n\n\n<div class=\"is-layout-flex wp-container-9 wp-block-columns bord-bloc-reutilisable has-background\" style=\"background-color:#d9edf7\">\n<div class=\"is-layout-flow wp-block-column is-vertically-aligned-center\" style=\"font-size:15px;flex-basis:20%\">\n<p style=\"font-size:15px\"><strong>Date de publication<\/strong> <\/p>\n\n\n<div style=\"font-size:15px;\" class=\"wp-block-post-date\"><time datetime=\"2024-03-22T09:34:30+01:00\">22 mars 2024<\/time><\/div><\/div>\n\n\n\n<div class=\"is-layout-flow wp-block-column is-vertically-aligned-center\" style=\"font-size:15px;flex-basis:20%\">\n<p><strong>Mis \u00e0 jour le <\/strong><\/p>\n\n\n<div style=\"font-size:15px;\" class=\"wp-block-post-date\"><time datetime=\"2024-07-15T10:24:07+02:00\">15 juillet 2024<\/time><\/div><\/div>\n\n\n\n<div class=\"is-layout-flow wp-block-column is-vertically-aligned-center\" style=\"font-size:15px;flex-basis:40%\">\n<p><\/p>\n\n\n\n<p><strong>Attention ! <\/strong>Certains \u00e9tablissements utilisent parfois de proc\u00e9dures compl\u00e9mentaires <\/p>\n<\/div>\n\n\n\n<div class=\"is-layout-flow wp-block-column is-vertically-aligned-center\" style=\"font-size:15px;flex-basis:25%\">\n<div class=\"is-horizontal is-content-justification-center is-layout-flex wp-container-7 wp-block-buttons alignfull has-custom-font-size\" style=\"font-size:16px\">\n<div class=\"wp-block-button has-custom-width wp-block-button__width-75 has-custom-font-size is-style-fill\" style=\"font-size:15px\"><a class=\"wp-block-button__link has-white-color has-text-color has-background wp-element-button\" href=\"mailto:scoop@u-bordeaux.fr\" style=\"border-radius:65px;background-color:#000000db\"><strong>Signaler une erreur<\/strong><\/a><\/div>\n<\/div>\n<\/div>\n<\/div>\n","protected":false},"excerpt":{"rendered":"<p>Table des mati\u00e8res[ Show ]Rappel : les collections pour lesquelles des demandes ont \u00e9t\u00e9 faites pendant la phase de migrationEnvoyer des demandes de corrections \u00e0 partir d&rsquo;AlmaGestion des tickets dans SalesForceRappel : les collections pour lesquelles des demandes ont \u00e9t\u00e9&#8230;<\/p>\n","protected":false},"author":46,"featured_media":0,"parent":18670,"menu_order":7,"comment_status":"closed","ping_status":"closed","template":"","meta":[],"post_mailing_queue_ids":[],"_links":{"self":[{"href":"http:\/\/rebub.u-bordeaux.fr\/index.php\/wp-json\/wp\/v2\/pages\/18659"}],"collection":[{"href":"http:\/\/rebub.u-bordeaux.fr\/index.php\/wp-json\/wp\/v2\/pages"}],"about":[{"href":"http:\/\/rebub.u-bordeaux.fr\/index.php\/wp-json\/wp\/v2\/types\/page"}],"author":[{"embeddable":true,"href":"http:\/\/rebub.u-bordeaux.fr\/index.php\/wp-json\/wp\/v2\/users\/46"}],"replies":[{"embeddable":true,"href":"http:\/\/rebub.u-bordeaux.fr\/index.php\/wp-json\/wp\/v2\/comments?post=18659"}],"version-history":[{"count":6,"href":"http:\/\/rebub.u-bordeaux.fr\/index.php\/wp-json\/wp\/v2\/pages\/18659\/revisions"}],"predecessor-version":[{"id":22219,"href":"http:\/\/rebub.u-bordeaux.fr\/index.php\/wp-json\/wp\/v2\/pages\/18659\/revisions\/22219"}],"up":[{"embeddable":true,"href":"http:\/\/rebub.u-bordeaux.fr\/index.php\/wp-json\/wp\/v2\/pages\/18670"}],"wp:attachment":[{"href":"http:\/\/rebub.u-bordeaux.fr\/index.php\/wp-json\/wp\/v2\/media?parent=18659"}],"curies":[{"name":"wp","href":"https:\/\/api.w.org\/{rel}","templated":true}]}}