	{"id":18668,"date":"2024-03-22T09:34:27","date_gmt":"2024-03-22T08:34:27","guid":{"rendered":"https:\/\/rebub.u-bordeaux.fr\/?page_id=18668"},"modified":"2024-04-26T14:42:47","modified_gmt":"2024-04-26T12:42:47","slug":"demande-de-creation-de-ressources-dans-la-cz-alma","status":"publish","type":"page","link":"http:\/\/rebub.u-bordeaux.fr\/index.php\/alma\/procedures\/documentation-electronique\/controles\/demande-de-creation-de-ressources-dans-la-cz-alma\/","title":{"rendered":"Demande de cr\u00e9ation de ressources dans la CZ Alma"},"content":{"rendered":"<div id='wpig-floatingbar' class='wpig-floatingbar'><div id='wpig-switch-wrapper' class='wpig-switch-wrapper'><span id='wpig-floating-switch' class='wpig-floating-switch'><img src='http:\/\/rebub.u-bordeaux.fr\/wp-content\/plugins\/sticky-toc-advance-table-of-contents\/\\assets\\menu.png'><\/span><\/div><\/div><p><\/p>\n<p>Chaque \u00e9tablissement cr\u00e9e les tickets qui lui sont n\u00e9cessaires, en respectant quelques recommandations simples<\/p>\n\n\n\n<ol>\n<li>pr\u00e9fixer les tickets par [SGBm &#8211; sigle \u00e9tablissement] en utilisant les sigles UB\/UBM\/IEP\/INP\/BXSA<\/li>\n\n\n\n<li>utiliser l&rsquo;asset &lsquo;Universit\u00e9 de Bordeaux &#8211; Alma Data Services&rsquo;<\/li>\n\n\n\n<li>choisir la cat\u00e9gorie &lsquo;CKB E-Collection&rsquo; et le subject &lsquo;Add&rsquo;<\/li>\n\n\n\n<li>mettre la liste scoop@diff.u-bordeaux.fr dans les mails en copie<\/li>\n<\/ol>\n\n\n\n<p>Les informations \u00e0 fournir sont les suivantes<\/p>\n\n\n\n<ul>\n<li>nom de la base<\/li>\n\n\n\n<li>url g\u00e9n\u00e9rale de la plateforme<\/li>\n\n\n\n<li>type de collection, c&rsquo;est-\u00e0-dire\n<ul>\n<li>ressource payante \/ gratuite<\/li>\n\n\n\n<li>Base de donn\u00e9es ou bouquet<\/li>\n\n\n\n<li>Si bouquet, pr\u00e9ciser\n<ul>\n<li>selectif ou non-s\u00e9lectif<\/li>\n\n\n\n<li>si ce sont des revues, des e-boks ou les deux<\/li>\n<\/ul>\n<\/li>\n<\/ul>\n<\/li>\n\n\n\n<li>\u00e9diteur et diffuseur (si diff\u00e9rent de l&rsquo;\u00e9diteur)<\/li>\n\n\n\n<li>si possible pr\u00e9ciser un contact pour la base chez l&rsquo;\u00e9diteur<\/li>\n\n\n\n<li>fournir en PJ la liste des titres (extraction actuelle ERMS)<\/li>\n<\/ul>\n\n\n\n<div class=\"is-layout-flex wp-container-6 wp-block-columns bord-bloc-reutilisable has-background\" style=\"background-color:#d9edf7\">\n<div class=\"is-layout-flow wp-block-column is-vertically-aligned-center\" style=\"font-size:15px;flex-basis:20%\">\n<p style=\"font-size:15px\"><strong>Date de publication<\/strong> <\/p>\n\n\n<div style=\"font-size:15px;\" class=\"wp-block-post-date\"><time datetime=\"2024-03-22T09:34:27+01:00\">22 mars 2024<\/time><\/div><\/div>\n\n\n\n<div class=\"is-layout-flow wp-block-column is-vertically-aligned-center\" style=\"font-size:15px;flex-basis:20%\">\n<p><strong>Mis \u00e0 jour le <\/strong><\/p>\n\n\n<div style=\"font-size:15px;\" class=\"wp-block-post-date\"><time datetime=\"2024-04-26T14:42:47+02:00\">26 avril 2024<\/time><\/div><\/div>\n\n\n\n<div class=\"is-layout-flow wp-block-column is-vertically-aligned-center\" style=\"font-size:15px;flex-basis:40%\">\n<p><\/p>\n\n\n\n<p><strong>Attention ! <\/strong>Certains \u00e9tablissements utilisent parfois de proc\u00e9dures compl\u00e9mentaires <\/p>\n<\/div>\n\n\n\n<div class=\"is-layout-flow wp-block-column is-vertically-aligned-center\" style=\"font-size:15px;flex-basis:25%\">\n<div class=\"is-horizontal is-content-justification-center is-layout-flex wp-container-4 wp-block-buttons alignfull has-custom-font-size\" style=\"font-size:16px\">\n<div class=\"wp-block-button has-custom-width wp-block-button__width-75 has-custom-font-size is-style-fill\" style=\"font-size:15px\"><a class=\"wp-block-button__link has-white-color has-text-color has-background wp-element-button\" href=\"mailto:scoop@u-bordeaux.fr\" style=\"border-radius:65px;background-color:#000000db\"><strong>Signaler une erreur<\/strong><\/a><\/div>\n<\/div>\n<\/div>\n<\/div>\n","protected":false},"excerpt":{"rendered":"<p>Chaque \u00e9tablissement cr\u00e9e les tickets qui lui sont n\u00e9cessaires, en respectant quelques recommandations simples Les informations \u00e0 fournir sont les suivantes Date de publication Mis \u00e0 jour le Attention ! Certains \u00e9tablissements utilisent parfois de proc\u00e9dures compl\u00e9mentaires<\/p>\n","protected":false},"author":46,"featured_media":0,"parent":18670,"menu_order":5,"comment_status":"closed","ping_status":"closed","template":"","meta":[],"post_mailing_queue_ids":[],"_links":{"self":[{"href":"http:\/\/rebub.u-bordeaux.fr\/index.php\/wp-json\/wp\/v2\/pages\/18668"}],"collection":[{"href":"http:\/\/rebub.u-bordeaux.fr\/index.php\/wp-json\/wp\/v2\/pages"}],"about":[{"href":"http:\/\/rebub.u-bordeaux.fr\/index.php\/wp-json\/wp\/v2\/types\/page"}],"author":[{"embeddable":true,"href":"http:\/\/rebub.u-bordeaux.fr\/index.php\/wp-json\/wp\/v2\/users\/46"}],"replies":[{"embeddable":true,"href":"http:\/\/rebub.u-bordeaux.fr\/index.php\/wp-json\/wp\/v2\/comments?post=18668"}],"version-history":[{"count":4,"href":"http:\/\/rebub.u-bordeaux.fr\/index.php\/wp-json\/wp\/v2\/pages\/18668\/revisions"}],"predecessor-version":[{"id":20577,"href":"http:\/\/rebub.u-bordeaux.fr\/index.php\/wp-json\/wp\/v2\/pages\/18668\/revisions\/20577"}],"up":[{"embeddable":true,"href":"http:\/\/rebub.u-bordeaux.fr\/index.php\/wp-json\/wp\/v2\/pages\/18670"}],"wp:attachment":[{"href":"http:\/\/rebub.u-bordeaux.fr\/index.php\/wp-json\/wp\/v2\/media?parent=18668"}],"curies":[{"name":"wp","href":"https:\/\/api.w.org\/{rel}","templated":true}]}}