	{"id":18714,"date":"2024-03-22T09:34:44","date_gmt":"2024-03-22T08:34:44","guid":{"rendered":"https:\/\/rebub.u-bordeaux.fr\/?page_id=18714"},"modified":"2024-04-26T15:09:24","modified_gmt":"2024-04-26T13:09:24","slug":"articulatuion-alma-sudoc-reassort","status":"publish","type":"page","link":"http:\/\/rebub.u-bordeaux.fr\/index.php\/alma\/procedures\/acquisitions\/circuit-des-entrees\/articulatuion-alma-sudoc-reassort\/","title":{"rendered":"Monographie entrant dans les collections \u2013 Articulation Alma SUDOC &#8211; R\u00e9assort"},"content":{"rendered":"<div id='wpig-floatingbar' class='wpig-floatingbar'><div id='wpig-switch-wrapper' class='wpig-switch-wrapper'><span id='wpig-floating-switch' class='wpig-floating-switch'><img src='http:\/\/rebub.u-bordeaux.fr\/wp-content\/plugins\/sticky-toc-advance-table-of-contents\/\\assets\\menu.png'><\/span><\/div><div id='wpig-contents' class='wpig-contents  wpig-sidebar-widget wpig-style-3'><span class='wpig-headline'>Table des mati\u00e8res<span><a data-action='show' class='wpig-btn-toggledisplay'>[ Show ]<\/a><\/span><\/span><!-- Table of Contents --><div id='wpig-table-of-content' class='wpig-table-of-content'><ol><li class='stoc-reception-de-la-totalite-des-exemplaire'><a href='#stoc-reception-de-la-totalite-des-exemplaire'>R\u00e9ception de la totalit\u00e9 des exemplaire<\/a><\/li><li class='stoc-reception-partielle'><a href='#stoc-reception-partielle'>R\u00e9ception partielle<\/a><\/li><li class='stoc-passage-des-exemplaires-en-statut-disponible'><a href='#stoc-passage-des-exemplaires-en-statut-disponible'>Passage des exemplaires en statut disponible<\/a><\/li><\/ol><\/div><!-- END OF Table of Contents --><\/div><\/div><p><div id='wpig-contents' class='wpig-contents  wpig-sidebar-widget wpig-style-1'><span class='wpig-headline'>Table des mati\u00e8res<span><a data-action='show' class='wpig-btn-toggledisplay'>[ Show ]<\/a><\/span><\/span><!-- Table of Contents --><div id='wpig-table-of-content' class='wpig-table-of-content' ><ol><li class='stoc-reception-de-la-totalite-des-exemplaire'><a href='#stoc-reception-de-la-totalite-des-exemplaire'>R\u00e9ception de la totalit\u00e9 des exemplaire<\/a><\/li><li class='stoc-reception-partielle'><a href='#stoc-reception-partielle'>R\u00e9ception partielle<\/a><\/li><li class='stoc-passage-des-exemplaires-en-statut-disponible'><a href='#stoc-passage-des-exemplaires-en-statut-disponible'>Passage des exemplaires en statut disponible<\/a><\/li><\/ol><\/div><!-- END OF Table of Contents --><\/div><\/p>\n<h2 id=\"stoc-reception-de-la-totalite-des-exemplaire\" class=\"wpig-heading\">R\u00e9ception de la totalit\u00e9 des exemplaire<\/h2>\n\n\n\n<p>Rechercher la notice (Titres physiques) avec le PPN (il y d\u00e9j\u00e0 une localisation dans Sudoc et une notice avec PPN dans Alma) ou par CB<\/p>\n\n\n\n<ul>\n<li>Une notice de fonds de localisation d\u00e9finitive pour ma biblioth\u00e8que est d\u00e9j\u00e0 pr\u00e9sente<\/li>\n\n\n\n<li>Une notice de fonds d\u2019acquisition est \u00e9galement pr\u00e9sente<\/li>\n<\/ul>\n\n\n\n<p>Transf\u00e9rer les exemplaires de la notice d\u2019acquisition vers la notice de fonds de localisation permanente<\/p>\n\n\n\n<p><a href=\"http:\/\/rebub.u-bordeaux.fr\/wp-content\/uploads\/2020\/02\/Titre-physique.png\" target=\"_blank\" rel=\"noopener noreferrer\"><img decoding=\"async\" loading=\"lazy\" class=\"alignnone wp-image-8084 size-full\" src=\"http:\/\/rebub.u-bordeaux.fr\/wp-content\/uploads\/2020\/02\/Titre-physique.png\" alt=\"\" width=\"1204\" height=\"391\" srcset=\"https:\/\/rebub.u-bordeaux.fr\/wp-content\/uploads\/2020\/02\/Titre-physique.png 1204w, https:\/\/rebub.u-bordeaux.fr\/wp-content\/uploads\/2020\/02\/Titre-physique-300x97.png 300w, https:\/\/rebub.u-bordeaux.fr\/wp-content\/uploads\/2020\/02\/Titre-physique-1024x333.png 1024w, https:\/\/rebub.u-bordeaux.fr\/wp-content\/uploads\/2020\/02\/Titre-physique-768x249.png 768w\" sizes=\"(max-width: 1204px) 100vw, 1204px\" \/><\/a>Aller sur Tous les exemplaires<\/p>\n\n\n\n<figure class=\"wp-block-image\"><a href=\"http:\/\/rebub.u-bordeaux.fr\/wp-content\/uploads\/2020\/02\/Tous_Les_Exemplaires.png\" target=\"_blank\" rel=\"noopener noreferrer\"><img decoding=\"async\" loading=\"lazy\" width=\"1184\" height=\"305\" src=\"http:\/\/rebub.u-bordeaux.fr\/wp-content\/uploads\/2020\/02\/Tous_Les_Exemplaires.png\" alt=\"\" class=\"wp-image-8085\" srcset=\"https:\/\/rebub.u-bordeaux.fr\/wp-content\/uploads\/2020\/02\/Tous_Les_Exemplaires.png 1184w, https:\/\/rebub.u-bordeaux.fr\/wp-content\/uploads\/2020\/02\/Tous_Les_Exemplaires-300x77.png 300w, https:\/\/rebub.u-bordeaux.fr\/wp-content\/uploads\/2020\/02\/Tous_Les_Exemplaires-1024x264.png 1024w, https:\/\/rebub.u-bordeaux.fr\/wp-content\/uploads\/2020\/02\/Tous_Les_Exemplaires-768x198.png 768w\" sizes=\"(max-width: 1184px) 100vw, 1184px\" \/><\/a><\/figure>\n\n\n\n<p>Tous les exemplaires en acquisition et aller sur Modifier les notices de fonds<\/p>\n\n\n\n<figure class=\"wp-block-image\"><a href=\"http:\/\/rebub.u-bordeaux.fr\/wp-content\/uploads\/2020\/02\/Exemplaires_En_Acquisition.png\" target=\"_blank\" rel=\"noopener noreferrer\"><img decoding=\"async\" loading=\"lazy\" width=\"1512\" height=\"296\" src=\"http:\/\/rebub.u-bordeaux.fr\/wp-content\/uploads\/2020\/02\/Exemplaires_En_Acquisition.png\" alt=\"\" class=\"wp-image-8086\" srcset=\"https:\/\/rebub.u-bordeaux.fr\/wp-content\/uploads\/2020\/02\/Exemplaires_En_Acquisition.png 1512w, https:\/\/rebub.u-bordeaux.fr\/wp-content\/uploads\/2020\/02\/Exemplaires_En_Acquisition-300x59.png 300w, https:\/\/rebub.u-bordeaux.fr\/wp-content\/uploads\/2020\/02\/Exemplaires_En_Acquisition-1024x200.png 1024w, https:\/\/rebub.u-bordeaux.fr\/wp-content\/uploads\/2020\/02\/Exemplaires_En_Acquisition-768x150.png 768w\" sizes=\"(max-width: 1512px) 100vw, 1512px\" \/><\/a><\/figure>\n\n\n\n<p>S\u00e9lectionner la notice de fonds de localisation d\u00e9finitive et cliquer sur S\u00e9lectionner<\/p>\n\n\n\n<p>Un message affiche que le transfert a bien fonctionn\u00e9<\/p>\n\n\n<div class=\"wp-block-image\">\n<figure class=\"aligncenter\"><a href=\"http:\/\/rebub.u-bordeaux.fr\/wp-content\/uploads\/2020\/02\/Message_Exemplaires.png\" target=\"_blank\" rel=\"noopener noreferrer\"><img decoding=\"async\" loading=\"lazy\" width=\"400\" height=\"113\" src=\"http:\/\/rebub.u-bordeaux.fr\/wp-content\/uploads\/2020\/02\/Message_Exemplaires.png\" alt=\"\" class=\"wp-image-8088\" srcset=\"https:\/\/rebub.u-bordeaux.fr\/wp-content\/uploads\/2020\/02\/Message_Exemplaires.png 400w, https:\/\/rebub.u-bordeaux.fr\/wp-content\/uploads\/2020\/02\/Message_Exemplaires-300x85.png 300w\" sizes=\"(max-width: 400px) 100vw, 400px\" \/><\/a><\/figure><\/div>\n\n\n<p>Les exemplaires sont tous localis\u00e9s sous la bonne notice de fonds<\/p>\n\n\n\n<p>Retour<\/p>\n\n\n\n<figure class=\"wp-block-image\"><a href=\"http:\/\/rebub.u-bordeaux.fr\/wp-content\/uploads\/2020\/02\/Exemplaires_Localis%C3%A9s.png\" target=\"_blank\" rel=\"noopener noreferrer\"><img decoding=\"async\" loading=\"lazy\" width=\"768\" height=\"430\" src=\"http:\/\/rebub.u-bordeaux.fr\/wp-content\/uploads\/2020\/02\/Exemplaires_Localis\u00e9s.png\" alt=\"\" class=\"wp-image-8089\" srcset=\"https:\/\/rebub.u-bordeaux.fr\/wp-content\/uploads\/2020\/02\/Exemplaires_Localis\u00e9s.png 768w, https:\/\/rebub.u-bordeaux.fr\/wp-content\/uploads\/2020\/02\/Exemplaires_Localis\u00e9s-300x168.png 300w\" sizes=\"(max-width: 768px) 100vw, 768px\" \/><\/a><\/figure>\n\n\n\n<p>Il faut maintenant supprimer la notice d\u2019acquisition vide<\/p>\n\n\n\n<p>La s\u00e9lectionner et faire Supprimer les notices de fonds<\/p>\n\n\n\n<figure class=\"wp-block-image\"><a href=\"http:\/\/rebub.u-bordeaux.fr\/wp-content\/uploads\/2020\/02\/Supprimer_Notice_De_Donds.png\" target=\"_blank\" rel=\"noopener noreferrer\"><img decoding=\"async\" loading=\"lazy\" width=\"1496\" height=\"374\" src=\"http:\/\/rebub.u-bordeaux.fr\/wp-content\/uploads\/2020\/02\/Supprimer_Notice_De_Donds.png\" alt=\"\" class=\"wp-image-8090\" srcset=\"https:\/\/rebub.u-bordeaux.fr\/wp-content\/uploads\/2020\/02\/Supprimer_Notice_De_Donds.png 1496w, https:\/\/rebub.u-bordeaux.fr\/wp-content\/uploads\/2020\/02\/Supprimer_Notice_De_Donds-300x75.png 300w, https:\/\/rebub.u-bordeaux.fr\/wp-content\/uploads\/2020\/02\/Supprimer_Notice_De_Donds-1024x256.png 1024w, https:\/\/rebub.u-bordeaux.fr\/wp-content\/uploads\/2020\/02\/Supprimer_Notice_De_Donds-768x192.png 768w\" sizes=\"(max-width: 1496px) 100vw, 1496px\" \/><\/a><\/figure>\n\n\n\n<figure class=\"wp-block-image\"><a href=\"http:\/\/rebub.u-bordeaux.fr\/wp-content\/uploads\/2020\/02\/Message_Confirmation_Suppression_Notice_De_Fonds.png\" target=\"_blank\" rel=\"noopener noreferrer\"><img decoding=\"async\" loading=\"lazy\" width=\"636\" height=\"191\" src=\"http:\/\/rebub.u-bordeaux.fr\/wp-content\/uploads\/2020\/02\/Message_Confirmation_Suppression_Notice_De_Fonds.png\" alt=\"\" class=\"wp-image-8092\" srcset=\"https:\/\/rebub.u-bordeaux.fr\/wp-content\/uploads\/2020\/02\/Message_Confirmation_Suppression_Notice_De_Fonds.png 636w, https:\/\/rebub.u-bordeaux.fr\/wp-content\/uploads\/2020\/02\/Message_Confirmation_Suppression_Notice_De_Fonds-300x90.png 300w\" sizes=\"(max-width: 636px) 100vw, 636px\" \/><\/a><\/figure>\n\n\n\n<p>Confirmer<\/p>\n\n\n<div class=\"wp-block-image\">\n<figure class=\"aligncenter\"><a href=\"http:\/\/rebub.u-bordeaux.fr\/wp-content\/uploads\/2020\/02\/Message_Confirmation_Suppression.png\" target=\"_blank\" rel=\"noopener noreferrer\"><img decoding=\"async\" loading=\"lazy\" width=\"332\" height=\"96\" src=\"http:\/\/rebub.u-bordeaux.fr\/wp-content\/uploads\/2020\/02\/Message_Confirmation_Suppression.png\" alt=\"\" class=\"wp-image-8093\" srcset=\"https:\/\/rebub.u-bordeaux.fr\/wp-content\/uploads\/2020\/02\/Message_Confirmation_Suppression.png 332w, https:\/\/rebub.u-bordeaux.fr\/wp-content\/uploads\/2020\/02\/Message_Confirmation_Suppression-300x87.png 300w\" sizes=\"(max-width: 332px) 100vw, 332px\" \/><\/a><\/figure><\/div>\n\n\n<p>Retour<\/p>\n\n\n\n<p>Aller dans Tous les exemplaires<\/p>\n\n\n\n<p>Modifier les exemplaires r\u00e9ceptionn\u00e9s<\/p>\n\n\n\n<p>Cliquer sur le CB pour modifier l\u2019exemplaire<\/p>\n\n\n\n<p>Remplir le type de mat\u00e9riel, une \u00e9ventuelle exception de circulation et les notes stats<\/p>\n\n\n\n<p>Si des exemplaires sont encore en commande, ne pas les modifier<\/p>\n\n\n\n<h2 id=\"stoc-reception-partielle\" class=\"wpig-heading\">R\u00e9ception partielle<\/h2>\n\n\n\n<p>Rechercher la notice (Titres physiques) avec le PPN (il y d\u00e9j\u00e0 une localisation dans Sudoc et une notice avec ppn dans Alma) ou par CB<\/p>\n\n\n\n<p>Une notice de fonds de localisation d\u00e9finitive sur laquelle sont localis\u00e9s les exemplaires r\u00e9ceptionn\u00e9s pour ma biblioth\u00e8que est d\u00e9j\u00e0 pr\u00e9sente<\/p>\n\n\n\n<figure class=\"wp-block-image\"><a href=\"http:\/\/rebub.u-bordeaux.fr\/wp-content\/uploads\/2020\/02\/Recherche_Titres.png\" target=\"_blank\" rel=\"noopener noreferrer\"><img decoding=\"async\" loading=\"lazy\" width=\"1308\" height=\"59\" src=\"http:\/\/rebub.u-bordeaux.fr\/wp-content\/uploads\/2020\/02\/Recherche_Titres.png\" alt=\"\" class=\"wp-image-8095\" srcset=\"https:\/\/rebub.u-bordeaux.fr\/wp-content\/uploads\/2020\/02\/Recherche_Titres.png 1308w, https:\/\/rebub.u-bordeaux.fr\/wp-content\/uploads\/2020\/02\/Recherche_Titres-300x14.png 300w, https:\/\/rebub.u-bordeaux.fr\/wp-content\/uploads\/2020\/02\/Recherche_Titres-1024x46.png 1024w, https:\/\/rebub.u-bordeaux.fr\/wp-content\/uploads\/2020\/02\/Recherche_Titres-768x35.png 768w\" sizes=\"(max-width: 1308px) 100vw, 1308px\" \/><\/a><\/figure>\n\n\n\n<p>Recherche par CB<\/p>\n\n\n\n<figure class=\"wp-block-image\"><a href=\"http:\/\/rebub.u-bordeaux.fr\/wp-content\/uploads\/2020\/02\/Recherche_Par_CB.png\" target=\"_blank\" rel=\"noopener noreferrer\"><img decoding=\"async\" loading=\"lazy\" width=\"1488\" height=\"308\" src=\"http:\/\/rebub.u-bordeaux.fr\/wp-content\/uploads\/2020\/02\/Recherche_Par_CB.png\" alt=\"\" class=\"wp-image-8096\" srcset=\"https:\/\/rebub.u-bordeaux.fr\/wp-content\/uploads\/2020\/02\/Recherche_Par_CB.png 1488w, https:\/\/rebub.u-bordeaux.fr\/wp-content\/uploads\/2020\/02\/Recherche_Par_CB-300x62.png 300w, https:\/\/rebub.u-bordeaux.fr\/wp-content\/uploads\/2020\/02\/Recherche_Par_CB-1024x212.png 1024w, https:\/\/rebub.u-bordeaux.fr\/wp-content\/uploads\/2020\/02\/Recherche_Par_CB-768x159.png 768w\" sizes=\"(max-width: 1488px) 100vw, 1488px\" \/><\/a><\/figure>\n\n\n\n<p>Tous les exemplaires<\/p>\n\n\n\n<figure class=\"wp-block-image\"><a href=\"http:\/\/rebub.u-bordeaux.fr\/wp-content\/uploads\/2020\/02\/Tous_Les_Exemplaires_2.png\" target=\"_blank\" rel=\"noopener noreferrer\"><img decoding=\"async\" loading=\"lazy\" width=\"1096\" height=\"508\" src=\"http:\/\/rebub.u-bordeaux.fr\/wp-content\/uploads\/2020\/02\/Tous_Les_Exemplaires_2.png\" alt=\"\" class=\"wp-image-8097\" srcset=\"https:\/\/rebub.u-bordeaux.fr\/wp-content\/uploads\/2020\/02\/Tous_Les_Exemplaires_2.png 1096w, https:\/\/rebub.u-bordeaux.fr\/wp-content\/uploads\/2020\/02\/Tous_Les_Exemplaires_2-300x139.png 300w, https:\/\/rebub.u-bordeaux.fr\/wp-content\/uploads\/2020\/02\/Tous_Les_Exemplaires_2-1024x475.png 1024w, https:\/\/rebub.u-bordeaux.fr\/wp-content\/uploads\/2020\/02\/Tous_Les_Exemplaires_2-768x356.png 768w\" sizes=\"(max-width: 1096px) 100vw, 1096px\" \/><\/a><\/figure>\n\n\n\n<p>Aller dans Tous les exemplaires<\/p>\n\n\n\n<p>Et modifier les exemplaires r\u00e9ceptionn\u00e9s<\/p>\n\n\n\n<p>Cliquer sur le CB pour modifier l\u2019exemplaire<\/p>\n\n\n\n<p>Remplir le type de mat\u00e9riel, une \u00e9ventuelle exception de circulation et les notes statistiques<\/p>\n\n\n\n<h2 id=\"stoc-passage-des-exemplaires-en-statut-disponible\" class=\"wpig-heading\">Passage des exemplaires en statut disponible<\/h2>\n\n\n\n<p>Une fois les exemplaires \u00e9quip\u00e9s et pr\u00eats \u00e0 passer en salle, il faut leur appliquer le statut \u00ab Disponible \u00bb<\/p>\n\n\n\n<p><strong><u>Pour les ouvrages \u00ab En transit \u00bb (avant changement des profils) : <\/u><\/strong><\/p>\n\n\n\n<p>&#8211; Aller dans : Service aux usagers &gt; Scanner des exemplaires<\/p>\n\n\n\n<p>&#8211; D\u00e9cocher \u00ab Enregistrer un usage interne \u00bb si coch\u00e9<\/p>\n\n\n\n<p>&#8211; Scanner le code-barres et valider avec OK<\/p>\n\n\n\n<figure class=\"wp-block-image\"><a href=\"http:\/\/rebub.u-bordeaux.fr\/wp-content\/uploads\/2020\/02\/Scanner_Code_Barres_2.png\" target=\"_blank\" rel=\"noopener noreferrer\"><img decoding=\"async\" loading=\"lazy\" width=\"1084\" height=\"318\" src=\"http:\/\/rebub.u-bordeaux.fr\/wp-content\/uploads\/2020\/02\/Scanner_Code_Barres_2.png\" alt=\"\" class=\"wp-image-8098\" srcset=\"https:\/\/rebub.u-bordeaux.fr\/wp-content\/uploads\/2020\/02\/Scanner_Code_Barres_2.png 1084w, https:\/\/rebub.u-bordeaux.fr\/wp-content\/uploads\/2020\/02\/Scanner_Code_Barres_2-300x88.png 300w, https:\/\/rebub.u-bordeaux.fr\/wp-content\/uploads\/2020\/02\/Scanner_Code_Barres_2-1024x300.png 1024w, https:\/\/rebub.u-bordeaux.fr\/wp-content\/uploads\/2020\/02\/Scanner_Code_Barres_2-768x225.png 768w\" sizes=\"(max-width: 1084px) 100vw, 1084px\" \/><\/a><\/figure>\n\n\n\n<p><strong><u>Pour les ouvrages \u00ab En traitement \u00bb (apr\u00e8s changement des profils) : <\/u><\/strong><\/p>\n\n\n\n<p>&#8211; Aller dans : Service aux usagers &gt; Scanner des exemplaires<\/p>\n\n\n\n<p>&#8211; D\u00e9cocher \u00ab Enregistrer un usage interne \u00bb si coch\u00e9<\/p>\n\n\n\n<p>&#8211; Dans \u00ab Type de traitement interne \u00bb, choisir \u00ab Acquisition technical services \u00bb<\/p>\n\n\n\n<p>&#8211; Dans \u00ab Changer le statut en \u00bb, cliquer sur la zone vide<\/p>\n\n\n\n<figure class=\"wp-block-image\"><a href=\"http:\/\/rebub.u-bordeaux.fr\/wp-content\/uploads\/2020\/02\/Acquisition_Technical_Services_2-1.png\" target=\"_blank\" rel=\"noopener noreferrer\"><img decoding=\"async\" loading=\"lazy\" width=\"844\" height=\"356\" src=\"http:\/\/rebub.u-bordeaux.fr\/wp-content\/uploads\/2020\/02\/Acquisition_Technical_Services_2-1.png\" alt=\"\" class=\"wp-image-8100\" srcset=\"https:\/\/rebub.u-bordeaux.fr\/wp-content\/uploads\/2020\/02\/Acquisition_Technical_Services_2-1.png 844w, https:\/\/rebub.u-bordeaux.fr\/wp-content\/uploads\/2020\/02\/Acquisition_Technical_Services_2-1-300x127.png 300w, https:\/\/rebub.u-bordeaux.fr\/wp-content\/uploads\/2020\/02\/Acquisition_Technical_Services_2-1-768x324.png 768w\" sizes=\"(max-width: 844px) 100vw, 844px\" \/><\/a><\/figure>\n\n\n\n<p>Dans \u00ab Effectu\u00e9 \u00bb, cocher \u00ab Oui \u00bb<\/p>\n\n\n\n<p>&#8211; Scanner le code-barres et valider avec OK<\/p>\n\n\n\n<figure class=\"wp-block-image\"><a href=\"http:\/\/rebub.u-bordeaux.fr\/wp-content\/uploads\/2020\/02\/Scanner_Code_Barres_3.png\" target=\"_blank\" rel=\"noopener noreferrer\"><img decoding=\"async\" loading=\"lazy\" width=\"836\" height=\"353\" src=\"http:\/\/rebub.u-bordeaux.fr\/wp-content\/uploads\/2020\/02\/Scanner_Code_Barres_3.png\" alt=\"\" class=\"wp-image-8102\" srcset=\"https:\/\/rebub.u-bordeaux.fr\/wp-content\/uploads\/2020\/02\/Scanner_Code_Barres_3.png 836w, https:\/\/rebub.u-bordeaux.fr\/wp-content\/uploads\/2020\/02\/Scanner_Code_Barres_3-300x127.png 300w, https:\/\/rebub.u-bordeaux.fr\/wp-content\/uploads\/2020\/02\/Scanner_Code_Barres_3-768x324.png 768w\" sizes=\"(max-width: 836px) 100vw, 836px\" \/><\/a><\/figure>\n\n\n\n<div class=\"is-layout-flex wp-container-6 wp-block-columns bord-bloc-reutilisable has-background\" style=\"background-color:#d9edf7\">\n<div class=\"is-layout-flow wp-block-column is-vertically-aligned-center\" style=\"font-size:15px;flex-basis:20%\">\n<p style=\"font-size:15px\"><strong>Date de publication<\/strong> <\/p>\n\n\n<div style=\"font-size:15px;\" class=\"wp-block-post-date\"><time datetime=\"2024-03-22T09:34:44+01:00\">22 mars 2024<\/time><\/div><\/div>\n\n\n\n<div class=\"is-layout-flow wp-block-column is-vertically-aligned-center\" style=\"font-size:15px;flex-basis:20%\">\n<p><strong>Mis \u00e0 jour le <\/strong><\/p>\n\n\n<div style=\"font-size:15px;\" class=\"wp-block-post-date\"><time datetime=\"2024-04-26T15:09:24+02:00\">26 avril 2024<\/time><\/div><\/div>\n\n\n\n<div class=\"is-layout-flow wp-block-column is-vertically-aligned-center\" style=\"font-size:15px;flex-basis:40%\">\n<p><\/p>\n\n\n\n<p><strong>Attention ! <\/strong>Certains \u00e9tablissements utilisent parfois de proc\u00e9dures compl\u00e9mentaires <\/p>\n<\/div>\n\n\n\n<div class=\"is-layout-flow wp-block-column is-vertically-aligned-center\" style=\"font-size:15px;flex-basis:25%\">\n<div class=\"is-horizontal is-content-justification-center is-layout-flex wp-container-4 wp-block-buttons alignfull has-custom-font-size\" style=\"font-size:16px\">\n<div class=\"wp-block-button has-custom-width wp-block-button__width-75 has-custom-font-size is-style-fill\" style=\"font-size:15px\"><a class=\"wp-block-button__link has-white-color has-text-color has-background wp-element-button\" href=\"mailto:scoop@u-bordeaux.fr\" style=\"border-radius:65px;background-color:#000000db\"><strong>Signaler une erreur<\/strong><\/a><\/div>\n<\/div>\n<\/div>\n<\/div>\n","protected":false},"excerpt":{"rendered":"<p>Table des mati\u00e8res[ Show ]R\u00e9ception de la totalit\u00e9 des exemplaireR\u00e9ception partiellePassage des exemplaires en statut disponibleR\u00e9ception de la totalit\u00e9 des exemplaire Rechercher la notice (Titres physiques) avec le PPN (il y d\u00e9j\u00e0 une localisation dans Sudoc et une notice avec&#8230;<\/p>\n","protected":false},"author":46,"featured_media":4793,"parent":18696,"menu_order":2,"comment_status":"closed","ping_status":"closed","template":"","meta":[],"post_mailing_queue_ids":[],"_links":{"self":[{"href":"http:\/\/rebub.u-bordeaux.fr\/index.php\/wp-json\/wp\/v2\/pages\/18714"}],"collection":[{"href":"http:\/\/rebub.u-bordeaux.fr\/index.php\/wp-json\/wp\/v2\/pages"}],"about":[{"href":"http:\/\/rebub.u-bordeaux.fr\/index.php\/wp-json\/wp\/v2\/types\/page"}],"author":[{"embeddable":true,"href":"http:\/\/rebub.u-bordeaux.fr\/index.php\/wp-json\/wp\/v2\/users\/46"}],"replies":[{"embeddable":true,"href":"http:\/\/rebub.u-bordeaux.fr\/index.php\/wp-json\/wp\/v2\/comments?post=18714"}],"version-history":[{"count":3,"href":"http:\/\/rebub.u-bordeaux.fr\/index.php\/wp-json\/wp\/v2\/pages\/18714\/revisions"}],"predecessor-version":[{"id":20590,"href":"http:\/\/rebub.u-bordeaux.fr\/index.php\/wp-json\/wp\/v2\/pages\/18714\/revisions\/20590"}],"up":[{"embeddable":true,"href":"http:\/\/rebub.u-bordeaux.fr\/index.php\/wp-json\/wp\/v2\/pages\/18696"}],"wp:featuredmedia":[{"embeddable":true,"href":"http:\/\/rebub.u-bordeaux.fr\/index.php\/wp-json\/wp\/v2\/media\/4793"}],"wp:attachment":[{"href":"http:\/\/rebub.u-bordeaux.fr\/index.php\/wp-json\/wp\/v2\/media?parent=18714"}],"curies":[{"name":"wp","href":"https:\/\/api.w.org\/{rel}","templated":true}]}}