	{"id":1872,"date":"2017-11-08T11:14:39","date_gmt":"2017-11-08T10:14:39","guid":{"rendered":"http:\/\/rebub.u-bordeaux.fr\/?page_id=1872"},"modified":"2024-05-06T16:52:34","modified_gmt":"2024-05-06T14:52:34","slug":"presentation-4","status":"publish","type":"page","link":"http:\/\/rebub.u-bordeaux.fr\/index.php\/le-scoop\/nos-missions\/presentation-4\/","title":{"rendered":"Les formations"},"content":{"rendered":"<div id='wpig-floatingbar' class='wpig-floatingbar'><div id='wpig-switch-wrapper' class='wpig-switch-wrapper'><span id='wpig-floating-switch' class='wpig-floating-switch'><img src='http:\/\/rebub.u-bordeaux.fr\/wp-content\/plugins\/sticky-toc-advance-table-of-contents\/\\assets\\menu.png'><\/span><\/div><div id='wpig-contents' class='wpig-contents  wpig-sidebar-widget wpig-style-3'><span class='wpig-headline'>Table des mati\u00e8res<span><a data-action='show' class='wpig-btn-toggledisplay'>[ Show ]<\/a><\/span><\/span><!-- Table of Contents --><div id='wpig-table-of-content' class='wpig-table-of-content'><ol><li class='stoc-pour-qui'><a href='#stoc-pour-qui'>Pour qui&nbsp;?<\/a><\/li><li class='stoc-quand'><a href='#stoc-quand'>Quand&nbsp;?<\/a><\/li><li class='stoc-quoi'><a href='#stoc-quoi'>Quoi&nbsp;?<\/a><\/li><li class='stoc-les-formateurs'><a href='#stoc-les-formateurs'>Les formateurs<\/a><\/li><li class='stoc-comment-sinscrire'><a href='#stoc-comment-sinscrire'>Comment s\u2019inscrire&nbsp;?<\/a><\/li><\/ol><\/div><!-- END OF Table of Contents --><\/div><\/div><p><div id='wpig-contents' class='wpig-contents  wpig-sidebar-widget wpig-style-1'><span class='wpig-headline'>Table des mati\u00e8res<span><a data-action='show' class='wpig-btn-toggledisplay'>[ Show ]<\/a><\/span><\/span><!-- Table of Contents --><div id='wpig-table-of-content' class='wpig-table-of-content' ><ol><li class='stoc-pour-qui'><a href='#stoc-pour-qui'>Pour qui&nbsp;?<\/a><\/li><li class='stoc-quand'><a href='#stoc-quand'>Quand&nbsp;?<\/a><\/li><li class='stoc-quoi'><a href='#stoc-quoi'>Quoi&nbsp;?<\/a><\/li><li class='stoc-les-formateurs'><a href='#stoc-les-formateurs'>Les formateurs<\/a><\/li><li class='stoc-comment-sinscrire'><a href='#stoc-comment-sinscrire'>Comment s\u2019inscrire&nbsp;?<\/a><\/li><\/ol><\/div><!-- END OF Table of Contents --><\/div><\/p>\n<p>La formation est au c\u0153ur des pr\u00e9occupations du R\u00e9seau des Biblioth\u00e8ques Universitaires de Bordeaux, c\u2019est pourquoi un programme de formations aux fonctions de biblioth\u00e9caire est propos\u00e9 chaque ann\u00e9e afin d\u2019acqu\u00e9rir ou maintenir ses comp\u00e9tences.<\/p>\n\n\n\n<p>Pour cela, <strong>M\u00e9diaquitaine<\/strong>, l\u2019<strong>Abes<\/strong> et le <strong>Scoop<\/strong> sont associ\u00e9s pour organiser et assurer les diff\u00e9rentes sessions.<\/p>\n\n\n\n<h3 id=\"stoc-pour-qui\" class=\"wpig-heading\">Pour qui&nbsp;?<\/h3>\n\n\n\n<p>Sont concern\u00e9s&nbsp;:<\/p>\n\n\n\n<ul>\n<li>Les nouveaux arrivants dans le r\u00e9seau afin d\u2019obtenir le savoir et le savoir-faire afin d\u2019assurer les activit\u00e9s li\u00e9es \u00e0 leur poste<\/li>\n\n\n\n<li>Les agents d\u00e9j\u00e0 en poste afin de se mettre \u00e0 jour sur certains aspects de leur m\u00e9tier.<\/li>\n<\/ul>\n\n\n\n<p>Globalement tous les agents du R\u00e9bub sont concern\u00e9s et peuvent participer au cycle annuel de formations.<\/p>\n\n\n\n<h3 id=\"stoc-quand\" class=\"wpig-heading\">Quand&nbsp;?<\/h3>\n\n\n\n<p>Le programme des formations (contenu et date) est discut\u00e9 et statu\u00e9 en fin d\u2019ann\u00e9e universitaire au mois de juin et juillet par un groupe de travail r\u00e9unissant les r\u00e9f\u00e9rents des diff\u00e9rents \u00e9tablissements du r\u00e9seau.<\/p>\n\n\n\n<p>Les formations d\u00e9butent d\u00e8s le mois de septembre et s\u2019\u00e9talent jusqu\u2019au mois de d\u00e9cembre pour la majorit\u00e9 des sujets.<\/p>\n\n\n\n<h3 id=\"stoc-quoi\" class=\"wpig-heading\">Quoi&nbsp;?<\/h3>\n\n\n\n<p>L\u2019ensemble des formations peuvent \u00eatre r\u00e9pertori\u00e9es selon trois grandes cat\u00e9gories&nbsp;:<\/p>\n\n\n\n<ul>\n<li><strong>Les journ\u00e9es de pr\u00e9sentation&nbsp;<\/strong>: c\u2019est l\u2019occasion de d\u00e9couvrir ou red\u00e9couvrir les acteurs du R\u00e9bub, les services propos\u00e9s, les activit\u00e9s et les projets.<\/li>\n\n\n\n<li><strong>Les formations outils<\/strong>: elles concernent les outils de catalogage utilis\u00e9s au sein du r\u00e9seau.<\/li>\n\n\n\n<li><strong>Les formations pratiques professionnelles<\/strong>: elles concernent les normes et r\u00e8gles de catalogage.<\/li>\n<\/ul>\n\n\n\n<h3 id=\"stoc-les-formateurs\" class=\"wpig-heading\">Les formateurs<\/h3>\n\n\n\n<p>Le Scoop dispose d\u2019un pool de formateurs compos\u00e9 d\u2019agents exp\u00e9riment\u00e9s et volontaires pour assurer les diff\u00e9rentes sessions. Vous pouvez les croiser dans les couloirs des diff\u00e9rents \u00e9tablissements du R\u00e9bub.<\/p>\n\n\n\n<p>Retrouvez-les sur la page <a href=\"http:\/\/rebub.u-bordeaux.fr\/?post_type=equipe\">l\u2019Equipe du Scoop<\/a> dans la rubrique \u00ab&nbsp;Le R\u00e9seau&nbsp;\u00bb.<\/p>\n\n\n\n<p>M\u00e9diaquitaine et l\u2019Abes ont aussi des relais au sein des diff\u00e9rentes biblioth\u00e8ques.<\/p>\n\n\n\n<h3 id=\"stoc-comment-sinscrire\" class=\"wpig-heading\">Comment s\u2019inscrire&nbsp;?<\/h3>\n\n\n\n<p>Il existe 3 modalit\u00e9s d\u2019inscription aux formations en fonction des organismes organisateurs&nbsp;:<\/p>\n\n\n\n<ul>\n<li>Pour les formations assur\u00e9es par <strong>M\u00e9diaquitaine<\/strong>, les inscriptions sont \u00e0 effectuer sur leur <a href=\"https:\/\/mediaquitaine.u-bordeaux.fr\/\">site<\/a><\/li>\n\n\n\n<li>Pour les formations assur\u00e9es par le <strong>Scoop<\/strong>, les inscriptions sont \u00e0 effectuer en r\u00e9pondant \u00e0 un formulaire envoy\u00e9 en d\u00e9but d&rsquo;ann\u00e9e<\/li>\n\n\n\n<li>Pour la formation assur\u00e9e par l\u2019Abes, vous pouvez effectuer votre inscription sur le site de l\u2019<a href=\"http:\/\/www.abes.fr\/\">agence<\/a><\/li>\n<\/ul>\n\n\n\n<p>Attention, votre inscription sur les diff\u00e9rents sites ne vous dispense pas de la validation de votre hi\u00e9rarchie. Merci donc de tenir compte des proc\u00e9dures internes de votre \u00e9tablissement de rattachement.<\/p>\n\n\n\n<p>Pour toutes questions li\u00e9es aux formations destin\u00e9es aux agents, n\u2019h\u00e9sitez \u00e0 contacter le Scoop \u00e0 l\u2019adresse <a href=\"http:\/\/scoop@u-bordeaux.fr\" target=\"_blank\" rel=\"noopener\">scoop@u-bordeaux.fr<\/a><\/p>\n\n\n\n<div class=\"is-layout-flex wp-container-6 wp-block-columns bord-bloc-reutilisable has-background\" style=\"background-color:#d9edf7\">\n<div class=\"is-layout-flow wp-block-column is-vertically-aligned-center\" style=\"font-size:15px;flex-basis:20%\">\n<p style=\"font-size:15px\"><strong>Date de publication<\/strong> <\/p>\n\n\n<div style=\"font-size:15px;\" class=\"wp-block-post-date\"><time datetime=\"2017-11-08T11:14:39+01:00\">8 novembre 2017<\/time><\/div><\/div>\n\n\n\n<div class=\"is-layout-flow wp-block-column is-vertically-aligned-center\" style=\"font-size:15px;flex-basis:20%\">\n<p><strong>Mis \u00e0 jour le <\/strong><\/p>\n\n\n<div style=\"font-size:15px;\" class=\"wp-block-post-date\"><time datetime=\"2024-05-06T16:52:34+02:00\">6 mai 2024<\/time><\/div><\/div>\n\n\n\n<div class=\"is-layout-flow wp-block-column is-vertically-aligned-center\" style=\"font-size:15px;flex-basis:40%\">\n<p><\/p>\n\n\n\n<p><strong>Attention ! <\/strong>Certains \u00e9tablissements utilisent parfois de proc\u00e9dures compl\u00e9mentaires <\/p>\n<\/div>\n\n\n\n<div class=\"is-layout-flow wp-block-column is-vertically-aligned-center\" style=\"font-size:15px;flex-basis:25%\">\n<div class=\"is-horizontal is-content-justification-center is-layout-flex wp-container-4 wp-block-buttons alignfull has-custom-font-size\" style=\"font-size:16px\">\n<div class=\"wp-block-button has-custom-width wp-block-button__width-75 has-custom-font-size is-style-fill\" style=\"font-size:15px\"><a class=\"wp-block-button__link has-white-color has-text-color has-background wp-element-button\" href=\"mailto:scoop@u-bordeaux.fr\" style=\"border-radius:65px;background-color:#000000db\"><strong>Signaler une erreur<\/strong><\/a><\/div>\n<\/div>\n<\/div>\n<\/div>\n","protected":false},"excerpt":{"rendered":"<p>Table des mati\u00e8res[ Show ]Pour qui&nbsp;?Quand&nbsp;?Quoi&nbsp;?Les formateursComment s\u2019inscrire&nbsp;?La formation est au c\u0153ur des pr\u00e9occupations du R\u00e9seau des Biblioth\u00e8ques Universitaires de Bordeaux, c\u2019est pourquoi un programme de formations aux fonctions de biblioth\u00e9caire est propos\u00e9 chaque ann\u00e9e afin d\u2019acqu\u00e9rir ou maintenir ses&#8230;<\/p>\n","protected":false},"author":46,"featured_media":0,"parent":19312,"menu_order":2,"comment_status":"closed","ping_status":"closed","template":"","meta":[],"post_mailing_queue_ids":[],"_links":{"self":[{"href":"http:\/\/rebub.u-bordeaux.fr\/index.php\/wp-json\/wp\/v2\/pages\/1872"}],"collection":[{"href":"http:\/\/rebub.u-bordeaux.fr\/index.php\/wp-json\/wp\/v2\/pages"}],"about":[{"href":"http:\/\/rebub.u-bordeaux.fr\/index.php\/wp-json\/wp\/v2\/types\/page"}],"author":[{"embeddable":true,"href":"http:\/\/rebub.u-bordeaux.fr\/index.php\/wp-json\/wp\/v2\/users\/46"}],"replies":[{"embeddable":true,"href":"http:\/\/rebub.u-bordeaux.fr\/index.php\/wp-json\/wp\/v2\/comments?post=1872"}],"version-history":[{"count":8,"href":"http:\/\/rebub.u-bordeaux.fr\/index.php\/wp-json\/wp\/v2\/pages\/1872\/revisions"}],"predecessor-version":[{"id":21208,"href":"http:\/\/rebub.u-bordeaux.fr\/index.php\/wp-json\/wp\/v2\/pages\/1872\/revisions\/21208"}],"up":[{"embeddable":true,"href":"http:\/\/rebub.u-bordeaux.fr\/index.php\/wp-json\/wp\/v2\/pages\/19312"}],"wp:attachment":[{"href":"http:\/\/rebub.u-bordeaux.fr\/index.php\/wp-json\/wp\/v2\/media?parent=1872"}],"curies":[{"name":"wp","href":"https:\/\/api.w.org\/{rel}","templated":true}]}}

<div id='wpig-floatingbar' class='wpig-floatingbar'><div id='wpig-switch-wrapper' class='wpig-switch-wrapper'><span id='wpig-floating-switch' class='wpig-floating-switch'><img src='http://rebub.u-bordeaux.fr/wp-content/plugins/sticky-toc-advance-table-of-contents/\assets\menu.png'></span></div><div id='wpig-contents' class='wpig-contents  wpig-sidebar-widget wpig-style-3'><span class='wpig-headline'>Table des matières<span><a data-action='show' class='wpig-btn-toggledisplay'>[ Show ]</a></span></span><!-- Table of Contents --><div id='wpig-table-of-content' class='wpig-table-of-content'><ol><li class='stoc-pour-qui'><a href='#stoc-pour-qui'>Pour qui&nbsp;?</a></li><li class='stoc-quand'><a href='#stoc-quand'>Quand&nbsp;?</a></li><li class='stoc-quoi'><a href='#stoc-quoi'>Quoi&nbsp;?</a></li><li class='stoc-les-formateurs'><a href='#stoc-les-formateurs'>Les formateurs</a></li><li class='stoc-comment-sinscrire'><a href='#stoc-comment-sinscrire'>Comment s’inscrire&nbsp;?</a></li></ol></div><!-- END OF Table of Contents --></div></div><p><div id='wpig-contents' class='wpig-contents  wpig-sidebar-widget wpig-style-1'><span class='wpig-headline'>Table des matières<span><a data-action='show' class='wpig-btn-toggledisplay'>[ Show ]</a></span></span><!-- Table of Contents --><div id='wpig-table-of-content' class='wpig-table-of-content' ><ol><li class='stoc-pour-qui'><a href='#stoc-pour-qui'>Pour qui&nbsp;?</a></li><li class='stoc-quand'><a href='#stoc-quand'>Quand&nbsp;?</a></li><li class='stoc-quoi'><a href='#stoc-quoi'>Quoi&nbsp;?</a></li><li class='stoc-les-formateurs'><a href='#stoc-les-formateurs'>Les formateurs</a></li><li class='stoc-comment-sinscrire'><a href='#stoc-comment-sinscrire'>Comment s’inscrire&nbsp;?</a></li></ol></div><!-- END OF Table of Contents --></div></p>
<p>La formation est au cœur des préoccupations du Réseau des Bibliothèques Universitaires de Bordeaux, c’est pourquoi un programme de formations aux fonctions de bibliothécaire est proposé chaque année afin d’acquérir ou maintenir ses compétences.</p>



<p>Pour cela, <strong>Médiaquitaine</strong>, l’<strong>Abes</strong> et le <strong>Scoop</strong> sont associés pour organiser et assurer les différentes sessions.</p>



<h3 id="stoc-pour-qui" class="wpig-heading">Pour qui&nbsp;?</h3>



<p>Sont concernés&nbsp;:</p>



<ul>
<li>Les nouveaux arrivants dans le réseau afin d’obtenir le savoir et le savoir-faire afin d’assurer les activités liées à leur poste</li>



<li>Les agents déjà en poste afin de se mettre à jour sur certains aspects de leur métier.</li>
</ul>



<p>Globalement tous les agents du Rébub sont concernés et peuvent participer au cycle annuel de formations.</p>



<h3 id="stoc-quand" class="wpig-heading">Quand&nbsp;?</h3>



<p>Le programme des formations (contenu et date) est discuté et statué en fin d’année universitaire au mois de juin et juillet par un groupe de travail réunissant les référents des différents établissements du réseau.</p>



<p>Les formations débutent dès le mois de septembre et s’étalent jusqu’au mois de décembre pour la majorité des sujets.</p>



<h3 id="stoc-quoi" class="wpig-heading">Quoi&nbsp;?</h3>



<p>L’ensemble des formations peuvent être répertoriées selon trois grandes catégories&nbsp;:</p>



<ul>
<li><strong>Les journées de présentation&nbsp;</strong>: c’est l’occasion de découvrir ou redécouvrir les acteurs du Rébub, les services proposés, les activités et les projets.</li>



<li><strong>Les formations outils</strong>: elles concernent les outils de catalogage utilisés au sein du réseau.</li>



<li><strong>Les formations pratiques professionnelles</strong>: elles concernent les normes et règles de catalogage.</li>
</ul>



<h3 id="stoc-les-formateurs" class="wpig-heading">Les formateurs</h3>



<p>Le Scoop dispose d’un pool de formateurs composé d’agents expérimentés et volontaires pour assurer les différentes sessions. Vous pouvez les croiser dans les couloirs des différents établissements du Rébub.</p>



<p>Retrouvez-les sur la page <a href="http://rebub.u-bordeaux.fr/?post_type=equipe">l’Equipe du Scoop</a> dans la rubrique «&nbsp;Le Réseau&nbsp;».</p>



<p>Médiaquitaine et l’Abes ont aussi des relais au sein des différentes bibliothèques.</p>



<h3 id="stoc-comment-sinscrire" class="wpig-heading">Comment s’inscrire&nbsp;?</h3>



<p>Il existe 3 modalités d’inscription aux formations en fonction des organismes organisateurs&nbsp;:</p>



<ul>
<li>Pour les formations assurées par <strong>Médiaquitaine</strong>, les inscriptions sont à effectuer sur leur <a href="https://mediaquitaine.u-bordeaux.fr/">site</a></li>



<li>Pour les formations assurées par le <strong>Scoop</strong>, les inscriptions sont à effectuer en répondant à un formulaire envoyé en début d&rsquo;année</li>



<li>Pour la formation assurée par l’Abes, vous pouvez effectuer votre inscription sur le site de l’<a href="http://www.abes.fr/">agence</a></li>
</ul>



<p>Attention, votre inscription sur les différents sites ne vous dispense pas de la validation de votre hiérarchie. Merci donc de tenir compte des procédures internes de votre établissement de rattachement.</p>



<p>Pour toutes questions liées aux formations destinées aux agents, n’hésitez à contacter le Scoop à l’adresse <a href="http://scoop@u-bordeaux.fr" target="_blank" rel="noopener">scoop@u-bordeaux.fr</a></p>



<div class="is-layout-flex wp-container-6 wp-block-columns bord-bloc-reutilisable has-background" style="background-color:#d9edf7">
<div class="is-layout-flow wp-block-column is-vertically-aligned-center" style="font-size:15px;flex-basis:20%">
<p style="font-size:15px"><strong>Date de publication</strong> </p>


<div style="font-size:15px;" class="wp-block-post-date"><time datetime="2017-11-08T11:14:39+01:00">8 novembre 2017</time></div></div>



<div class="is-layout-flow wp-block-column is-vertically-aligned-center" style="font-size:15px;flex-basis:20%">
<p><strong>Mis à jour le </strong></p>


<div style="font-size:15px;" class="wp-block-post-date"><time datetime="2024-05-06T16:52:34+02:00">6 mai 2024</time></div></div>



<div class="is-layout-flow wp-block-column is-vertically-aligned-center" style="font-size:15px;flex-basis:40%">
<p></p>



<p><strong>Attention ! </strong>Certains établissements utilisent parfois de procédures complémentaires </p>
</div>



<div class="is-layout-flow wp-block-column is-vertically-aligned-center" style="font-size:15px;flex-basis:25%">
<div class="is-horizontal is-content-justification-center is-layout-flex wp-container-4 wp-block-buttons alignfull has-custom-font-size" style="font-size:16px">
<div class="wp-block-button has-custom-width wp-block-button__width-75 has-custom-font-size is-style-fill" style="font-size:15px"><a class="wp-block-button__link has-white-color has-text-color has-background wp-element-button" href="mailto:scoop@u-bordeaux.fr" style="border-radius:65px;background-color:#000000db"><strong>Signaler une erreur</strong></a></div>
</div>
</div>
</div>

<p>Table des matières[ Show ]Pour qui&nbsp;?Quand&nbsp;?Quoi&nbsp;?Les formateursComment s’inscrire&nbsp;?La formation est au cœur des préoccupations du Réseau des Bibliothèques Universitaires de Bordeaux, c’est pourquoi un programme de formations aux fonctions de bibliothécaire est proposé chaque année afin d’acquérir ou maintenir ses&#8230;</p>
