	{"id":1880,"date":"2017-11-08T11:14:31","date_gmt":"2017-11-08T10:14:31","guid":{"rendered":"http:\/\/rebub.u-bordeaux.fr\/?page_id=1880"},"modified":"2026-03-03T10:38:01","modified_gmt":"2026-03-03T09:38:01","slug":"presentation-3","status":"publish","type":"page","link":"http:\/\/rebub.u-bordeaux.fr\/index.php\/le-scoop\/nos-missions\/presentation-3\/","title":{"rendered":"Le Sudoc-Ps"},"content":{"rendered":"<div id='wpig-floatingbar' class='wpig-floatingbar'><div id='wpig-switch-wrapper' class='wpig-switch-wrapper'><span id='wpig-floating-switch' class='wpig-floating-switch'><img src='http:\/\/rebub.u-bordeaux.fr\/wp-content\/plugins\/sticky-toc-advance-table-of-contents\/\\assets\\menu.png'><\/span><\/div><div id='wpig-contents' class='wpig-contents  wpig-sidebar-widget wpig-style-3'><span class='wpig-headline'>Table des mati\u00e8res<span><a data-action='show' class='wpig-btn-toggledisplay'>[ Show ]<\/a><\/span><\/span><!-- Table of Contents --><div id='wpig-table-of-content' class='wpig-table-of-content'><ol><li class='stoc-le-reseau-sudoc-ps'><a href='#stoc-le-reseau-sudoc-ps'>Le r\u00e9seau Sudoc-PS<\/a><ol><li class='stoc-cest-quoi'><a href='#stoc-cest-quoi'>C\u2019est quoi ?<\/a><\/li><li class='stoc-pour-qui'><a href='#stoc-pour-qui'>Pour qui&nbsp;?<\/a><\/li><li class='stoc-pourquoi-rejoindre-le-reseau-sudoc-ps'><a href='#stoc-pourquoi-rejoindre-le-reseau-sudoc-ps'>Pourquoi rejoindre le r\u00e9seau Sudoc-PS&nbsp;?<\/a><\/li><li class='stoc-comment-rejoindre-le-sudoc-ps'><a href='#stoc-comment-rejoindre-le-sudoc-ps'>Comment rejoindre le Sudoc-PS&nbsp;?<\/a><\/li><\/ol><li class='stoc-le-centre-du-reseau-sudoc-ps-de-la-nouvelle-aquitaine-academie-de-bordeaux'><a href='#stoc-le-centre-du-reseau-sudoc-ps-de-la-nouvelle-aquitaine-academie-de-bordeaux'><\/a><ol><li class='stoc-ses-missions'><a href='#stoc-ses-missions'>Ses missions<\/a><\/li><li class='stoc-son-reseau'><a href='#stoc-son-reseau'>Son r\u00e9seau<\/a><\/li><\/ol><li class='stoc-le-centre-aquitain-en-chiffres'><a href='#stoc-le-centre-aquitain-en-chiffres'>Le Centre aquitain en chiffres<\/a><\/li><li class='stoc-les-rapports-dactivites'><a href='#stoc-les-rapports-dactivites'>Les rapports d\u2019activit\u00e9s<\/a><\/li><li class='stoc-le-plan-de-conservation-partagee-des-periodiques-en-aquitaine-pcaq'><a href='#stoc-le-plan-de-conservation-partagee-des-periodiques-en-aquitaine-pcaq'>Le Plan de Conservation partag\u00e9e des p\u00e9riodiques en Aquitaine (PCAq)<\/a><\/li><li class='stoc-les-outils'><a href='#stoc-les-outils'>Les outils<\/a><ol><li class='stoc-les-outils-de-production'><a href='#stoc-les-outils-de-production'>Les outils de production<\/a><\/li><li class='stoc-les-outils-de-consultation'><a href='#stoc-les-outils-de-consultation'>Les outils de consultation<\/a><\/li><\/ol><\/li><\/li><\/li><\/div><!-- END OF Table of Contents --><\/div><\/div><p><div id='wpig-contents' class='wpig-contents  wpig-sidebar-widget wpig-style-1'><span class='wpig-headline'>Table des mati\u00e8res<span><a data-action='show' class='wpig-btn-toggledisplay'>[ Show ]<\/a><\/span><\/span><!-- Table of Contents --><div id='wpig-table-of-content' class='wpig-table-of-content' ><ol><li class='stoc-le-reseau-sudoc-ps'><a href='#stoc-le-reseau-sudoc-ps'>Le r\u00e9seau Sudoc-PS<\/a><ol><li class='stoc-cest-quoi'><a href='#stoc-cest-quoi'>C\u2019est quoi ?<\/a><\/li><li class='stoc-pour-qui'><a href='#stoc-pour-qui'>Pour qui&nbsp;?<\/a><\/li><li class='stoc-pourquoi-rejoindre-le-reseau-sudoc-ps'><a href='#stoc-pourquoi-rejoindre-le-reseau-sudoc-ps'>Pourquoi rejoindre le r\u00e9seau Sudoc-PS&nbsp;?<\/a><\/li><li class='stoc-comment-rejoindre-le-sudoc-ps'><a href='#stoc-comment-rejoindre-le-sudoc-ps'>Comment rejoindre le Sudoc-PS&nbsp;?<\/a><\/li><\/ol><li class='stoc-le-centre-du-reseau-sudoc-ps-de-la-nouvelle-aquitaine-academie-de-bordeaux'><a href='#stoc-le-centre-du-reseau-sudoc-ps-de-la-nouvelle-aquitaine-academie-de-bordeaux'><\/a><ol><li class='stoc-ses-missions'><a href='#stoc-ses-missions'>Ses missions<\/a><\/li><li class='stoc-son-reseau'><a href='#stoc-son-reseau'>Son r\u00e9seau<\/a><\/li><\/ol><li class='stoc-le-centre-aquitain-en-chiffres'><a href='#stoc-le-centre-aquitain-en-chiffres'>Le Centre aquitain en chiffres<\/a><\/li><li class='stoc-les-rapports-dactivites'><a href='#stoc-les-rapports-dactivites'>Les rapports d\u2019activit\u00e9s<\/a><\/li><li class='stoc-le-plan-de-conservation-partagee-des-periodiques-en-aquitaine-pcaq'><a href='#stoc-le-plan-de-conservation-partagee-des-periodiques-en-aquitaine-pcaq'>Le Plan de Conservation partag\u00e9e des p\u00e9riodiques en Aquitaine (PCAq)<\/a><\/li><li class='stoc-les-outils'><a href='#stoc-les-outils'>Les outils<\/a><ol><li class='stoc-les-outils-de-production'><a href='#stoc-les-outils-de-production'>Les outils de production<\/a><\/li><li class='stoc-les-outils-de-consultation'><a href='#stoc-les-outils-de-consultation'>Les outils de consultation<\/a><\/li><\/ol><\/li><\/li><\/li><\/div><!-- END OF Table of Contents --><\/div><\/p>\n<p>Un lecteur ne trouve pas des p\u00e9riodiques&nbsp;? Le Sudoc-PS lui permet de tout trouver \u00e0 un seul endroit.<\/p>\n\n\n\n<p>Le Sudoc-PS (Publications en s\u00e9rie) est une composante du Sudoc qui permet d\u2019acc\u00e9der aux p\u00e9riodiques de tous types de structures dans toute la France<\/p>\n\n\n\n<p>Le Sudoc est un catalogue qui signale l\u2019ensemble des documents poss\u00e9d\u00e9s dans les biblioth\u00e8ques de l\u2019enseignement sup\u00e9rieur. Il est consultable gratuitement par tous les publics notamment chercheurs et universitaires. Parmi ces documents, il y a les p\u00e9riodiques (famille des Publications en S\u00e9rie et plus g\u00e9n\u00e9ralement des ressources continues) qui pr\u00e9sentent une particularit\u00e9 notoire&nbsp;: ce sont toutes les structures documentaires du territoire fran\u00e7ais qui peuvent y signaler leurs p\u00e9riodiques. C\u2019est pourquoi le <strong>Sudoc <\/strong>est le <strong>seul catalogue national pour les p\u00e9riodiques&nbsp;: <\/strong>il permet d\u2019identifier et de&nbsp; localiser plus de 500&nbsp;000 titres de p\u00e9riodiques dans toute la France et dans tous types de structures (publiques ou priv\u00e9es, universitaires ou territoriales). Pour remplir cette mission, une organisation sp\u00e9cifique a \u00e9t\u00e9 mise en place, le r\u00e9seau Sudoc-PS (pour Publications en S\u00e9rie).<\/p>\n\n\n\n<h3 id=\"stoc-le-reseau-sudoc-ps\" class=\"wpig-heading\">Le r\u00e9seau Sudoc-PS<\/h3>\n\n\n\n<h4 id=\"stoc-cest-quoi\" class=\"wpig-heading\">C\u2019est quoi ?<\/h4>\n\n\n\n<p>Le r\u00e9seau Sudoc-PS (PS pour Publications en S\u00e9rie) s\u2019organise autour de <strong>32 centres<\/strong> pilot\u00e9s, au niveau national, par l\u2019<strong>Abes<\/strong> (Agence Bibliographique de l\u2019Enseignement Sup\u00e9rieur). Ils s&rsquo;organisent g\u00e9ographiquement en province (un centre par ancienne r\u00e9gion) et par th\u00e9matiques en Ile-de-France (13 centres) et ont pour mission :<\/p>\n\n\n\n<ul>\n<li>d\u2019effectuer et coordonner le signalement dans le Sudoc des ressources continues (p\u00e9riodiques et collections),<\/li>\n\n\n\n<li>de piloter la conservation de ces documents \u00e0 travers le Plan de Conservation Partag\u00e9e.<\/li>\n<\/ul>\n\n\n\n<p>Par leur interm\u00e9diaire, ce sont <strong>3 400<\/strong> biblioth\u00e8ques partenaires dans toute la France qui signalent leurs p\u00e9riodiques dans le Sudoc.<\/p>\n\n\n\n<h4 id=\"stoc-pour-qui\" class=\"wpig-heading\">Pour qui&nbsp;?<\/h4>\n\n\n\n<p>Toute structure documentaire, quelle que soit sa tutelle, localis\u00e9e en Aquitaine et poss\u00e9dant des p\u00e9riodiques, peut rejoindre le r\u00e9seau Sudoc-PS&nbsp;: biblioth\u00e8ques de laboratoire de recherche, biblioth\u00e8ques municipales, biblioth\u00e8ques de mus\u00e9es, biblioth\u00e8ques de soci\u00e9t\u00e9s savantes, centres d\u2019archives, centres de documentation publics et priv\u00e9s, biblioth\u00e8ques dioc\u00e9saines\u2026<\/p>\n\n\n\n<p>Au sein du r\u00e9seau, on distingue&nbsp;:<\/p>\n\n\n\n<ul>\n<li>Les <strong>biblioth\u00e8ques d\u00e9ploy\u00e9es<\/strong>: ce sont les biblioth\u00e8ques qui signalent directement toutes leurs ressources dans le catalogue du Sudoc.<\/li>\n\n\n\n<li>Les <strong>biblioth\u00e8ques non d\u00e9ploy\u00e9es<\/strong>: ce sont les biblioth\u00e8ques qui signalent <u>uniquement<\/u> leurs p\u00e9riodiques dans le Sudoc en les localisant elles-m\u00eames ou par l\u2019interm\u00e9diaire du Centre du r\u00e9seau Sudoc-PS.<\/li>\n<\/ul>\n\n\n\n<h4 id=\"stoc-pourquoi-rejoindre-le-reseau-sudoc-ps\" class=\"wpig-heading\">Pourquoi rejoindre le r\u00e9seau Sudoc-PS&nbsp;?<\/h4>\n\n\n\n<p>En rejoignant le r\u00e9seau Sudoc-PS et en signalant leurs ressources continues les \u00e9tablissements membres&nbsp;:<\/p>\n\n\n\n<ul>\n<li>participent \u00e0 un catalogue commun, rendent visibles leurs collections au niveau national et ouvrent ainsi leurs portes \u00e0 des lecteurs ext\u00e9rieurs,<\/li>\n\n\n\n<li>b\u00e9n\u00e9ficient de l\u2019expertise d\u2019un professionnel sp\u00e9cialis\u00e9 dans le traitement des ressources continues,<\/li>\n\n\n\n<li>peuvent participer \u00e0 un plan de conservation partag\u00e9e.<\/li>\n<\/ul>\n\n\n\n<p>L\u2019Abes fournit une plaquette explicative sur <a href=\"http:\/\/www.abes.fr\/Media\/Fichiers\/Footer\/Telecharger-les-brochures\/depliant-sudoc-PS-3web\">la proc\u00e9dure pour rejoindre le Sudoc-PS<\/a><\/p>\n\n\n\n<h4 id=\"stoc-comment-rejoindre-le-sudoc-ps\" class=\"wpig-heading\">Comment rejoindre le Sudoc-PS&nbsp;?<\/h4>\n\n\n\n<p>Pour rejoindre et participer au r\u00e9seau, l\u2019\u00e9tablissement doit s\u2019adresser au Centre du r\u00e9seau Sudoc-PS de la Nouvelle-Aquitaine &#8211; acad\u00e9mie de Bordeaux (voir ci-dessous les renseignements concernant ce centre)&nbsp;:<\/p>\n\n\n\n<ul>\n<li>l\u2019adh\u00e9sion est gratuite,<\/li>\n\n\n\n<li>une convention de participation au Sudoc-PS est sign\u00e9e entre l\u2019\u00e9tablissement et l\u2019Universit\u00e9 qui h\u00e9berge le Centre du r\u00e9seau Sudoc-PS (voir le mod\u00e8le de convention dans la rubrique \u00ab\u00a0Les ressources\u00a0\u00bb),<\/li>\n\n\n\n<li>une fiche signal\u00e9tique de la biblioth\u00e8que est cr\u00e9\u00e9e dans le Sudoc et un identifiant \u00e9tablissement lui est attribu\u00e9 (num\u00e9ro RCR).<\/li>\n<\/ul>\n\n\n\n<p>En participant au r\u00e9seau Sudoc-PS, les \u00e9tablissements s\u2019engagent&nbsp;:<\/p>\n\n\n\n<ul>\n<li>\u00e0 rendre accessible leurs collections aux lecteurs ext\u00e9rieurs sur place, en pr\u00eat ou en fournissant des copies des documents,<\/li>\n\n\n\n<li>\u00e0 signaler de fa\u00e7on r\u00e9guli\u00e8re les modifications intervenues sur leur \u00e9tat de collection pour maintenir une information juste<\/li>\n<\/ul>\n\n\n\n<h3 id=\"stoc-le-centre-du-reseau-sudoc-ps-de-la-nouvelle-aquitaine-academie-de-bordeaux\" class=\"wpig-heading\">Le Centre du r\u00e9seau Sudoc-PS de la Nouvelle-Aquitaine &#8211; acad\u00e9mie de Bordeaux<strong><br><\/strong><\/h3>\n\n\n\n<p>H\u00e9berg\u00e9 par l\u2019Universit\u00e9 de Bordeaux, il est pilot\u00e9 par le <strong>Service de COOP\u00e9ration documentaire<\/strong> (Avenue L\u00e9on Duguit 33608 Pessac) avec un financement sp\u00e9cifique de l\u2019Abes.<\/p>\n\n\n\n<p>Sa zone d\u2019intervention comprend les d\u00e9partements de l\u2019Aquitaine historique&nbsp;: la <strong>Gironde<\/strong>, la <strong>Dordogne<\/strong>, Le <strong>Lot-et-Garonne<\/strong>, Les <strong>Landes<\/strong> et Les <strong>Pyr\u00e9n\u00e9es-Atlantiques<\/strong>.<\/p>\n\n\n\n<p>Il est compos\u00e9 de deux personnes\u00a0: <strong>Fran\u00e7oise Coulon<\/strong>, responsable du centre, et <strong>Camille Edwards<\/strong>, r\u00e9f\u00e9rente Sudoc-PS (retrouvez leurs coordonn\u00e9es dans la page de pr\u00e9sentation de <a href=\"http:\/\/rebub.u-bordeaux.fr\/?post_type=equipe\">l\u2019Equipe du Scoop<\/a>). <\/p>\n\n\n\n<h4 id=\"stoc-ses-missions\" class=\"wpig-heading\">Ses missions<\/h4>\n\n\n\n<p>Le centre aquitain a pour missions&nbsp;de&nbsp;:<\/p>\n\n\n\n<ul>\n<li>recenser et signaler les ressources continues dans le catalogue du Sudoc,<\/li>\n\n\n\n<li>accompagner et conseiller les \u00e9tablissements dans le traitement de leurs ressources continues,<\/li>\n\n\n\n<li>former les personnels des \u00e9tablissements au signalement et \u00e0 l\u2019utilisation des outils (Colodus&nbsp;: interface de localisation dans le Sudoc),<\/li>\n\n\n\n<li>prospecter afin d\u2019int\u00e9grer de nouveaux fonds documentaires,<\/li>\n\n\n\n<li>permettre d\u2019identifier et num\u00e9roter les p\u00e9riodiques au niveau international (ISSN),<\/li>\n\n\n\n<li>coordonner et animer le r\u00e9seau,<\/li>\n\n\n\n<li>piloter le PCAq (Plan de Conservation Partag\u00e9e Aquitain),<\/li>\n\n\n\n<li>organiser et diffuser les propositions de dons<\/li>\n<\/ul>\n\n\n\n<h4 id=\"stoc-son-reseau\" class=\"wpig-heading\">Son r\u00e9seau<\/h4>\n\n\n\n<p><strong>127<\/strong> \u00e9tablissements r\u00e9partis de la mani\u00e8re suivante :<\/p>\n\n\n\n<table id=\"tablepress-4\" class=\"tablepress tablepress-id-4\">\n<thead>\n<tr class=\"row-1\">\n\t<th class=\"column-1\"><strong>BIBLIOTHEQUES DEPLOYEES<\/strong><\/th><th class=\"column-2\"><strong>NOMBRE<\/strong><\/th>\n<\/tr>\n<\/thead>\n<tbody class=\"row-hover\">\n<tr class=\"row-2\">\n\t<td class=\"column-1\">Universit\u00e9 de Bordeaux<\/td><td class=\"column-2\">35<\/td>\n<\/tr>\n<tr class=\"row-3\">\n\t<td class=\"column-1\">Universit\u00e9 de Pau et des Pays de l&rsquo;Adour<\/td><td class=\"column-2\">16<\/td>\n<\/tr>\n<tr class=\"row-4\">\n\t<td class=\"column-1\">Universit\u00e9 Bordeaux Montaigne<\/td><td class=\"column-2\">10<\/td>\n<\/tr>\n<tr class=\"row-5\">\n\t<td class=\"column-1\">Bordeaux INP<\/td><td class=\"column-2\">4<\/td>\n<\/tr>\n<tr class=\"row-6\">\n\t<td class=\"column-1\">Sciences Po Bordeaux<\/td><td class=\"column-2\">1<\/td>\n<\/tr>\n<tr class=\"row-7\">\n\t<td class=\"column-1\">Divers<\/td><td class=\"column-2\">3<\/td>\n<\/tr>\n<\/tbody>\n<\/table>\n\n\n\n<table id=\"tablepress-5\" class=\"tablepress tablepress-id-5\">\n<thead>\n<tr class=\"row-1\">\n\t<th class=\"column-1\"><strong>BIBLIOTHEQUES NON DEPLOYEES<\/strong><\/th><th class=\"column-2\"><strong>NOMBRE<\/strong><\/th>\n<\/tr>\n<\/thead>\n<tbody class=\"row-hover\">\n<tr class=\"row-2\">\n\t<td class=\"column-1\">Archives publiques<\/td><td class=\"column-2\">8<\/td>\n<\/tr>\n<tr class=\"row-3\">\n\t<td class=\"column-1\">Biblioth\u00e8ques de l&rsquo;enseignement sup\u00e9rieur et de la recherche<\/td><td class=\"column-2\">4<\/td>\n<\/tr>\n<tr class=\"row-4\">\n\t<td class=\"column-1\">Biblioth\u00e8ques de l&rsquo;enseignement sup\u00e9rieur et de la recherche hors universit\u00e9<\/td><td class=\"column-2\">14<\/td>\n<\/tr>\n<tr class=\"row-5\">\n\t<td class=\"column-1\">Biblioth\u00e8ques et m\u00e9diath\u00e8ques municipales ou de communaut\u00e9s de communes<\/td><td class=\"column-2\">13<\/td>\n<\/tr>\n<tr class=\"row-6\">\n\t<td class=\"column-1\">Biblioth\u00e8ques de mus\u00e9es<\/td><td class=\"column-2\">8<\/td>\n<\/tr>\n<tr class=\"row-7\">\n\t<td class=\"column-1\">Biblioth\u00e8ques dioc\u00e9saines<\/td><td class=\"column-2\">3<\/td>\n<\/tr>\n<tr class=\"row-8\">\n\t<td class=\"column-1\">Divers<\/td><td class=\"column-2\">8<\/td>\n<\/tr>\n<\/tbody>\n<\/table>\n\n\n\n<h3 id=\"stoc-le-centre-aquitain-en-chiffres\" class=\"wpig-heading\">Le Centre aquitain en chiffres<\/h3>\n\n\n<div class=\"wp-block-image\">\n<figure class=\"aligncenter\"><a href=\"http:\/\/rebub.u-bordeaux.fr\/wp-content\/uploads\/2021\/06\/Visuels-chiffres-Sudoc-PS_PCAq.png\" target=\"_blank\" rel=\"noopener noreferrer\"><img decoding=\"async\" loading=\"lazy\" width=\"3334\" height=\"2500\" src=\"http:\/\/rebub.u-bordeaux.fr\/wp-content\/uploads\/2021\/06\/Visuels-chiffres-Sudoc-PS_PCAq.png\" alt=\"\" class=\"wp-image-12110\" srcset=\"https:\/\/rebub.u-bordeaux.fr\/wp-content\/uploads\/2021\/06\/Visuels-chiffres-Sudoc-PS_PCAq.png 3334w, https:\/\/rebub.u-bordeaux.fr\/wp-content\/uploads\/2021\/06\/Visuels-chiffres-Sudoc-PS_PCAq-300x225.png 300w, https:\/\/rebub.u-bordeaux.fr\/wp-content\/uploads\/2021\/06\/Visuels-chiffres-Sudoc-PS_PCAq-1024x768.png 1024w, https:\/\/rebub.u-bordeaux.fr\/wp-content\/uploads\/2021\/06\/Visuels-chiffres-Sudoc-PS_PCAq-768x576.png 768w, https:\/\/rebub.u-bordeaux.fr\/wp-content\/uploads\/2021\/06\/Visuels-chiffres-Sudoc-PS_PCAq-1536x1152.png 1536w, https:\/\/rebub.u-bordeaux.fr\/wp-content\/uploads\/2021\/06\/Visuels-chiffres-Sudoc-PS_PCAq-2048x1536.png 2048w\" sizes=\"(max-width: 3334px) 100vw, 3334px\" \/><\/a><\/figure><\/div>\n\n\n<h3 id=\"stoc-les-rapports-dactivites\" class=\"wpig-heading\">Les rapports d\u2019activit\u00e9s<\/h3>\n\n\n\n<p><strong>&nbsp;&nbsp;&nbsp;&nbsp;&nbsp;&nbsp;&nbsp;&nbsp;&nbsp;&nbsp;&nbsp;&nbsp;&nbsp;&nbsp; <\/strong><a href=\"http:\/\/rebub.u-bordeaux.fr\/wp-content\/uploads\/2022\/01\/2020-Rapport-dactivit\u00e9-CR-aquitain.pdf\" target=\"_blank\" rel=\"noopener noreferrer\">Rapport d&rsquo;activit\u00e9s 2020<\/a><\/p>\n\n\n\n<h3 id=\"stoc-le-plan-de-conservation-partagee-des-periodiques-en-aquitaine-pcaq\" class=\"wpig-heading\">Le Plan de Conservation partag\u00e9e des p\u00e9riodiques en Aquitaine (PCAq)<\/h3>\n\n\n\n<p>Le PCAq organise la r\u00e9partition de la conservation des p\u00e9riodiques entre les biblioth\u00e8ques, centres de documentation et services d\u2019archives de la r\u00e9gion Aquitaine.<\/p>\n\n\n\n<p>Cette conservation raisonn\u00e9e permet&nbsp;:<\/p>\n\n\n\n<ul>\n<li>d\u2019une part de constituer des collections de r\u00e9f\u00e9rence compl\u00e8tes et accessibles dans des \u00e9tablissements dits <strong>\u00ab&nbsp;p\u00f4les de conservation&nbsp;\u00bb<\/strong>.<\/li>\n\n\n\n<li>d\u2019autre part de lib\u00e9rer des m\u00e8tres lin\u00e9aires dans les magasins en partageant la conservation.<\/li>\n<\/ul>\n\n\n\n<p>Le PCAq s\u2019appuie sur <strong>47 biblioth\u00e8ques p\u00f4les de conservation<\/strong> et concerne plus de <strong>1000 titres<\/strong>.<\/p>\n\n\n\n<p>Pour aller plus loin, nous vous invitons \u00e0 consulter la <a href=\"http:\/\/rebub.u-bordeaux.fr\/index.php\/le-sudoc-ps\/charte-du-pcaq\/\" data-type=\"URL\" data-id=\"http:\/\/rebub.u-bordeaux.fr\/index.php\/le-sudoc-ps\/charte-du-pcaq\/\">charte du PCAq<\/a>.<\/p>\n\n\n\n<p>Les \u00e9tablissements souhaitant rejoindre le PCAq sont invit\u00e9s \u00e0&nbsp;:<\/p>\n\n\n\n<ul>\n<li>prendre contact avec Fran\u00e7oise Labrosse, responsable du PCAq (coordonn\u00e9es dans la page de pr\u00e9sentation de <a href=\"http:\/\/rebub.u-bordeaux.fr\/?post_type=equipe\">l\u2019Equipe du Scoop<\/a><\/li>\n\n\n\n<li>signer la convention d\u2019adh\u00e9sion au PCAq (voir le mod\u00e8le de convention dans la rubrique \u00ab\u00a0Les ressources\u00a0\u00bb)<\/li>\n<\/ul>\n\n\n\n<h3 id=\"stoc-les-outils\" class=\"wpig-heading\">Les outils<\/h3>\n\n\n\n<h4 id=\"stoc-les-outils-de-production\" class=\"wpig-heading\">Les outils de production<\/h4>\n\n\n\n<ul>\n<li><u><a href=\"http:\/\/colodus.sudoc.fr\/\">Colodus<\/a> :<\/u> c\u2019est une interface web qui permet aux biblioth\u00e8ques de signaler leurs ressources continues dans le Sudoc. Il n\u00e9cessite une formation qui est assur\u00e9e par le Centre du r\u00e9seau Sudoc-PS de la Nouvelle-Aquitaine &#8211; acad\u00e9mie de Bordeaux.<\/li>\n\n\n\n<li><a href=\"https:\/\/cidemis.sudoc.fr\/\"><u>Cid\u00e9mis <\/u><\/a>: c\u2019est une interface web qui permet de d\u00e9poser des demandes de correction ou de num\u00e9rotation ISSN. Une pr\u00e9sentation de l\u2019outil peut \u00eatre r\u00e9alis\u00e9e par le Centre du r\u00e9seau Sudoc-PS de la Nouvelle-Aquitaine &#8211; acad\u00e9mie de Bordeaux.<\/li>\n<\/ul>\n\n\n\n<h4 id=\"stoc-les-outils-de-consultation\" class=\"wpig-heading\">Les outils de consultation<\/h4>\n\n\n\n<ul>\n<li><a href=\"http:\/\/www.sudoc.abes.fr\/?COOKIE=U10178,Klecteurweb,I250,B341720009+,SY,NLECTEUR+WEBOPC,D2.1,E5788e458-10cd,A,H,R147.210.108.31,FY\"><u>Sudoc<\/u><\/a> : c\u2019est le catalogue du Syst\u00e8me Universitaire de Documentation dans lequel on retrouve plus de 12 millions de notices bibliographiques qui d\u00e9crivent tous les types de documents (livres, th\u00e8ses, revues, ressources \u00e9lectroniques, documents audiovisuels, microformes, cartes, partitions, manuscrits et livres anciens&#8230;). Il d\u00e9crit \u00e9galement les collections de revues et journaux de plus de 2&nbsp;000 \u00e9tablissements documentaires hors enseignement sup\u00e9rieur (biblioth\u00e8ques municipales, centres de documentation&#8230;)<\/li>\n\n\n\n<li><a href=\"https:\/\/periscope.sudoc.fr\/\"><u>P\u00e9riscope <\/u><\/a>: c\u2019est une interface web qui permet de comparer les \u00e9tats de collection des p\u00e9riodiques dans le Sudoc et de visualiser les Plans de Conservations Partag\u00e9es en France.<\/li>\n<\/ul>\n\n\n\n<p>Ces outils ne n\u00e9cessitent pas d\u2019installation sur vos postes, ils sont accessibles depuis internet.<\/p>\n\n\n\n<p>Des guides d\u2019utilisation sont \u00e0 disposition dans la rubrique \u00ab&nbsp;Les ressources&nbsp;\u00bb du blog.<\/p>\n\n\n\n<p>Retrouvez toutes les ressources (guide d\u2019utilisation, convention, proc\u00e9dures,\u2026) dans les pages <strong>Les ressources<\/strong> de la rubrique \u00ab\u00a0Le Sudoc-PS\u00a0\u00bb.<\/p>\n\n\n\n<div class=\"is-layout-flex wp-container-6 wp-block-columns bord-bloc-reutilisable has-background\" style=\"background-color:#d9edf7\">\n<div class=\"is-layout-flow wp-block-column is-vertically-aligned-center\" style=\"font-size:15px;flex-basis:20%\">\n<p style=\"font-size:15px\"><strong>Date de publication<\/strong> <\/p>\n\n\n<div style=\"font-size:15px;\" class=\"wp-block-post-date\"><time datetime=\"2017-11-08T11:14:31+01:00\">8 novembre 2017<\/time><\/div><\/div>\n\n\n\n<div class=\"is-layout-flow wp-block-column is-vertically-aligned-center\" style=\"font-size:15px;flex-basis:20%\">\n<p><strong>Mis \u00e0 jour le <\/strong><\/p>\n\n\n<div style=\"font-size:15px;\" class=\"wp-block-post-date\"><time datetime=\"2026-03-03T10:38:01+01:00\">3 mars 2026<\/time><\/div><\/div>\n\n\n\n<div class=\"is-layout-flow wp-block-column is-vertically-aligned-center\" style=\"font-size:15px;flex-basis:40%\">\n<p><\/p>\n\n\n\n<p><strong>Attention ! <\/strong>Certains \u00e9tablissements utilisent parfois de proc\u00e9dures compl\u00e9mentaires <\/p>\n<\/div>\n\n\n\n<div class=\"is-layout-flow wp-block-column is-vertically-aligned-center\" style=\"font-size:15px;flex-basis:25%\">\n<div class=\"is-horizontal is-content-justification-center is-layout-flex wp-container-4 wp-block-buttons alignfull has-custom-font-size\" style=\"font-size:16px\">\n<div class=\"wp-block-button has-custom-width wp-block-button__width-75 has-custom-font-size is-style-fill\" style=\"font-size:15px\"><a class=\"wp-block-button__link has-white-color has-text-color has-background wp-element-button\" href=\"mailto:scoop@u-bordeaux.fr\" style=\"border-radius:65px;background-color:#000000db\"><strong>Signaler une erreur<\/strong><\/a><\/div>\n<\/div>\n<\/div>\n<\/div>\n","protected":false},"excerpt":{"rendered":"<p>Table des mati\u00e8res[ Show ]Le r\u00e9seau Sudoc-PSC\u2019est quoi ?Pour qui&nbsp;?Pourquoi rejoindre le r\u00e9seau Sudoc-PS&nbsp;?Comment rejoindre le Sudoc-PS&nbsp;?Ses missionsSon r\u00e9seauLe Centre aquitain en chiffresLes rapports d\u2019activit\u00e9sLe Plan de Conservation partag\u00e9e des p\u00e9riodiques en Aquitaine (PCAq)Les outilsLes outils de productionLes outils de&#8230;<\/p>\n","protected":false},"author":46,"featured_media":0,"parent":19312,"menu_order":4,"comment_status":"closed","ping_status":"closed","template":"","meta":[],"post_mailing_queue_ids":[],"_links":{"self":[{"href":"http:\/\/rebub.u-bordeaux.fr\/index.php\/wp-json\/wp\/v2\/pages\/1880"}],"collection":[{"href":"http:\/\/rebub.u-bordeaux.fr\/index.php\/wp-json\/wp\/v2\/pages"}],"about":[{"href":"http:\/\/rebub.u-bordeaux.fr\/index.php\/wp-json\/wp\/v2\/types\/page"}],"author":[{"embeddable":true,"href":"http:\/\/rebub.u-bordeaux.fr\/index.php\/wp-json\/wp\/v2\/users\/46"}],"replies":[{"embeddable":true,"href":"http:\/\/rebub.u-bordeaux.fr\/index.php\/wp-json\/wp\/v2\/comments?post=1880"}],"version-history":[{"count":33,"href":"http:\/\/rebub.u-bordeaux.fr\/index.php\/wp-json\/wp\/v2\/pages\/1880\/revisions"}],"predecessor-version":[{"id":24722,"href":"http:\/\/rebub.u-bordeaux.fr\/index.php\/wp-json\/wp\/v2\/pages\/1880\/revisions\/24722"}],"up":[{"embeddable":true,"href":"http:\/\/rebub.u-bordeaux.fr\/index.php\/wp-json\/wp\/v2\/pages\/19312"}],"wp:attachment":[{"href":"http:\/\/rebub.u-bordeaux.fr\/index.php\/wp-json\/wp\/v2\/media?parent=1880"}],"curies":[{"name":"wp","href":"https:\/\/api.w.org\/{rel}","templated":true}]}}