	{"id":18873,"date":"2024-03-22T09:37:38","date_gmt":"2024-03-22T08:37:38","guid":{"rendered":"https:\/\/rebub.u-bordeaux.fr\/?page_id=18873"},"modified":"2024-05-02T11:54:31","modified_gmt":"2024-05-02T09:54:31","slug":"rechercher-dans-babord","status":"publish","type":"page","link":"http:\/\/rebub.u-bordeaux.fr\/index.php\/babord\/procedures\/generalites\/rechercher-dans-babord\/","title":{"rendered":"Rechercher dans Babord +"},"content":{"rendered":"<div id='wpig-floatingbar' class='wpig-floatingbar'><div id='wpig-switch-wrapper' class='wpig-switch-wrapper'><span id='wpig-floating-switch' class='wpig-floating-switch'><img src='http:\/\/rebub.u-bordeaux.fr\/wp-content\/plugins\/sticky-toc-advance-table-of-contents\/\\assets\\menu.png'><\/span><\/div><div id='wpig-contents' class='wpig-contents  wpig-sidebar-widget wpig-style-3'><span class='wpig-headline'>Table des mati\u00e8res<span><a data-action='show' class='wpig-btn-toggledisplay'>[ Show ]<\/a><\/span><\/span><!-- Table of Contents --><div id='wpig-table-of-content' class='wpig-table-of-content'><ol><li class='stoc-recherche-simple'><a href='#stoc-recherche-simple'>Recherche simple<\/a><\/li><li class='stoc-recherche-avancee'><a href='#stoc-recherche-avancee'>Recherche avanc\u00e9e<\/a><\/li><li class='stoc-les-resultats-dune-recherche'><a href='#stoc-les-resultats-dune-recherche'>Les r\u00e9sultats d\u2019une recherche<\/a><ol><li class='stoc-filtrer-les-resultats-dune-recherche'><a href='#stoc-filtrer-les-resultats-dune-recherche'>Filtrer les r\u00e9sultats d\u2019une recherche<\/a><\/li><li class='stoc-lire-les-resultats-dune-recherche'><a href='#stoc-lire-les-resultats-dune-recherche'>Lire les r\u00e9sultats d\u2019une recherche<\/a><\/li><\/ol><\/li><\/div><!-- END OF Table of Contents --><\/div><\/div><p><div id='wpig-contents' class='wpig-contents  wpig-sidebar-widget wpig-style-1'><span class='wpig-headline'>Table des mati\u00e8res<span><a data-action='show' class='wpig-btn-toggledisplay'>[ Show ]<\/a><\/span><\/span><!-- Table of Contents --><div id='wpig-table-of-content' class='wpig-table-of-content' ><ol><li class='stoc-recherche-simple'><a href='#stoc-recherche-simple'>Recherche simple<\/a><\/li><li class='stoc-recherche-avancee'><a href='#stoc-recherche-avancee'>Recherche avanc\u00e9e<\/a><\/li><li class='stoc-les-resultats-dune-recherche'><a href='#stoc-les-resultats-dune-recherche'>Les r\u00e9sultats d\u2019une recherche<\/a><ol><li class='stoc-filtrer-les-resultats-dune-recherche'><a href='#stoc-filtrer-les-resultats-dune-recherche'>Filtrer les r\u00e9sultats d\u2019une recherche<\/a><\/li><li class='stoc-lire-les-resultats-dune-recherche'><a href='#stoc-lire-les-resultats-dune-recherche'>Lire les r\u00e9sultats d\u2019une recherche<\/a><\/li><\/ol><\/li><\/div><!-- END OF Table of Contents --><\/div><\/p>\n<h2 id=\"stoc-recherche-simple\" class=\"wpig-heading\">Recherche simple<\/h2>\n\n\n\n<p>Par d\u00e9faut, Babord + propose une recherche simple, depuis une barre de recherche unique. <\/p>\n\n\n\n<p>Il est possible d&rsquo;utiliser dans la recherche simple les <strong>op\u00e9rateurs bool\u00e9ens ET, OU, SAUF<\/strong>, obligatoirement not\u00e9s en <strong>lettres capitales<\/strong> d&rsquo;imprimerie. Par d\u00e9faut la recherche est du type ET si on recherche plus d\u2019un terme.<br>La troncature<strong> *<\/strong> est accept\u00e9e. <\/p>\n\n\n\n<p>Le <strong>\u201c?\u201d <\/strong>remplace un caract\u00e8re.<br>Les <strong>\u201c\u201d<\/strong> permettent de rechercher une expression exacte.<br>Les <strong>( )<\/strong> permettent de faire des \u00e9quations de recherche plus fines.<\/p>\n\n\n\n<div class=\"is-layout-flex wp-container-3 wp-block-columns bord-bloc-reutilisable has-background\" style=\"background-color:#ffeec2\">\n<div class=\"is-layout-flow wp-block-column is-vertically-aligned-center\" style=\"flex-basis:7%\">\n<figure class=\"wp-block-image alignfull size-full is-style-default\"><img decoding=\"async\" loading=\"lazy\" width=\"512\" height=\"512\" src=\"https:\/\/rebub.u-bordeaux.fr\/wp-content\/uploads\/2024\/04\/nouvelles-idees-en-cours.png\" alt=\"\" class=\"wp-image-19897\" srcset=\"https:\/\/rebub.u-bordeaux.fr\/wp-content\/uploads\/2024\/04\/nouvelles-idees-en-cours.png 512w, https:\/\/rebub.u-bordeaux.fr\/wp-content\/uploads\/2024\/04\/nouvelles-idees-en-cours-300x300.png 300w, https:\/\/rebub.u-bordeaux.fr\/wp-content\/uploads\/2024\/04\/nouvelles-idees-en-cours-150x150.png 150w\" sizes=\"(max-width: 512px) 100vw, 512px\" \/><\/figure>\n<\/div>\n\n\n\n<div class=\"is-layout-flow wp-block-column is-vertically-aligned-center\" style=\"flex-basis:85%\">\n<p><strong>Pourquoi une recherche avec une troncature retourne moins de r\u00e9sultats qu\u2019une recherche sans troncature ?<\/strong> Primo utilise une fonction de lemmatisation quand il effectue une recherche. L\u2019usage d\u2019une troncature d\u00e9sactive cette fonction et limite de fait le nombre de r\u00e9sultats.<\/p>\n<\/div>\n<\/div>\n\n\n\n<h2 id=\"stoc-recherche-avancee\" class=\"wpig-heading\">Recherche avanc\u00e9e<\/h2>\n\n\n\n<p>On y acc\u00e8de en cliquant sur le bouton \u201cRecherche avanc\u00e9e\u201d \u00e0 droite du champ de recherche<br>simple. La recherche avanc\u00e9e donne la possibilit\u00e9 de faire une recherche sur un ou plusieurs<br>champs :<\/p>\n\n\n\n<ul>\n<li>Tous les champs<\/li>\n\n\n\n<li>Titre<\/li>\n\n\n\n<li>Auteur<\/li>\n\n\n\n<li>Cote<\/li>\n\n\n\n<li>\u00c9chelle cartographique (pour la recherche de cartes)<\/li>\n\n\n\n<li>Sujet<\/li>\n<\/ul>\n\n\n\n<p>Trois champs suppl\u00e9mentaires ont \u00e9galement \u00e9t\u00e9 ajout\u00e9s pour permettre la recherche de listes de lecture <a href=\"http:\/\/rebub.u-bordeaux.fr\/index.php\/biblios\/procedures\/\" data-type=\"URL\" data-id=\"http:\/\/rebub.u-bordeaux.fr\/index.php\/biblios\/procedures\/\">Biblio +<\/a> :<\/p>\n\n\n\n<ul>\n<li>D\u00e9partement du cours<\/li>\n\n\n\n<li>Nom de l&rsquo;enseignant<\/li>\n\n\n\n<li>Nom du cours<\/li>\n<\/ul>\n\n\n\n<p>Trois formules de recherche diff\u00e9rentes peuvent \u00eatre employ\u00e9es :<\/p>\n\n\n\n<ul>\n<li>\u201cContient\u201d<\/li>\n\n\n\n<li>\u201cEst \u00e9gal \u00e0\u201d<\/li>\n\n\n\n<li>\u201cCommence par (uniquement valable pour les titres\u201d<\/li>\n<\/ul>\n\n\n\n<p>Trois op\u00e9rateurs bool\u00e9ens peuvent \u00eatre utilis\u00e9s :<\/p>\n\n\n\n<ul>\n<li>ET<\/li>\n\n\n\n<li>OU <\/li>\n\n\n\n<li>SAUF<\/li>\n<\/ul>\n\n\n\n<p>Sur la droite, il est \u00e9galement possible de restreindre la recherche \u00e0 :<\/p>\n\n\n\n<ul>\n<li>Un type de document<\/li>\n\n\n\n<li>Une langue<\/li>\n\n\n\n<li>Une date de publication (date ou p\u00e9riode sp\u00e9cifique ou la derni\u00e8re, les deux derni\u00e8res ou les derni\u00e8res ann\u00e9es)<\/li>\n<\/ul>\n\n\n\n<h2 id=\"stoc-les-resultats-dune-recherche\" class=\"wpig-heading\">Les r\u00e9sultats d\u2019une recherche<\/h2>\n\n\n\n<p>Pour revenir \u00e0 une recherche simple, il suffit de cliquer sur le bouton \u201cRecherche simple\u201d \u00e0 droite du formulaire de recherche avanc\u00e9e.<\/p>\n\n\n\n<h3 id=\"stoc-filtrer-les-resultats-dune-recherche\" class=\"wpig-heading\">Filtrer les r\u00e9sultats d\u2019une recherche<\/h3>\n\n\n\n<p class=\"has-medium-font-size\"><strong>Facettes disponibles<\/strong><\/p>\n\n\n\n<p>A gauche de la liste de r\u00e9sultats des facettes sont disponibles afin de filtrer\/affiner ses<br>r\u00e9sultats. Leur nombre peut varier d\u2019un \u00e9tablissement \u00e0 un autre suivant les choix de configuration :<\/p>\n\n\n\n<ul>\n<li><strong>Support<\/strong> : permet de restreindre les r\u00e9sultats aux ressources imprim\u00e9es (support physique) ou aux ressources \u00e9lectroniques (en ligne)<\/li>\n\n\n\n<li><strong>Disponibilit\u00e9<\/strong> : pour les ressources imprim\u00e9es, permet de restreindre aux documents qui sont en rayon<\/li>\n\n\n\n<li><strong>\u00c9tablissement<\/strong> : permet de limiter aux \u00e9tablissements qui poss\u00e8dent la ressource<\/li>\n\n\n\n<li><strong>Biblioth\u00e8que<\/strong> : permet de restreindre aux biblioth\u00e8ques qui poss\u00e8dent la ressource<\/li>\n\n\n\n<li><strong>Type de document <\/strong>: permet de restreindre au type de document (Livre, revue,\u2026)<\/li>\n\n\n\n<li><strong>Ann\u00e9e de publication<\/strong> : permet de filtrer l\u2019ann\u00e9e d\u2019\u00e9dition. Il faut saisir un intervalle d\u2019ann\u00e9es<\/li>\n\n\n\n<li><strong>Auteur<\/strong><\/li>\n\n\n\n<li><strong>Collection<\/strong><\/li>\n\n\n\n<li><strong>Sujet<\/strong><\/li>\n\n\n\n<li><strong>Langue<\/strong><\/li>\n\n\n\n<li><strong>\u00c9diteur<\/strong><\/li>\n\n\n\n<li><strong>\u00c9chelle cartographique<\/strong> (pour les cartes g\u00e9ographiques)<\/li>\n\n\n\n<li><strong>Titre de revue<\/strong><\/li>\n\n\n\n<li><strong>Source<\/strong> : permet de restreindre les r\u00e9sultats aux ressources \u00e9lectroniques provenant d&rsquo;un ou de plusieurs \u00e9diteurs ou agr\u00e9gateurs de contenus<\/li>\n\n\n\n<li><strong>Nom du cours<\/strong> (pour les ouvrages compris dans une liste de lecture Biblio +)<\/li>\n\n\n\n<li><strong>D\u00e9partement du cours<\/strong><\/li>\n\n\n\n<li><strong>Nom de l\u2019enseignant<\/strong><\/li>\n<\/ul>\n\n\n\n<p class=\"has-medium-font-size\"><strong>Utiliser les facettes<\/strong><\/p>\n\n\n\n<p>Appliquer un ou des filtres : il suffit de cliquer sur le filtre. Le filtre appara\u00eet alors tout en haut des facettes sous \u201cFiltres actifs\u201d. On peut bien s\u00fbr en appliquer d\u2019autres.<\/p>\n\n\n<div class=\"wp-block-image\">\n<figure class=\"aligncenter size-full\"><img decoding=\"async\" loading=\"lazy\" width=\"224\" height=\"89\" src=\"https:\/\/rebub.u-bordeaux.fr\/wp-content\/uploads\/2024\/01\/image-4.png\" alt=\"\" class=\"wp-image-17806\"\/><\/figure><\/div>\n\n\n<p><br>Retirer un ou des filtres : Il suffit de cliquer sur la croix \u00e0 droite du filtre. On peut \u00e9galement cliquer sur le bouton \u201cSupprimer les filtres\u201d notamment dans le cas de plusieurs filtres appliqu\u00e9s.<\/p>\n\n\n<div class=\"wp-block-image\">\n<figure class=\"aligncenter size-full\"><img decoding=\"async\" loading=\"lazy\" width=\"224\" height=\"89\" src=\"https:\/\/rebub.u-bordeaux.fr\/wp-content\/uploads\/2024\/01\/image-5.png\" alt=\"\" class=\"wp-image-17807\"\/><\/figure><\/div>\n\n\n<p>M\u00e9moriser un ou des filtres : Babord + permet \u00e9galement de garder en m\u00e9moire des filtres qui s\u2019appliqueront pour toutes les recherches de la session en cours.<br>Si on souhaite m\u00e9moriser un filtre, on cliquera sur le cadenas qui appara\u00eet \u00e0 gauche du filtre.<\/p>\n\n\n<div class=\"wp-block-image\">\n<figure class=\"aligncenter size-full\"><img decoding=\"async\" loading=\"lazy\" width=\"244\" height=\"127\" src=\"https:\/\/rebub.u-bordeaux.fr\/wp-content\/uploads\/2024\/01\/image-6.png\" alt=\"\" class=\"wp-image-17808\"\/><\/figure><\/div>\n\n\n<p>Si on souhaite m\u00e9moriser tous les filtres, on cliquera sur \u201cM\u00e9moriser tous les filtres\u201d<\/p>\n\n\n<div class=\"wp-block-image\">\n<figure class=\"aligncenter size-full\"><img decoding=\"async\" loading=\"lazy\" width=\"298\" height=\"163\" src=\"https:\/\/rebub.u-bordeaux.fr\/wp-content\/uploads\/2024\/01\/image-7.png\" alt=\"\" class=\"wp-image-17809\"\/><\/figure><\/div>\n\n\n<h3 id=\"stoc-lire-les-resultats-dune-recherche\" class=\"wpig-heading\">Lire les r\u00e9sultats d\u2019une recherche<\/h3>\n\n\n\n<p><strong>Depuis la liste des r\u00e9sultats<\/strong><\/p>\n\n\n\n<p>Les r\u00e9sultats affich\u00e9s m\u00ealent ressources imprim\u00e9es et ressources \u00e9lectroniques, provenant des diff\u00e9rentes sources de donn\u00e9es utilis\u00e9es.<br>Par d\u00e9faut, ces r\u00e9sultats sont class\u00e9s par pertinence. L&rsquo;algorithme servant \u00e0 \u00e9tablir ce classement prend en compte plusieurs param\u00e8tres comme le fait que les termes recherch\u00e9s aient \u00e9t\u00e9 trouv\u00e9s dans des zones identifi\u00e9es comme importantes (titres, auteur, sujet), la plus ou moins grande correspondance de ces termes avec les termes trouv\u00e9s dans ces zones ou bien encore la date de publication des ressources trouv\u00e9es (un poids plus important est donn\u00e9 aux ressources r\u00e9centes).<br>Les lecteurs disposent d\u2019un filtre \u00e0 droite de la liste des r\u00e9sultats qui leur permettent de modifier ce classement (date de publication, auteur, titre).<br>La liste des r\u00e9sultats est pagin\u00e9e et les lecteurs peuvent choisir le nombre de r\u00e9sultats qu\u2019ils souhaitent voir appara\u00eetre sur chaque page (10, 25 ou 50).<br>Les r\u00e9sultats sont affich\u00e9s sous la forme de notices succinctes qui comportent :<\/p>\n\n\n\n<ul>\n<li><strong>Une vignette <\/strong>: actuellement certaines vignettes sont r\u00e9cup\u00e9r\u00e9es sur Amazon. Quand elles ne sont pas r\u00e9cup\u00e9r\u00e9es, des vignettes par d\u00e9faut distinguent les diff\u00e9rents types de document. En th\u00e9orie, tous ces types sont suppos\u00e9s \u00eatre communs aux ressources imprim\u00e9es et aux ressources \u00e9lectroniques. En pratique, certains ne sont applicables qu&rsquo;aux unes ou aux autres. C&rsquo;est le cas par exemple du type \u00ab\u00a0Articles\u00a0\u00bb, qui ne remontera que des ressources \u00e9lectroniques. A contrario, le type \u00ab\u00a0Livres\u00a0\u00bb est commun aux ressources imprim\u00e9es et \u00e9lectroniques. Dans ce cas de figure, restreindre l&rsquo;affichage d&rsquo;une liste de r\u00e9sultats aux seuls ebooks n\u00e9cessitera de combiner la facette \u00ab\u00a0Type de document\u00a0\u00bb (\u00ab\u00a0Livre\u00a0\u00bb) avec la facette \u00ab\u00a0Disponibilit\u00e9\u00a0\u00bb (\u00ab\u00a0Acc\u00e8s en ligne\u00a0\u00bb).<\/li>\n\n\n\n<li><strong>Le titre<\/strong><\/li>\n\n\n\n<li><strong>L\u2019auteur<\/strong><\/li>\n\n\n\n<li><strong>L\u2019\u00e9diteur et l\u2019ann\u00e9e d\u2019\u00e9dition<\/strong><\/li>\n\n\n\n<li><strong>Les informations concernant l\u2019acc\u00e8s \u00e0 la ressource<\/strong> :\n\n\n\n\n<ul>\n<li>\u201cDisponible dans les biblioth\u00e8ques suivantes : des exemplaires disponibles dans plusieurs biblioth\u00e8ques de l\u2019institution.<\/li>\n<\/ul>\n\n\n\n<ul>\n<li>\u201cVoir la disponibilit\u00e9\u201d : un ou des exemplaires disponibles dans une biblioth\u00e8que de l\u2019institution<\/li>\n\n\n\n<li>\u201cNon disponible actuellement\u201d : des biblioth\u00e8ques de l\u2019institution poss\u00e8dent l\u2019exemplaire mais il n\u2019y en a pas de disponible<\/li>\n\n\n\n<li>\u201cPr\u00e9sent dans un autre \u00e9tablissement du r\u00e9seau\u201d : aucune biblioth\u00e8que de l\u2019institution ne poss\u00e8de la ressource mais elle est pr\u00e9sente dans un autre \u00e9tablissement du r\u00e9seau<\/li>\n\n\n\n<li>\u201cVoir les exemplaires\u201d : il y a plusieurs exemplaires pour ce titre (concerne les p\u00e9riodiques)<\/li>\n\n\n\n<li>\u201cAcc\u00e8s en ligne\u201d : acc\u00e8s \u00e0 la ressource \u00e9lectronique activ\u00e9e pour l\u2019institution<\/li>\n<\/ul>\n<\/li>\n<\/ul>\n\n\n\n<p>Pour acc\u00e9der \u00e0 la notice d\u00e9taill\u00e9e et aux informations d\u2019acc\u00e8s, il suffit de cliquer sur la vignette ou le titre.<\/p>\n\n\n\n<p><span style=\"text-decoration: underline;\">Les regroupements de notices<\/span><strong> :<\/strong> Ils se distinguent par une vignette compos\u00e9e de plusieurs livres. Ce regroupement rassemble plusieurs  \u00e9ditions d\u2019un m\u00eame titre. Il s&rsquo;appuie sur une fonctionnalit\u00e9 de regroupement de notices (FRBRisation) qui les rassemble en fonction de similarit\u00e9s constat\u00e9es dans les champs suivants : auteur, titre et date. Cette fonctionnalit\u00e9 concerne aussi bien les livres que les p\u00e9riodiques et les ressources imprim\u00e9es que les ressources \u00e9lectroniques.<\/p>\n\n\n\n<p><span style=\"text-decoration: underline;\">La fusion de notices<\/span> : un m\u00eame titre au format imprim\u00e9 et \u00e9lectronique (m\u00eame \u00e9dition) aura un r\u00e9sultat dans la liste. Il y aura \u00e0 la fois les informations d\u2019acc\u00e8s \u00e0 la ressource physique et \u00e0 la ressource \u00e9lectronique.<\/p>\n\n\n\n<p><strong>Depuis la notice d\u2019une ressource<\/strong><\/p>\n\n\n\n<p><span style=\"text-decoration: underline;\">Ressource imprim\u00e9e<\/span><\/p>\n\n\n\n<p>On retrouve :<\/p>\n\n\n\n<ul>\n<li><strong>La notice succincte<\/strong> tout en haut (Titre, auteur, \u00e9diteur et ann\u00e9e d\u2019\u00e9dition)<\/li>\n\n\n\n<li>Les informations d\u2019<strong>acc\u00e8s<\/strong> et de <strong>disponibilit\u00e9s<\/strong> dans la section intitul\u00e9e \u201c<strong>En rayon<\/strong>\u201d :\n<ul>\n<li>La ou les <strong>biblioth\u00e8ques<\/strong> qui poss\u00e8dent la ressource ainsi que la ou les<strong> localisations<\/strong> dans lesquelles elles se trouvent et la ou les<strong> cotes<\/strong> (ce sont les donn\u00e9es que l\u2019on trouve au niveau de la holding dans Alma)<\/li>\n\n\n\n<li>L\u2019information sur le <strong>nombre d\u2019exemplaires<\/strong>, les disponibilit\u00e9s et les demandes en cours<\/li>\n\n\n\n<li>Le type de document, la r\u00e8gle de pr\u00eat associ\u00e9 (appara\u00eet lorsque le lecteur est identifi\u00e9 puisque son groupe utilisateur d\u00e9termine la dur\u00e9e), une \u00e9ventuelle description et son statut (en rayon, en pr\u00eat, en traitement,\u2026). Les donn\u00e9es qui apparaissent ici correspondent \u00e0 la notice d\u2019exemplaire.<\/li>\n<\/ul>\n<\/li>\n\n\n\n<li>Si le document est pr\u00e9sent dans un <strong>autre \u00e9tablissement<\/strong> du r\u00e9seau, le nom de l&rsquo;institution s\u2019affiche et en cliquant dessus, on fait appara\u00eetre les informations d\u2019acc\u00e8s et de disponibilit\u00e9.<\/li>\n\n\n\n<li>La <strong>notice d\u00e9taill\u00e9e<\/strong><\/li>\n\n\n\n<li>Des <strong>options pour exporter<\/strong> les notices<\/li>\n<\/ul>\n\n\n\n<p>Pour les p\u00e9riodiques imprim\u00e9s, la section \u00ab\u00a0En rayon\u00a0\u00bb affiche pour chaque localisation un \u00e9tat de collection g\u00e9n\u00e9r\u00e9 \u00e0 partir des exemplaires de fascicules pr\u00e9sents dans la base d&rsquo;Alma, d\u00e8s lors qu&rsquo;il y a au moins deux exemplaires de ce titre dans la localisation en question.<\/p>\n\n\n\n<p><span style=\"text-decoration: underline;\">Ressource \u00e9lectronique<\/span><\/p>\n\n\n\n<p>Les informations affich\u00e9es sur la notice d\u2019une ressource \u00e9lectronique sont les m\u00eames qu\u2019une ressource imprim\u00e9e \u00e0 l\u2019exception de la section \u201cEn rayon\u201d remplac\u00e9e par \u201cEn ligne\u201d.<br>Cette section comporte un ou plusieurs <strong>liens d&rsquo;acc\u00e8s<\/strong> pour le titre affich\u00e9.<br>Ces liens d&rsquo;acc\u00e8s ont le nom de la collection \u00e9lectronique. Ils proviennent des informations de liens issues des inventaires \u00e9lectroniques d&rsquo;Alma.<br>Pour les p\u00e9riodiques, il est indiqu\u00e9 sous chaque lien la p\u00e9riode couverte par l&rsquo;abonnement.<br>Les conditions d&rsquo;acc\u00e8s au m\u00eame titre pouvant varier d&rsquo;un fournisseur de contenus \u00e0 l&rsquo;autre, c&rsquo;est l\u00e0 une information importante \u00e0 laquelle l&rsquo;usager doit se r\u00e9f\u00e9rer. <\/p>\n\n\n\n<div class=\"is-layout-flex wp-container-9 wp-block-columns bord-bloc-reutilisable has-background\" style=\"background-color:#d9edf7\">\n<div class=\"is-layout-flow wp-block-column is-vertically-aligned-center\" style=\"font-size:15px;flex-basis:20%\">\n<p style=\"font-size:15px\"><strong>Date de publication<\/strong> <\/p>\n\n\n<div style=\"font-size:15px;\" class=\"wp-block-post-date\"><time datetime=\"2024-03-22T09:37:38+01:00\">22 mars 2024<\/time><\/div><\/div>\n\n\n\n<div class=\"is-layout-flow wp-block-column is-vertically-aligned-center\" style=\"font-size:15px;flex-basis:20%\">\n<p><strong>Mis \u00e0 jour le <\/strong><\/p>\n\n\n<div style=\"font-size:15px;\" class=\"wp-block-post-date\"><time datetime=\"2024-05-02T11:54:31+02:00\">2 mai 2024<\/time><\/div><\/div>\n\n\n\n<div class=\"is-layout-flow wp-block-column is-vertically-aligned-center\" style=\"font-size:15px;flex-basis:40%\">\n<p><\/p>\n\n\n\n<p><strong>Attention ! <\/strong>Certains \u00e9tablissements utilisent parfois de proc\u00e9dures compl\u00e9mentaires <\/p>\n<\/div>\n\n\n\n<div class=\"is-layout-flow wp-block-column is-vertically-aligned-center\" style=\"font-size:15px;flex-basis:25%\">\n<div class=\"is-horizontal is-content-justification-center is-layout-flex wp-container-7 wp-block-buttons alignfull has-custom-font-size\" style=\"font-size:16px\">\n<div class=\"wp-block-button has-custom-width wp-block-button__width-75 has-custom-font-size is-style-fill\" style=\"font-size:15px\"><a class=\"wp-block-button__link has-white-color has-text-color has-background wp-element-button\" href=\"mailto:scoop@u-bordeaux.fr\" style=\"border-radius:65px;background-color:#000000db\"><strong>Signaler une erreur<\/strong><\/a><\/div>\n<\/div>\n<\/div>\n<\/div>\n","protected":false},"excerpt":{"rendered":"<p>Table des mati\u00e8res[ Show ]Recherche simpleRecherche avanc\u00e9eLes r\u00e9sultats d\u2019une rechercheFiltrer les r\u00e9sultats d\u2019une rechercheLire les r\u00e9sultats d\u2019une rechercheRecherche simple Par d\u00e9faut, Babord + propose une recherche simple, depuis une barre de recherche unique. Il est possible d&rsquo;utiliser dans la recherche&#8230;<\/p>\n","protected":false},"author":81,"featured_media":0,"parent":18422,"menu_order":3,"comment_status":"closed","ping_status":"closed","template":"","meta":[],"post_mailing_queue_ids":[],"_links":{"self":[{"href":"http:\/\/rebub.u-bordeaux.fr\/index.php\/wp-json\/wp\/v2\/pages\/18873"}],"collection":[{"href":"http:\/\/rebub.u-bordeaux.fr\/index.php\/wp-json\/wp\/v2\/pages"}],"about":[{"href":"http:\/\/rebub.u-bordeaux.fr\/index.php\/wp-json\/wp\/v2\/types\/page"}],"author":[{"embeddable":true,"href":"http:\/\/rebub.u-bordeaux.fr\/index.php\/wp-json\/wp\/v2\/users\/81"}],"replies":[{"embeddable":true,"href":"http:\/\/rebub.u-bordeaux.fr\/index.php\/wp-json\/wp\/v2\/comments?post=18873"}],"version-history":[{"count":3,"href":"http:\/\/rebub.u-bordeaux.fr\/index.php\/wp-json\/wp\/v2\/pages\/18873\/revisions"}],"predecessor-version":[{"id":20738,"href":"http:\/\/rebub.u-bordeaux.fr\/index.php\/wp-json\/wp\/v2\/pages\/18873\/revisions\/20738"}],"up":[{"embeddable":true,"href":"http:\/\/rebub.u-bordeaux.fr\/index.php\/wp-json\/wp\/v2\/pages\/18422"}],"wp:attachment":[{"href":"http:\/\/rebub.u-bordeaux.fr\/index.php\/wp-json\/wp\/v2\/media?parent=18873"}],"curies":[{"name":"wp","href":"https:\/\/api.w.org\/{rel}","templated":true}]}}