	{"id":18880,"date":"2024-03-22T09:37:44","date_gmt":"2024-03-22T08:37:44","guid":{"rendered":"https:\/\/rebub.u-bordeaux.fr\/?page_id=18880"},"modified":"2024-07-02T17:44:00","modified_gmt":"2024-07-02T15:44:00","slug":"le-compte-lecteur","status":"publish","type":"page","link":"http:\/\/rebub.u-bordeaux.fr\/index.php\/babord\/procedures\/services-aux-usagers\/le-compte-lecteur\/","title":{"rendered":"Le compte lecteur dans Babord +"},"content":{"rendered":"<div id='wpig-floatingbar' class='wpig-floatingbar'><div id='wpig-switch-wrapper' class='wpig-switch-wrapper'><span id='wpig-floating-switch' class='wpig-floating-switch'><img src='http:\/\/rebub.u-bordeaux.fr\/wp-content\/plugins\/sticky-toc-advance-table-of-contents\/\\assets\\menu.png'><\/span><\/div><div id='wpig-contents' class='wpig-contents  wpig-sidebar-widget wpig-style-3'><span class='wpig-headline'>Table des mati\u00e8res<span><a data-action='show' class='wpig-btn-toggledisplay'>[ Show ]<\/a><\/span><\/span><!-- Table of Contents --><div id='wpig-table-of-content' class='wpig-table-of-content'><ol><li class='stoc-se-connecter-au-compte-lecteur'><a href='#stoc-se-connecter-au-compte-lecteur'>Se connecter au compte lecteur<\/a><ol><li class='stoc-lecteurs-institutionnels'><a href='#stoc-lecteurs-institutionnels'>Lecteurs institutionnels<\/a><\/li><li class='stoc-lecteurs-exterieurs'><a href='#stoc-lecteurs-exterieurs'>Lecteurs ext\u00e9rieurs<\/a><\/li><\/ol><li class='stoc-les-informations-disponible-dans-le-compte-lecteur'><a href='#stoc-les-informations-disponible-dans-le-compte-lecteur'>Les informations disponible dans le compte lecteur<\/a><\/li><\/ol><\/li><\/div><!-- END OF Table of Contents --><\/div><\/div><p><div id='wpig-contents' class='wpig-contents  wpig-sidebar-widget wpig-style-1'><span class='wpig-headline'>Table des mati\u00e8res<span><a data-action='show' class='wpig-btn-toggledisplay'>[ Show ]<\/a><\/span><\/span><!-- Table of Contents --><div id='wpig-table-of-content' class='wpig-table-of-content' ><ol><li class='stoc-se-connecter-au-compte-lecteur'><a href='#stoc-se-connecter-au-compte-lecteur'>Se connecter au compte lecteur<\/a><ol><li class='stoc-lecteurs-institutionnels'><a href='#stoc-lecteurs-institutionnels'>Lecteurs institutionnels<\/a><\/li><li class='stoc-lecteurs-exterieurs'><a href='#stoc-lecteurs-exterieurs'>Lecteurs ext\u00e9rieurs<\/a><\/li><\/ol><li class='stoc-les-informations-disponible-dans-le-compte-lecteur'><a href='#stoc-les-informations-disponible-dans-le-compte-lecteur'>Les informations disponible dans le compte lecteur<\/a><\/li><\/ol><\/li><\/div><!-- END OF Table of Contents --><\/div><\/p>\n<p>Depuis son compte, un lecteur peut suivre ses pr\u00eats et demandes en cours, cr\u00e9er des listes de documents favoris et b\u00e9n\u00e9ficier de services comme la prolongation de pr\u00eats. Pour acc\u00e9der \u00e0 son compte lecteur et b\u00e9n\u00e9ficier des services li\u00e9s \u00e0 l\u2019authentification, les lecteurs doivent se connecter \u00e0 leur \u00e9tablissement de rattachement. <\/p>\n\n\n\n<h2 id=\"stoc-se-connecter-au-compte-lecteur\" class=\"wpig-heading\">Se connecter au compte lecteur<\/h2>\n\n\n\n<h3 id=\"stoc-lecteurs-institutionnels\" class=\"wpig-heading\">Lecteurs institutionnels<\/h3>\n\n\n\n<p>Lorsque le lecteur est connect\u00e9 \u00e0 son ENT, il sera directement authentifi\u00e9 dans Babord+. Sinon, il devra cliquer sur \u201cS\u2019identifier\u201d. Dans la fen\u00eatre qui s\u2019ouvre, il choisira son \u00e9tablissement de rattachement.<\/p>\n\n\n<div class=\"wp-block-image\">\n<figure class=\"aligncenter is-resized\"><a href=\"http:\/\/rebub.u-bordeaux.fr\/wp-content\/uploads\/2020\/04\/Babord_Identification_1.png\" target=\"_blank\" rel=\"noreferrer noopener\"><img decoding=\"async\" loading=\"lazy\" src=\"http:\/\/rebub.u-bordeaux.fr\/wp-content\/uploads\/2020\/04\/Babord_Identification_1.png\" alt=\"\" class=\"wp-image-8743\" width=\"294\" height=\"93\" srcset=\"https:\/\/rebub.u-bordeaux.fr\/wp-content\/uploads\/2020\/04\/Babord_Identification_1.png 987w, https:\/\/rebub.u-bordeaux.fr\/wp-content\/uploads\/2020\/04\/Babord_Identification_1-300x95.png 300w, https:\/\/rebub.u-bordeaux.fr\/wp-content\/uploads\/2020\/04\/Babord_Identification_1-768x244.png 768w\" sizes=\"(max-width: 294px) 100vw, 294px\" \/><\/a><\/figure><\/div>\n\n<div class=\"wp-block-image\">\n<figure class=\"aligncenter size-full is-resized\"><img decoding=\"async\" loading=\"lazy\" src=\"https:\/\/rebub.u-bordeaux.fr\/wp-content\/uploads\/2024\/01\/image-8.png\" alt=\"\" class=\"wp-image-17816\" width=\"461\" height=\"401\" srcset=\"https:\/\/rebub.u-bordeaux.fr\/wp-content\/uploads\/2024\/01\/image-8.png 619w, https:\/\/rebub.u-bordeaux.fr\/wp-content\/uploads\/2024\/01\/image-8-300x261.png 300w\" sizes=\"(max-width: 461px) 100vw, 461px\" \/><\/figure><\/div>\n\n\n<p>Il acc\u00e8de alors au syst\u00e8me d\u2019authentification de son \u00e9tablissement et doit renseigner ses identifiants et mot de passe d\u2019ENT.<\/p>\n\n\n\n<h3 id=\"stoc-lecteurs-exterieurs\" class=\"wpig-heading\">Lecteurs ext\u00e9rieurs<\/h3>\n\n\n\n<p>Les lecteurs ext\u00e9rieurs ne sont pas authentifi\u00e9s directement. Ils doivent cliquer sur le bouton \u201cS\u2019identifier\u201d. Dans la fen\u00eatre qui s\u2019ouvre, ils choisiront \u201cAutre public\u201d.<\/p>\n\n\n<div class=\"wp-block-image\">\n<figure class=\"aligncenter is-resized\"><a href=\"http:\/\/rebub.u-bordeaux.fr\/wp-content\/uploads\/2020\/04\/Babord_Identification_1.png\" target=\"_blank\" rel=\"noreferrer noopener\"><img decoding=\"async\" loading=\"lazy\" src=\"http:\/\/rebub.u-bordeaux.fr\/wp-content\/uploads\/2020\/04\/Babord_Identification_1.png\" alt=\"\" class=\"wp-image-8743\" width=\"346\" height=\"110\" srcset=\"https:\/\/rebub.u-bordeaux.fr\/wp-content\/uploads\/2020\/04\/Babord_Identification_1.png 987w, https:\/\/rebub.u-bordeaux.fr\/wp-content\/uploads\/2020\/04\/Babord_Identification_1-300x95.png 300w, https:\/\/rebub.u-bordeaux.fr\/wp-content\/uploads\/2020\/04\/Babord_Identification_1-768x244.png 768w\" sizes=\"(max-width: 346px) 100vw, 346px\" \/><\/a><\/figure><\/div>\n\n<div class=\"wp-block-image\">\n<figure class=\"aligncenter size-full is-resized\"><img decoding=\"async\" loading=\"lazy\" src=\"https:\/\/rebub.u-bordeaux.fr\/wp-content\/uploads\/2024\/01\/image-9.png\" alt=\"\" class=\"wp-image-17817\" width=\"480\" height=\"418\" srcset=\"https:\/\/rebub.u-bordeaux.fr\/wp-content\/uploads\/2024\/01\/image-9.png 619w, https:\/\/rebub.u-bordeaux.fr\/wp-content\/uploads\/2024\/01\/image-9-300x261.png 300w\" sizes=\"(max-width: 480px) 100vw, 480px\" \/><\/figure><\/div>\n\n\n<p>Pour s\u2019identifier, ils saisiront le code-barres de leur carte lecteur et le mot de passe qu\u2019ils auront cr\u00e9\u00e9 lors de leur premi\u00e8re visite sur le catalogue.<\/p>\n\n\n\n<div class=\"is-layout-flex wp-container-3 wp-block-columns bord-bloc-reutilisable has-background\" style=\"background-color:#ffeec2\">\n<div class=\"is-layout-flow wp-block-column is-vertically-aligned-center\" style=\"flex-basis:7%\">\n<figure class=\"wp-block-image alignfull size-full is-style-default\"><img decoding=\"async\" loading=\"lazy\" width=\"512\" height=\"512\" src=\"https:\/\/rebub.u-bordeaux.fr\/wp-content\/uploads\/2024\/04\/nouvelles-idees-en-cours.png\" alt=\"\" class=\"wp-image-19897\" srcset=\"https:\/\/rebub.u-bordeaux.fr\/wp-content\/uploads\/2024\/04\/nouvelles-idees-en-cours.png 512w, https:\/\/rebub.u-bordeaux.fr\/wp-content\/uploads\/2024\/04\/nouvelles-idees-en-cours-300x300.png 300w, https:\/\/rebub.u-bordeaux.fr\/wp-content\/uploads\/2024\/04\/nouvelles-idees-en-cours-150x150.png 150w\" sizes=\"(max-width: 512px) 100vw, 512px\" \/><\/figure>\n<\/div>\n\n\n\n<div class=\"is-layout-flow wp-block-column is-vertically-aligned-center\" style=\"flex-basis:85%\">\n<p><strong>A savoir<\/strong> : au moment de son inscription, le lecteur ext\u00e9rieur est invit\u00e9 \u00e0 cr\u00e9er son mot de passe depuis Babord +<\/p>\n<\/div>\n<\/div>\n\n\n\n<p>Depuis cette bo\u00eete de dialogue, le lecteur clique sur \u201cAutre public\u201d puis sur la fen\u00eatre suivante sur \u201cCr\u00e9er ou modifier votre mot de passe\u201d :<\/p>\n\n\n<div class=\"wp-block-image\">\n<figure class=\"aligncenter size-full is-resized\"><img decoding=\"async\" loading=\"lazy\" src=\"https:\/\/rebub.u-bordeaux.fr\/wp-content\/uploads\/2024\/01\/image-10.png\" alt=\"\" class=\"wp-image-17818\" width=\"474\" height=\"438\" srcset=\"https:\/\/rebub.u-bordeaux.fr\/wp-content\/uploads\/2024\/01\/image-10.png 686w, https:\/\/rebub.u-bordeaux.fr\/wp-content\/uploads\/2024\/01\/image-10-300x277.png 300w\" sizes=\"(max-width: 474px) 100vw, 474px\" \/><\/figure><\/div>\n\n\n<p>Sur la petite fen\u00eatre suivante, le saisit son adresse mail afin de recevoir un lien pour cr\u00e9er son mot de passe :<\/p>\n\n\n<div class=\"wp-block-image\">\n<figure class=\"aligncenter size-full is-resized\"><img decoding=\"async\" loading=\"lazy\" src=\"https:\/\/rebub.u-bordeaux.fr\/wp-content\/uploads\/2024\/01\/image-11.png\" alt=\"\" class=\"wp-image-17819\" width=\"309\" height=\"358\" srcset=\"https:\/\/rebub.u-bordeaux.fr\/wp-content\/uploads\/2024\/01\/image-11.png 356w, https:\/\/rebub.u-bordeaux.fr\/wp-content\/uploads\/2024\/01\/image-11-259x300.png 259w\" sizes=\"(max-width: 309px) 100vw, 309px\" \/><\/figure><\/div>\n\n\n<p>Apr\u00e8s avoir cliqu\u00e9 sur le bouton \u00ab\u00a0Envoyer\u00a0\u00bb, un message de confirmation appara\u00eet :<\/p>\n\n\n<div class=\"wp-block-image\">\n<figure class=\"aligncenter\"><a href=\"http:\/\/rebub.u-bordeaux.fr\/wp-content\/uploads\/2019\/12\/Lecteur-exterieur_fen\u00eatre-confirmation-envoi-mail.png\" target=\"_blank\" rel=\"noreferrer noopener\"><img decoding=\"async\" loading=\"lazy\" width=\"389\" height=\"223\" src=\"http:\/\/rebub.u-bordeaux.fr\/wp-content\/uploads\/2019\/12\/Lecteur-exterieur_fen\u00eatre-confirmation-envoi-mail.png\" alt=\"\" class=\"wp-image-7013\" srcset=\"https:\/\/rebub.u-bordeaux.fr\/wp-content\/uploads\/2019\/12\/Lecteur-exterieur_fen\u00eatre-confirmation-envoi-mail.png 389w, https:\/\/rebub.u-bordeaux.fr\/wp-content\/uploads\/2019\/12\/Lecteur-exterieur_fen\u00eatre-confirmation-envoi-mail-300x172.png 300w\" sizes=\"(max-width: 389px) 100vw, 389px\" \/><\/a><\/figure><\/div>\n\n\n<p>Le mail envoy\u00e9 au lecteur contient un lien sur lequel il doit cliquer pour g\u00e9n\u00e9rer le nouveau mot de passe :<\/p>\n\n\n<div class=\"wp-block-image\">\n<figure class=\"aligncenter\"><a href=\"http:\/\/rebub.u-bordeaux.fr\/wp-content\/uploads\/2019\/12\/Lecteur-exterieur_mail-r\u00e9initialisation-1.png\" target=\"_blank\" rel=\"noreferrer noopener\"><img decoding=\"async\" loading=\"lazy\" width=\"959\" height=\"570\" src=\"http:\/\/rebub.u-bordeaux.fr\/wp-content\/uploads\/2019\/12\/Lecteur-exterieur_mail-r\u00e9initialisation-1.png\" alt=\"\" class=\"wp-image-7051\" srcset=\"https:\/\/rebub.u-bordeaux.fr\/wp-content\/uploads\/2019\/12\/Lecteur-exterieur_mail-r\u00e9initialisation-1.png 959w, https:\/\/rebub.u-bordeaux.fr\/wp-content\/uploads\/2019\/12\/Lecteur-exterieur_mail-r\u00e9initialisation-1-300x178.png 300w, https:\/\/rebub.u-bordeaux.fr\/wp-content\/uploads\/2019\/12\/Lecteur-exterieur_mail-r\u00e9initialisation-1-768x456.png 768w\" sizes=\"(max-width: 959px) 100vw, 959px\" \/><\/a><\/figure><\/div>\n\n\n<p>Il acc\u00e8de alors \u00e0 une nouvelle page de cr\u00e9ation et de confirmation du mot de passe :<\/p>\n\n\n<div class=\"wp-block-image\">\n<figure class=\"aligncenter\"><a href=\"http:\/\/rebub.u-bordeaux.fr\/wp-content\/uploads\/2019\/12\/Lecteur-exterieur_fen\u00eatre-cr\u00e9ation-mot-de-passe.png\" target=\"_blank\" rel=\"noreferrer noopener\"><img decoding=\"async\" loading=\"lazy\" width=\"374\" height=\"409\" src=\"http:\/\/rebub.u-bordeaux.fr\/wp-content\/uploads\/2019\/12\/Lecteur-exterieur_fen\u00eatre-cr\u00e9ation-mot-de-passe.png\" alt=\"\" class=\"wp-image-7015\" srcset=\"https:\/\/rebub.u-bordeaux.fr\/wp-content\/uploads\/2019\/12\/Lecteur-exterieur_fen\u00eatre-cr\u00e9ation-mot-de-passe.png 374w, https:\/\/rebub.u-bordeaux.fr\/wp-content\/uploads\/2019\/12\/Lecteur-exterieur_fen\u00eatre-cr\u00e9ation-mot-de-passe-274x300.png 274w\" sizes=\"(max-width: 374px) 100vw, 374px\" \/><\/a><\/figure><\/div>\n\n\n<p>Une fois saisi le mot de passe est cr\u00e9\u00e9.<\/p>\n\n\n\n<p>Il faut inviter le lecteur \u00e0 suivre cette proc\u00e9dure et \u00e0 utiliser cette fonctionnalit\u00e9 lors de la cr\u00e9ation de son compte et aussi lors de la perte ou l&rsquo;oubli de son mot de passe.<\/p>\n\n\n\n<h2 id=\"stoc-les-informations-disponible-dans-le-compte-lecteur\" class=\"wpig-heading\">Les informations disponible dans le compte lecteur<\/h2>\n\n\n\n<p>Si l&rsquo;authentification s&rsquo;est bien pass\u00e9e, les nom et pr\u00e9nom&nbsp; du lecteur apparaissent en haut \u00e0 droit de la page d&rsquo;accueil :<\/p>\n\n\n<div class=\"wp-block-image\">\n<figure class=\"aligncenter is-resized\"><a href=\"http:\/\/rebub.u-bordeaux.fr\/wp-content\/uploads\/2020\/04\/Babord_Identification-reussie.png\" target=\"_blank\" rel=\"noreferrer noopener\"><img decoding=\"async\" loading=\"lazy\" src=\"http:\/\/rebub.u-bordeaux.fr\/wp-content\/uploads\/2020\/04\/Babord_Identification-reussie.png\" alt=\"\" class=\"wp-image-8746\" width=\"456\" height=\"155\" srcset=\"https:\/\/rebub.u-bordeaux.fr\/wp-content\/uploads\/2020\/04\/Babord_Identification-reussie.png 887w, https:\/\/rebub.u-bordeaux.fr\/wp-content\/uploads\/2020\/04\/Babord_Identification-reussie-300x102.png 300w, https:\/\/rebub.u-bordeaux.fr\/wp-content\/uploads\/2020\/04\/Babord_Identification-reussie-768x262.png 768w\" sizes=\"(max-width: 456px) 100vw, 456px\" \/><\/a><\/figure><\/div>\n\n\n<p>Lorsqu&rsquo;il clique dessus, un menu d\u00e9roulant appara\u00eet, pour acc\u00e9der \u00e0 son compte, il cliquera sur \u00ab\u00a0Mon compte lecteur\u00a0\u00bb :<\/p>\n\n\n<div class=\"wp-block-image\">\n<figure class=\"aligncenter is-resized\"><a href=\"http:\/\/rebub.u-bordeaux.fr\/wp-content\/uploads\/2020\/04\/Babord_Menu-Mon-compte.png\" target=\"_blank\" rel=\"noreferrer noopener\"><img decoding=\"async\" loading=\"lazy\" src=\"http:\/\/rebub.u-bordeaux.fr\/wp-content\/uploads\/2020\/04\/Babord_Menu-Mon-compte.png\" alt=\"\" class=\"wp-image-8748\" width=\"364\" height=\"481\" srcset=\"https:\/\/rebub.u-bordeaux.fr\/wp-content\/uploads\/2020\/04\/Babord_Menu-Mon-compte.png 1051w, https:\/\/rebub.u-bordeaux.fr\/wp-content\/uploads\/2020\/04\/Babord_Menu-Mon-compte-227x300.png 227w, https:\/\/rebub.u-bordeaux.fr\/wp-content\/uploads\/2020\/04\/Babord_Menu-Mon-compte-773x1024.png 773w, https:\/\/rebub.u-bordeaux.fr\/wp-content\/uploads\/2020\/04\/Babord_Menu-Mon-compte-768x1017.png 768w\" sizes=\"(max-width: 364px) 100vw, 364px\" \/><\/a><\/figure><\/div>\n\n\n<p>Un tableau de bord s\u2019affiche. A gauche du tableau de bord se trouve la liste des \u00e9tablissements que le lecteur a fr\u00e9quent\u00e9 au moins une fois. En cliquant sur les \u00e9tablissements, il peut voir les documents en pr\u00eat et les demandes en cours.<\/p>\n\n\n\n<figure class=\"wp-block-image size-large\"><img decoding=\"async\" loading=\"lazy\" width=\"1024\" height=\"533\" src=\"https:\/\/rebub.u-bordeaux.fr\/wp-content\/uploads\/2024\/01\/image-14-1024x533.png\" alt=\"\" class=\"wp-image-17823\" srcset=\"https:\/\/rebub.u-bordeaux.fr\/wp-content\/uploads\/2024\/01\/image-14-1024x533.png 1024w, https:\/\/rebub.u-bordeaux.fr\/wp-content\/uploads\/2024\/01\/image-14-300x156.png 300w, https:\/\/rebub.u-bordeaux.fr\/wp-content\/uploads\/2024\/01\/image-14-768x400.png 768w, https:\/\/rebub.u-bordeaux.fr\/wp-content\/uploads\/2024\/01\/image-14.png 1231w\" sizes=\"(max-width: 1024px) 100vw, 1024px\" \/><\/figure>\n\n\n\n<p>La partie centrale est compos\u00e9e d\u2019onglets : <\/p>\n\n\n\n<ul>\n<li>\u201c<strong>Aper\u00e7u<\/strong>\u201d qui donne un aper\u00e7u rapide des pr\u00eats en cours avec notamment la date de retour pr\u00e9vue<\/li>\n\n\n\n<li>\u201c<strong>Pr\u00eats<\/strong>\u201d permet de voir le d\u00e9tail des pr\u00eats : les pr\u00eats en cours (actifs), les pr\u00eats pr\u00e9c\u00e9dents et l\u2019historique des pr\u00eats. On peut <a href=\"http:\/\/rebub.u-bordeaux.fr\/index.php\/babord\/procedures\/services-aux-usagers\/prolonger-le-pret-dun-document\/\" data-type=\"URL\" data-id=\"http:\/\/rebub.u-bordeaux.fr\/index.php\/babord\/procedures\/services-aux-usagers\/prolonger-le-pret-dun-document\/\">renouveler<\/a> ses pr\u00eats, tous les pr\u00eats en cours en une fois ou un par un <\/li>\n\n\n\n<li>\u201c<strong>Demandes en cours<\/strong>\u201d permet de voir les r\u00e9servations ou demande de num\u00e9risation qu\u2019il aurait formuler depuis le catalogue. Depuis cet onglet, le lecteur peut les annuler.<\/li>\n\n\n\n<li>\u201c<strong>Blocage+Messages<\/strong>\u201d fait appara\u00eetre les \u00e9ventuelles suspension de pr\u00eat et messages envoy\u00e9s par la biblioth\u00e8que (par l\u2019interm\u00e9diaire d\u2019une note). Un petit drapeau <img decoding=\"async\" loading=\"lazy\" src=\"http:\/\/rebub.u-bordeaux.fr\/wp-content\/uploads\/2018\/07\/Primo_drapeau.png\" alt=\"\" width=\"25\" height=\"25\"> alerte le lecteur de la pr\u00e9sence d\u2019un blocage ou d\u2019un message dans cet onglet.<\/li>\n\n\n\n<li><strong>\u201cInformations personnelles<\/strong>\u201d affiche la date d\u2019expiration du compte, son groupe utilisateur de rattachement. Depuis cet onglet, le lecteur peut \u00e9galement modifier la langue de l\u2019interface<\/li>\n<\/ul>\n\n\n\n<div class=\"is-layout-flex wp-container-9 wp-block-columns bord-bloc-reutilisable has-background\" style=\"background-color:#d9edf7\">\n<div class=\"is-layout-flow wp-block-column is-vertically-aligned-center\" style=\"font-size:15px;flex-basis:20%\">\n<p style=\"font-size:15px\"><strong>Date de publication<\/strong> <\/p>\n\n\n<div style=\"font-size:15px;\" class=\"wp-block-post-date\"><time datetime=\"2024-03-22T09:37:44+01:00\">22 mars 2024<\/time><\/div><\/div>\n\n\n\n<div class=\"is-layout-flow wp-block-column is-vertically-aligned-center\" style=\"font-size:15px;flex-basis:20%\">\n<p><strong>Mis \u00e0 jour le <\/strong><\/p>\n\n\n<div style=\"font-size:15px;\" class=\"wp-block-post-date\"><time datetime=\"2024-07-02T17:44:00+02:00\">2 juillet 2024<\/time><\/div><\/div>\n\n\n\n<div class=\"is-layout-flow wp-block-column is-vertically-aligned-center\" style=\"font-size:15px;flex-basis:40%\">\n<p><\/p>\n\n\n\n<p><strong>Attention ! <\/strong>Certains \u00e9tablissements utilisent parfois de proc\u00e9dures compl\u00e9mentaires <\/p>\n<\/div>\n\n\n\n<div class=\"is-layout-flow wp-block-column is-vertically-aligned-center\" style=\"font-size:15px;flex-basis:25%\">\n<div class=\"is-horizontal is-content-justification-center is-layout-flex wp-container-7 wp-block-buttons alignfull has-custom-font-size\" style=\"font-size:16px\">\n<div class=\"wp-block-button has-custom-width wp-block-button__width-75 has-custom-font-size is-style-fill\" style=\"font-size:15px\"><a class=\"wp-block-button__link has-white-color has-text-color has-background wp-element-button\" href=\"mailto:scoop@u-bordeaux.fr\" style=\"border-radius:65px;background-color:#000000db\"><strong>Signaler une erreur<\/strong><\/a><\/div>\n<\/div>\n<\/div>\n<\/div>\n","protected":false},"excerpt":{"rendered":"<p>Table des mati\u00e8res[ Show ]Se connecter au compte lecteurLecteurs institutionnelsLecteurs ext\u00e9rieursLes informations disponible dans le compte lecteurDepuis son compte, un lecteur peut suivre ses pr\u00eats et demandes en cours, cr\u00e9er des listes de documents favoris et b\u00e9n\u00e9ficier de services comme&#8230;<\/p>\n","protected":false},"author":81,"featured_media":0,"parent":18426,"menu_order":0,"comment_status":"closed","ping_status":"closed","template":"","meta":[],"post_mailing_queue_ids":[],"_links":{"self":[{"href":"http:\/\/rebub.u-bordeaux.fr\/index.php\/wp-json\/wp\/v2\/pages\/18880"}],"collection":[{"href":"http:\/\/rebub.u-bordeaux.fr\/index.php\/wp-json\/wp\/v2\/pages"}],"about":[{"href":"http:\/\/rebub.u-bordeaux.fr\/index.php\/wp-json\/wp\/v2\/types\/page"}],"author":[{"embeddable":true,"href":"http:\/\/rebub.u-bordeaux.fr\/index.php\/wp-json\/wp\/v2\/users\/81"}],"replies":[{"embeddable":true,"href":"http:\/\/rebub.u-bordeaux.fr\/index.php\/wp-json\/wp\/v2\/comments?post=18880"}],"version-history":[{"count":3,"href":"http:\/\/rebub.u-bordeaux.fr\/index.php\/wp-json\/wp\/v2\/pages\/18880\/revisions"}],"predecessor-version":[{"id":20748,"href":"http:\/\/rebub.u-bordeaux.fr\/index.php\/wp-json\/wp\/v2\/pages\/18880\/revisions\/20748"}],"up":[{"embeddable":true,"href":"http:\/\/rebub.u-bordeaux.fr\/index.php\/wp-json\/wp\/v2\/pages\/18426"}],"wp:attachment":[{"href":"http:\/\/rebub.u-bordeaux.fr\/index.php\/wp-json\/wp\/v2\/media?parent=18880"}],"curies":[{"name":"wp","href":"https:\/\/api.w.org\/{rel}","templated":true}]}}