	{"id":18902,"date":"2024-03-22T09:37:56","date_gmt":"2024-03-22T08:37:56","guid":{"rendered":"https:\/\/rebub.u-bordeaux.fr\/?page_id=18902"},"modified":"2024-05-02T13:00:12","modified_gmt":"2024-05-02T11:00:12","slug":"cdi-foire-aux-questions","status":"publish","type":"page","link":"http:\/\/rebub.u-bordeaux.fr\/index.php\/babord\/procedures\/cdi\/cdi-foire-aux-questions\/","title":{"rendered":"CDI : Foire aux questions"},"content":{"rendered":"<div id='wpig-floatingbar' class='wpig-floatingbar'><div id='wpig-switch-wrapper' class='wpig-switch-wrapper'><span id='wpig-floating-switch' class='wpig-floating-switch'><img src='http:\/\/rebub.u-bordeaux.fr\/wp-content\/plugins\/sticky-toc-advance-table-of-contents\/\\assets\\menu.png'><\/span><\/div><div id='wpig-contents' class='wpig-contents  wpig-sidebar-widget wpig-style-3'><span class='wpig-headline'>Table des mati\u00e8res<span><a data-action='show' class='wpig-btn-toggledisplay'>[ Show ]<\/a><\/span><\/span><!-- Table of Contents --><div id='wpig-table-of-content' class='wpig-table-of-content'><ol><li class='stoc-quel-est-le-delai-entre-lactivation-dune-collection-electronique-et-la-mise-a-jour-de-lindex-central'><a href='#stoc-quel-est-le-delai-entre-lactivation-dune-collection-electronique-et-la-mise-a-jour-de-lindex-central'>Quel est le d\u00e9lai entre l\u2019activation d\u2019une collection \u00e9lectronique et la mise \u00e0 jour de l\u2019index central ?<\/a><\/li><li class='stoc-je-sais-quune-collection-electronique-est-indexee-dans-cdi-pourquoi-je-nai-pas-acces-aux-parametres-de-recherche-de-cdi'><a href='#stoc-je-sais-quune-collection-electronique-est-indexee-dans-cdi-pourquoi-je-nai-pas-acces-aux-parametres-de-recherche-de-cdi'>Je sais qu&rsquo;une collection \u00e9lectronique est index\u00e9e dans CDI. Pourquoi je n\u2019ai pas acc\u00e8s aux param\u00e8tres de recherche de CDI ?<\/a><\/li><li class='stoc-selon-quel-critere-une-ressource-est-declaree-comme-indexee-dans-cdi'><a href='#stoc-selon-quel-critere-une-ressource-est-declaree-comme-indexee-dans-cdi'>Selon quel crit\u00e8re une ressource est d\u00e9clar\u00e9e comme index\u00e9e dans CDI ?<\/a><\/li><\/ol><\/div><!-- END OF Table of Contents --><\/div><\/div><p><div id='wpig-contents' class='wpig-contents  wpig-sidebar-widget wpig-style-1'><span class='wpig-headline'>Table des mati\u00e8res<span><a data-action='show' class='wpig-btn-toggledisplay'>[ Show ]<\/a><\/span><\/span><!-- Table of Contents --><div id='wpig-table-of-content' class='wpig-table-of-content' ><ol><li class='stoc-quel-est-le-delai-entre-lactivation-dune-collection-electronique-et-la-mise-a-jour-de-lindex-central'><a href='#stoc-quel-est-le-delai-entre-lactivation-dune-collection-electronique-et-la-mise-a-jour-de-lindex-central'>Quel est le d\u00e9lai entre l\u2019activation d\u2019une collection \u00e9lectronique et la mise \u00e0 jour de l\u2019index central ?<\/a><\/li><li class='stoc-je-sais-quune-collection-electronique-est-indexee-dans-cdi-pourquoi-je-nai-pas-acces-aux-parametres-de-recherche-de-cdi'><a href='#stoc-je-sais-quune-collection-electronique-est-indexee-dans-cdi-pourquoi-je-nai-pas-acces-aux-parametres-de-recherche-de-cdi'>Je sais qu&rsquo;une collection \u00e9lectronique est index\u00e9e dans CDI. Pourquoi je n\u2019ai pas acc\u00e8s aux param\u00e8tres de recherche de CDI ?<\/a><\/li><li class='stoc-selon-quel-critere-une-ressource-est-declaree-comme-indexee-dans-cdi'><a href='#stoc-selon-quel-critere-une-ressource-est-declaree-comme-indexee-dans-cdi'>Selon quel crit\u00e8re une ressource est d\u00e9clar\u00e9e comme index\u00e9e dans CDI ?<\/a><\/li><\/ol><\/div><!-- END OF Table of Contents --><\/div><\/p>\n<h2 id=\"stoc-quel-est-le-delai-entre-lactivation-dune-collection-electronique-et-la-mise-a-jour-de-lindex-central\" class=\"wpig-heading\">Quel est le d\u00e9lai entre l\u2019activation d\u2019une collection \u00e9lectronique et la mise \u00e0 jour de l\u2019index central ?<\/h2>\n\n\n\n<p>CDI est mis \u00e0 jour 48h apr\u00e8s l\u2019activation d\u2019une collection \u00e9lectronique.<\/p>\n\n\n\n<h2 id=\"stoc-je-sais-quune-collection-electronique-est-indexee-dans-cdi-pourquoi-je-nai-pas-acces-aux-parametres-de-recherche-de-cdi\" class=\"wpig-heading\">Je sais qu&rsquo;une collection \u00e9lectronique est index\u00e9e dans CDI. Pourquoi je n\u2019ai pas acc\u00e8s aux param\u00e8tres de recherche de CDI ?<\/h2>\n\n\n\n<p>Pour des bouquets identiques, il existe souvent plusieurs collections \u00e9lectroniques correspondantes dans Alma pour r\u00e9pondre \u00e0 des besoins de consortium nationaux. Dans ces cas l\u00e0, Ex Libris a fait porter les informations d\u2019activation dans CDI sur la collection qui est cr\u00e9\u00e9e \u00e0 partir des donn\u00e9es de l\u2019\u00e9diteur.<br>Par exemple, pour les revues Cairn, les informations d\u2019activation pour la recherche sont port\u00e9es par la collection CAIRN Journal G\u00e9n\u00e9ral et non la collection issues des donn\u00e9es de Bacon.<\/p>\n\n\n\n<figure class=\"wp-block-image\"><a href=\"http:\/\/rebub.u-bordeaux.fr\/wp-content\/uploads\/2020\/05\/CDI_Activation-CAIRN.png\" target=\"_blank\" rel=\"noreferrer noopener\"><img decoding=\"async\" loading=\"lazy\" width=\"1600\" height=\"810\" src=\"http:\/\/rebub.u-bordeaux.fr\/wp-content\/uploads\/2020\/05\/CDI_Activation-CAIRN.png\" alt=\"\" class=\"wp-image-8871\" srcset=\"https:\/\/rebub.u-bordeaux.fr\/wp-content\/uploads\/2020\/05\/CDI_Activation-CAIRN.png 1600w, https:\/\/rebub.u-bordeaux.fr\/wp-content\/uploads\/2020\/05\/CDI_Activation-CAIRN-300x152.png 300w, https:\/\/rebub.u-bordeaux.fr\/wp-content\/uploads\/2020\/05\/CDI_Activation-CAIRN-1024x518.png 1024w, https:\/\/rebub.u-bordeaux.fr\/wp-content\/uploads\/2020\/05\/CDI_Activation-CAIRN-768x389.png 768w, https:\/\/rebub.u-bordeaux.fr\/wp-content\/uploads\/2020\/05\/CDI_Activation-CAIRN-1536x778.png 1536w\" sizes=\"(max-width: 1600px) 100vw, 1600px\" \/><\/a><\/figure>\n\n\n\n<p>N\u00e9anmoins, dans le cas pr\u00e9sent il n\u2019y a rien \u00e0 faire. L\u2019activation du bouquet Bacon activera automatiquement la recherche sur les titres de cette collection.<\/p>\n\n\n\n<h2 id=\"stoc-selon-quel-critere-une-ressource-est-declaree-comme-indexee-dans-cdi\" class=\"wpig-heading\">Selon quel crit\u00e8re une ressource est d\u00e9clar\u00e9e comme index\u00e9e dans CDI ?<\/h2>\n\n\n\n<p>Une collection est d\u00e9clar\u00e9e pr\u00e9sente dans CDI \u00e0 partir du moment o\u00f9 80% de ces titres sont index\u00e9s dans l\u2019index central.<strong> <\/strong><\/p>\n\n\n\n<div class=\"is-layout-flex wp-container-6 wp-block-columns bord-bloc-reutilisable has-background\" style=\"background-color:#d9edf7\">\n<div class=\"is-layout-flow wp-block-column is-vertically-aligned-center\" style=\"font-size:15px;flex-basis:20%\">\n<p style=\"font-size:15px\"><strong>Date de publication<\/strong> <\/p>\n\n\n<div style=\"font-size:15px;\" class=\"wp-block-post-date\"><time datetime=\"2024-03-22T09:37:56+01:00\">22 mars 2024<\/time><\/div><\/div>\n\n\n\n<div class=\"is-layout-flow wp-block-column is-vertically-aligned-center\" style=\"font-size:15px;flex-basis:20%\">\n<p><strong>Mis \u00e0 jour le <\/strong><\/p>\n\n\n<div style=\"font-size:15px;\" class=\"wp-block-post-date\"><time datetime=\"2024-05-02T13:00:12+02:00\">2 mai 2024<\/time><\/div><\/div>\n\n\n\n<div class=\"is-layout-flow wp-block-column is-vertically-aligned-center\" style=\"font-size:15px;flex-basis:40%\">\n<p><\/p>\n\n\n\n<p><strong>Attention ! <\/strong>Certains \u00e9tablissements utilisent parfois de proc\u00e9dures compl\u00e9mentaires <\/p>\n<\/div>\n\n\n\n<div class=\"is-layout-flow wp-block-column is-vertically-aligned-center\" style=\"font-size:15px;flex-basis:25%\">\n<div class=\"is-horizontal is-content-justification-center is-layout-flex wp-container-4 wp-block-buttons alignfull has-custom-font-size\" style=\"font-size:16px\">\n<div class=\"wp-block-button has-custom-width wp-block-button__width-75 has-custom-font-size is-style-fill\" style=\"font-size:15px\"><a class=\"wp-block-button__link has-white-color has-text-color has-background wp-element-button\" href=\"mailto:scoop@u-bordeaux.fr\" style=\"border-radius:65px;background-color:#000000db\"><strong>Signaler une erreur<\/strong><\/a><\/div>\n<\/div>\n<\/div>\n<\/div>\n","protected":false},"excerpt":{"rendered":"<p>Table des mati\u00e8res[ Show ]Quel est le d\u00e9lai entre l\u2019activation d\u2019une collection \u00e9lectronique et la mise \u00e0 jour de l\u2019index central ?Je sais qu&rsquo;une collection \u00e9lectronique est index\u00e9e dans CDI. Pourquoi je n\u2019ai pas acc\u00e8s aux param\u00e8tres de recherche de&#8230;<\/p>\n","protected":false},"author":81,"featured_media":0,"parent":18427,"menu_order":4,"comment_status":"closed","ping_status":"closed","template":"","meta":[],"post_mailing_queue_ids":[],"_links":{"self":[{"href":"http:\/\/rebub.u-bordeaux.fr\/index.php\/wp-json\/wp\/v2\/pages\/18902"}],"collection":[{"href":"http:\/\/rebub.u-bordeaux.fr\/index.php\/wp-json\/wp\/v2\/pages"}],"about":[{"href":"http:\/\/rebub.u-bordeaux.fr\/index.php\/wp-json\/wp\/v2\/types\/page"}],"author":[{"embeddable":true,"href":"http:\/\/rebub.u-bordeaux.fr\/index.php\/wp-json\/wp\/v2\/users\/81"}],"replies":[{"embeddable":true,"href":"http:\/\/rebub.u-bordeaux.fr\/index.php\/wp-json\/wp\/v2\/comments?post=18902"}],"version-history":[{"count":4,"href":"http:\/\/rebub.u-bordeaux.fr\/index.php\/wp-json\/wp\/v2\/pages\/18902\/revisions"}],"predecessor-version":[{"id":20782,"href":"http:\/\/rebub.u-bordeaux.fr\/index.php\/wp-json\/wp\/v2\/pages\/18902\/revisions\/20782"}],"up":[{"embeddable":true,"href":"http:\/\/rebub.u-bordeaux.fr\/index.php\/wp-json\/wp\/v2\/pages\/18427"}],"wp:attachment":[{"href":"http:\/\/rebub.u-bordeaux.fr\/index.php\/wp-json\/wp\/v2\/media?parent=18902"}],"curies":[{"name":"wp","href":"https:\/\/api.w.org\/{rel}","templated":true}]}}

<div id='wpig-floatingbar' class='wpig-floatingbar'><div id='wpig-switch-wrapper' class='wpig-switch-wrapper'><span id='wpig-floating-switch' class='wpig-floating-switch'><img src='http://rebub.u-bordeaux.fr/wp-content/plugins/sticky-toc-advance-table-of-contents/\assets\menu.png'></span></div><div id='wpig-contents' class='wpig-contents  wpig-sidebar-widget wpig-style-3'><span class='wpig-headline'>Table des matières<span><a data-action='show' class='wpig-btn-toggledisplay'>[ Show ]</a></span></span><!-- Table of Contents --><div id='wpig-table-of-content' class='wpig-table-of-content'><ol><li class='stoc-quel-est-le-delai-entre-lactivation-dune-collection-electronique-et-la-mise-a-jour-de-lindex-central'><a href='#stoc-quel-est-le-delai-entre-lactivation-dune-collection-electronique-et-la-mise-a-jour-de-lindex-central'>Quel est le délai entre l’activation d’une collection électronique et la mise à jour de l’index central ?</a></li><li class='stoc-je-sais-quune-collection-electronique-est-indexee-dans-cdi-pourquoi-je-nai-pas-acces-aux-parametres-de-recherche-de-cdi'><a href='#stoc-je-sais-quune-collection-electronique-est-indexee-dans-cdi-pourquoi-je-nai-pas-acces-aux-parametres-de-recherche-de-cdi'>Je sais qu&rsquo;une collection électronique est indexée dans CDI. Pourquoi je n’ai pas accès aux paramètres de recherche de CDI ?</a></li><li class='stoc-selon-quel-critere-une-ressource-est-declaree-comme-indexee-dans-cdi'><a href='#stoc-selon-quel-critere-une-ressource-est-declaree-comme-indexee-dans-cdi'>Selon quel critère une ressource est déclarée comme indexée dans CDI ?</a></li></ol></div><!-- END OF Table of Contents --></div></div><p><div id='wpig-contents' class='wpig-contents  wpig-sidebar-widget wpig-style-1'><span class='wpig-headline'>Table des matières<span><a data-action='show' class='wpig-btn-toggledisplay'>[ Show ]</a></span></span><!-- Table of Contents --><div id='wpig-table-of-content' class='wpig-table-of-content' ><ol><li class='stoc-quel-est-le-delai-entre-lactivation-dune-collection-electronique-et-la-mise-a-jour-de-lindex-central'><a href='#stoc-quel-est-le-delai-entre-lactivation-dune-collection-electronique-et-la-mise-a-jour-de-lindex-central'>Quel est le délai entre l’activation d’une collection électronique et la mise à jour de l’index central ?</a></li><li class='stoc-je-sais-quune-collection-electronique-est-indexee-dans-cdi-pourquoi-je-nai-pas-acces-aux-parametres-de-recherche-de-cdi'><a href='#stoc-je-sais-quune-collection-electronique-est-indexee-dans-cdi-pourquoi-je-nai-pas-acces-aux-parametres-de-recherche-de-cdi'>Je sais qu&rsquo;une collection électronique est indexée dans CDI. Pourquoi je n’ai pas accès aux paramètres de recherche de CDI ?</a></li><li class='stoc-selon-quel-critere-une-ressource-est-declaree-comme-indexee-dans-cdi'><a href='#stoc-selon-quel-critere-une-ressource-est-declaree-comme-indexee-dans-cdi'>Selon quel critère une ressource est déclarée comme indexée dans CDI ?</a></li></ol></div><!-- END OF Table of Contents --></div></p>
<h2 id="stoc-quel-est-le-delai-entre-lactivation-dune-collection-electronique-et-la-mise-a-jour-de-lindex-central" class="wpig-heading">Quel est le délai entre l’activation d’une collection électronique et la mise à jour de l’index central ?</h2>



<p>CDI est mis à jour 48h après l’activation d’une collection électronique.</p>



<h2 id="stoc-je-sais-quune-collection-electronique-est-indexee-dans-cdi-pourquoi-je-nai-pas-acces-aux-parametres-de-recherche-de-cdi" class="wpig-heading">Je sais qu&rsquo;une collection électronique est indexée dans CDI. Pourquoi je n’ai pas accès aux paramètres de recherche de CDI ?</h2>



<p>Pour des bouquets identiques, il existe souvent plusieurs collections électroniques correspondantes dans Alma pour répondre à des besoins de consortium nationaux. Dans ces cas là, Ex Libris a fait porter les informations d’activation dans CDI sur la collection qui est créée à partir des données de l’éditeur.<br>Par exemple, pour les revues Cairn, les informations d’activation pour la recherche sont portées par la collection CAIRN Journal Général et non la collection issues des données de Bacon.</p>



<figure class="wp-block-image"><a href="http://rebub.u-bordeaux.fr/wp-content/uploads/2020/05/CDI_Activation-CAIRN.png" target="_blank" rel="noreferrer noopener"><img decoding="async" loading="lazy" width="1600" height="810" src="http://rebub.u-bordeaux.fr/wp-content/uploads/2020/05/CDI_Activation-CAIRN.png" alt="" class="wp-image-8871" srcset="https://rebub.u-bordeaux.fr/wp-content/uploads/2020/05/CDI_Activation-CAIRN.png 1600w, https://rebub.u-bordeaux.fr/wp-content/uploads/2020/05/CDI_Activation-CAIRN-300x152.png 300w, https://rebub.u-bordeaux.fr/wp-content/uploads/2020/05/CDI_Activation-CAIRN-1024x518.png 1024w, https://rebub.u-bordeaux.fr/wp-content/uploads/2020/05/CDI_Activation-CAIRN-768x389.png 768w, https://rebub.u-bordeaux.fr/wp-content/uploads/2020/05/CDI_Activation-CAIRN-1536x778.png 1536w" sizes="(max-width: 1600px) 100vw, 1600px" /></a></figure>



<p>Néanmoins, dans le cas présent il n’y a rien à faire. L’activation du bouquet Bacon activera automatiquement la recherche sur les titres de cette collection.</p>



<h2 id="stoc-selon-quel-critere-une-ressource-est-declaree-comme-indexee-dans-cdi" class="wpig-heading">Selon quel critère une ressource est déclarée comme indexée dans CDI ?</h2>



<p>Une collection est déclarée présente dans CDI à partir du moment où 80% de ces titres sont indexés dans l’index central.<strong> </strong></p>



<div class="is-layout-flex wp-container-6 wp-block-columns bord-bloc-reutilisable has-background" style="background-color:#d9edf7">
<div class="is-layout-flow wp-block-column is-vertically-aligned-center" style="font-size:15px;flex-basis:20%">
<p style="font-size:15px"><strong>Date de publication</strong> </p>


<div style="font-size:15px;" class="wp-block-post-date"><time datetime="2024-03-22T09:37:56+01:00">22 mars 2024</time></div></div>



<div class="is-layout-flow wp-block-column is-vertically-aligned-center" style="font-size:15px;flex-basis:20%">
<p><strong>Mis à jour le </strong></p>


<div style="font-size:15px;" class="wp-block-post-date"><time datetime="2024-05-02T13:00:12+02:00">2 mai 2024</time></div></div>



<div class="is-layout-flow wp-block-column is-vertically-aligned-center" style="font-size:15px;flex-basis:40%">
<p></p>



<p><strong>Attention ! </strong>Certains établissements utilisent parfois de procédures complémentaires </p>
</div>



<div class="is-layout-flow wp-block-column is-vertically-aligned-center" style="font-size:15px;flex-basis:25%">
<div class="is-horizontal is-content-justification-center is-layout-flex wp-container-4 wp-block-buttons alignfull has-custom-font-size" style="font-size:16px">
<div class="wp-block-button has-custom-width wp-block-button__width-75 has-custom-font-size is-style-fill" style="font-size:15px"><a class="wp-block-button__link has-white-color has-text-color has-background wp-element-button" href="mailto:scoop@u-bordeaux.fr" style="border-radius:65px;background-color:#000000db"><strong>Signaler une erreur</strong></a></div>
</div>
</div>
</div>

<p>Table des matières[ Show ]Quel est le délai entre l’activation d’une collection électronique et la mise à jour de l’index central ?Je sais qu&rsquo;une collection électronique est indexée dans CDI. Pourquoi je n’ai pas accès aux paramètres de recherche de&#8230;</p>
