	{"id":19037,"date":"2024-03-22T09:39:51","date_gmt":"2024-03-22T08:39:51","guid":{"rendered":"https:\/\/rebub.u-bordeaux.fr\/?page_id=19037"},"modified":"2024-03-28T14:07:27","modified_gmt":"2024-03-28T13:07:27","slug":"part-des-collections-signalees-dans-le-sudoc-au-31-12-2018","status":"publish","type":"page","link":"http:\/\/rebub.u-bordeaux.fr\/index.php\/statistiques\/donnees-statistiques\/archives-2009-2018\/statistiques-2018\/part-des-collections-signalees-dans-le-sudoc-au-31-12-2018\/","title":{"rendered":"Collections sur support mat\u00e9riel (stocks) au 31\/12\/2018"},"content":{"rendered":"<div id='wpig-floatingbar' class='wpig-floatingbar'><div id='wpig-switch-wrapper' class='wpig-switch-wrapper'><span id='wpig-floating-switch' class='wpig-floating-switch'><img src='http:\/\/rebub.u-bordeaux.fr\/wp-content\/plugins\/sticky-toc-advance-table-of-contents\/\\assets\\menu.png'><\/span><\/div><\/div><p><\/p><div class=\"message  important important-vert\">\n<a href=\"http:\/\/rebub.u-bordeaux.fr\/wp-content\/uploads\/2019\/03\/ESGBU_Stocks_documents_physiques_INP.xlsx\">T\u00e9l\u00e9charger les donn\u00e9es pour Bordeaux INP<\/a><\/div>\n<div class=\"message  important important-bleu\"> <a href=\"http:\/\/rebub.u-bordeaux.fr\/wp-content\/uploads\/2019\/03\/ESGBU_Stocks_documents_physiques_UBM.xlsx\">T\u00e9l\u00e9charger les donn\u00e9es pour Bordeaux Montaigne<\/a><\/div>\n<div class=\"message  important important-vert\"><a href=\"http:\/\/rebub.u-bordeaux.fr\/wp-content\/uploads\/2019\/03\/ESGBU_Stocks_documents_physiques_BXSA.xlsx\">T\u00e9l\u00e9charger les donn\u00e9es pour Bordeaux Sciences Agro<\/a><\/div>\n<div class=\"message  important important-bleu\">\n<a href=\"http:\/\/rebub.u-bordeaux.fr\/wp-content\/uploads\/2019\/03\/ESGBU_Stocks_documents_physiques_IEP.xlsx\">T\u00e9l\u00e9charger les donn\u00e9es pour Sciences Po Bordeaux<\/a>\n<\/div>\n<div class=\"message important important-bleu\">\n<a href=\"http:\/\/rebub.u-bordeaux.fr\/wp-content\/uploads\/2019\/03\/ESGBU_Stocks_documents_physiques_UB.xlsx\">T\u00e9l\u00e9charger des donn\u00e9es pour l&rsquo;Universit\u00e9 de Bordeaux<\/a>\n<\/div>\n","protected":false},"excerpt":{"rendered":"<p>T\u00e9l\u00e9charger les donn\u00e9es pour Bordeaux INP T\u00e9l\u00e9charger les donn\u00e9es pour Bordeaux Montaigne T\u00e9l\u00e9charger les donn\u00e9es pour Bordeaux Sciences Agro T\u00e9l\u00e9charger les donn\u00e9es pour Sciences Po Bordeaux T\u00e9l\u00e9charger des donn\u00e9es pour l&rsquo;Universit\u00e9 de Bordeaux<\/p>\n","protected":false},"author":2,"featured_media":0,"parent":19008,"menu_order":4,"comment_status":"closed","ping_status":"closed","template":"","meta":[],"post_mailing_queue_ids":[],"_links":{"self":[{"href":"http:\/\/rebub.u-bordeaux.fr\/index.php\/wp-json\/wp\/v2\/pages\/19037"}],"collection":[{"href":"http:\/\/rebub.u-bordeaux.fr\/index.php\/wp-json\/wp\/v2\/pages"}],"about":[{"href":"http:\/\/rebub.u-bordeaux.fr\/index.php\/wp-json\/wp\/v2\/types\/page"}],"author":[{"embeddable":true,"href":"http:\/\/rebub.u-bordeaux.fr\/index.php\/wp-json\/wp\/v2\/users\/2"}],"replies":[{"embeddable":true,"href":"http:\/\/rebub.u-bordeaux.fr\/index.php\/wp-json\/wp\/v2\/comments?post=19037"}],"version-history":[{"count":2,"href":"http:\/\/rebub.u-bordeaux.fr\/index.php\/wp-json\/wp\/v2\/pages\/19037\/revisions"}],"predecessor-version":[{"id":19729,"href":"http:\/\/rebub.u-bordeaux.fr\/index.php\/wp-json\/wp\/v2\/pages\/19037\/revisions\/19729"}],"up":[{"embeddable":true,"href":"http:\/\/rebub.u-bordeaux.fr\/index.php\/wp-json\/wp\/v2\/pages\/19008"}],"wp:attachment":[{"href":"http:\/\/rebub.u-bordeaux.fr\/index.php\/wp-json\/wp\/v2\/media?parent=19037"}],"curies":[{"name":"wp","href":"https:\/\/api.w.org\/{rel}","templated":true}]}}