	{"id":19067,"date":"2024-03-22T09:40:07","date_gmt":"2024-03-22T08:40:07","guid":{"rendered":"https:\/\/rebub.u-bordeaux.fr\/?page_id=19067"},"modified":"2024-05-06T11:35:27","modified_gmt":"2024-05-06T09:35:27","slug":"periodiques-liste-des-abonnements-dune-bibliotheque","status":"publish","type":"page","link":"http:\/\/rebub.u-bordeaux.fr\/index.php\/statistiques\/donnees-statistiques\/les-rapports-et-les-indicateurs\/periodiques-liste-des-abonnements-dune-bibliotheque\/","title":{"rendered":"P\u00e9riodiques : liste des abonnements d\u2019une biblioth\u00e8que"},"content":{"rendered":"<div id='wpig-floatingbar' class='wpig-floatingbar'><div id='wpig-switch-wrapper' class='wpig-switch-wrapper'><span id='wpig-floating-switch' class='wpig-floating-switch'><img src='http:\/\/rebub.u-bordeaux.fr\/wp-content\/plugins\/sticky-toc-advance-table-of-contents\/\\assets\\menu.png'><\/span><\/div><\/div><p><\/p>\n<p>Ce rapport a pour objectif de vous offrir une vue d\u00e9taill\u00e9e sur vos abonnements de p\u00e9riodiques. Dans un fichier unique, vous obtiendrez la liste de vos abonnements avec, pour chacun d&rsquo;entre eux :<\/p>\n\n\n\n<ul>\n<li>les \u00e9tats de collection SUDOC et Horizon<\/li>\n\n\n\n<li>les donn\u00e9es de circulation du titre (pr\u00eat et consultation sur place) annualis\u00e9e depuis 2005<\/li>\n\n\n\n<li>les localisations dans les autres biblioth\u00e8ques du r\u00e9seau avec les \u00e9tats de collections<\/li>\n\n\n\n<li>une information sur la disponibilit\u00e9 du titre en version \u00e9lectronique (nom du bouquet, couverture, lien direct et open-url)<\/li>\n<\/ul>\n\n\n\n<p>Pour un obtenir ce rapport, il vous suffit d&rsquo;envoyer un mail \u00e0 <a href=\"mailto:scoop@u-bordeaux.fr\">scoop@u-bordeaux.fr<\/a> en pr\u00e9cisant le code de division de votre biblioth\u00e8que et l&rsquo;identifiant d&rsquo;instance ERMS de votre \u00e9tablissement.<\/p>\n\n\n\n<p>L&rsquo;analyse peut \u00eatre aussi r\u00e9alis\u00e9e au niveau d&rsquo;un \u00e9tablissement. Elle produira alors un fichier pour chaque biblioth\u00e8que.<\/p>\n\n\n\n<h2 id=\"stoc-definition-des-donnees-recoltees\" class=\"wpig-heading\">D\u00e9finition des donn\u00e9es r\u00e9colt\u00e9es<\/h2>\n\n\n\n<figure class=\"wp-block-table\"><table><tbody><tr><td>\n<p style=\"margin-left: 0.1cm; text-indent: 0cm; widows: 0; orphans: 0;\" align=\"left\"><strong>D\u00e9finition :<\/strong><\/p>\n<\/td><td> <p style=\"text-indent: 0cm;\"><strong>P\u00e9riodique au sens d&rsquo;Horizon : <\/strong>Toute notice bibliographique li\u00e9e \u00e0 une notice d&rsquo;abonnement<\/p><\/td><\/tr><tr><td>\n<p style=\"margin-left: 0.1cm; text-indent: 0cm; widows: 0; orphans: 0;\" align=\"left\"><strong>P\u00e9rim\u00e8tre :<\/strong><\/p>\n<\/td><td>Division ou liste des divisions rattach\u00e9es \u00e0 un m\u00eame \u00e9tablissement.<\/td><\/tr><tr><td> <p style=\"margin-left: 0.1cm; text-indent: 0cm; widows: 0; orphans: 0;\" align=\"left\"><strong>Format du rapport <\/strong><\/p>: <\/td><td>Fichier Excel.<\/td><\/tr><tr><td><strong>Informations pr\u00e9sent\u00e9es<\/strong><\/td><td> <p style=\"text-indent: 0cm; widows: 0; orphans: 0;\" align=\"justify\"><strong>\u00c9l\u00e9ments d&rsquo;identification bibliographique :<\/strong> <\/p><ul><li>Identifiant Horizon<\/li> <li>Titre<\/li> <li>ISSN<\/li> <li>PPN<\/li> <li>Adresse biblographiques<\/li> <li>Liens 400 : Liste de tous les liens mentionn\u00e9s en zone 400 avec la nature de la relation, le ppn de la notice li\u00e9e et le titre de la notice li\u00e9e <\/li><\/ul><p><strong>\u00c9l\u00e9ments d&rsquo;identification de vos\u00a0 abonnements (feuille Mes_Abonnements) :<\/strong> <\/p><ul><li>Collections&#8211;>Cotes : Liste de toutes les localisations dans votre biblioth\u00e8que des exemplaires li\u00e9 \u00e0 la notice bibliographique<\/li> <li>Plan de conservation : Indique si votre biblioth\u00e8que est responsable de la conservation du titre au nom du PcAcq. Information tir\u00e9e de la 930 $z du SUDOC stock\u00e9e en 993 $z dans Horizon.<\/li> <li>Etat de collection SUDOC : 993 $e dans Horizon<\/li> <li>Listes des abonnements de votre biblioth\u00e8que li\u00e9s \u00e0 la notice avec : <ul> <li>Le statut<\/li> <li>L&rsquo;\u00e9tat de collection<\/li><\/ul><\/li><\/ul><p><strong>Donn\u00e9es d&rsquo;usages (Feuille Usages)<\/strong><\/p><p>Les donn\u00e9es d&rsquo;usages sont r\u00e9colt\u00e9es \u00e0 partir de la table qui alimente la \u00ab\u00a0vue des statistiques d&rsquo;utilisation\u00a0\u00bb accessible depuis une notice dans Horizon.<\/p><p><strong>Liste des autres localisations du titre dans le r\u00e9seau<\/strong> <strong>(feuille Autres_Abo)<\/strong><\/p><p>Pour chaque abonnement pr\u00e9sente la division de localisation, le statut et les \u00e9tats de collection<\/p><p><strong>Donn\u00e9es sur la version \u00e9lectroniques (feuille Abos_elec)<\/strong><\/p><p>Ces donn\u00e9es sont r\u00e9colt\u00e9es \u00e0 partir du r\u00e9solveur de liens 360link interrog\u00e9 via une requ\u00eate open-url.<\/p><\/td><\/tr><tr><td>\n<p style=\"margin-left: 0.1cm; text-indent: 0cm; widows: 0; orphans: 0;\" align=\"left\"><strong>Fichier exemple :<\/strong><\/p>\n<\/td><td>\n<p style=\"text-indent: 0cm;\"><a href=\"http:\/\/rebub.u-bordeaux.fr\/wp-content\/uploads\/2016\/05\/Fichier_exemple.xlsx\">Fichier_exemple<\/a><\/p>\n<\/td><\/tr><\/tbody><\/table><\/figure>\n\n\n\n<div class=\"is-layout-flex wp-container-6 wp-block-columns bord-bloc-reutilisable has-background\" style=\"background-color:#d9edf7\">\n<div class=\"is-layout-flow wp-block-column is-vertically-aligned-center\" style=\"font-size:15px;flex-basis:20%\">\n<p style=\"font-size:15px\"><strong>Date de publication<\/strong> <\/p>\n\n\n<div style=\"font-size:15px;\" class=\"wp-block-post-date\"><time datetime=\"2024-03-22T09:40:07+01:00\">22 mars 2024<\/time><\/div><\/div>\n\n\n\n<div class=\"is-layout-flow wp-block-column is-vertically-aligned-center\" style=\"font-size:15px;flex-basis:20%\">\n<p><strong>Mis \u00e0 jour le <\/strong><\/p>\n\n\n<div style=\"font-size:15px;\" class=\"wp-block-post-date\"><time datetime=\"2024-05-06T11:35:27+02:00\">6 mai 2024<\/time><\/div><\/div>\n\n\n\n<div class=\"is-layout-flow wp-block-column is-vertically-aligned-center\" style=\"font-size:15px;flex-basis:40%\">\n<p><\/p>\n\n\n\n<p><strong>Attention ! <\/strong>Certains \u00e9tablissements utilisent parfois de proc\u00e9dures compl\u00e9mentaires <\/p>\n<\/div>\n\n\n\n<div class=\"is-layout-flow wp-block-column is-vertically-aligned-center\" style=\"font-size:15px;flex-basis:25%\">\n<div class=\"is-horizontal is-content-justification-center is-layout-flex wp-container-4 wp-block-buttons alignfull has-custom-font-size\" style=\"font-size:16px\">\n<div class=\"wp-block-button has-custom-width wp-block-button__width-75 has-custom-font-size is-style-fill\" style=\"font-size:15px\"><a class=\"wp-block-button__link has-white-color has-text-color has-background wp-element-button\" href=\"mailto:scoop@u-bordeaux.fr\" style=\"border-radius:65px;background-color:#000000db\"><strong>Signaler une erreur<\/strong><\/a><\/div>\n<\/div>\n<\/div>\n<\/div>\n","protected":false},"excerpt":{"rendered":"<p>Ce rapport a pour objectif de vous offrir une vue d\u00e9taill\u00e9e sur vos abonnements de p\u00e9riodiques. Dans un fichier unique, vous obtiendrez la liste de vos abonnements avec, pour chacun d&rsquo;entre eux : Pour un obtenir ce rapport, il vous&#8230;<\/p>\n","protected":false},"author":2,"featured_media":0,"parent":18438,"menu_order":4,"comment_status":"closed","ping_status":"closed","template":"","meta":[],"post_mailing_queue_ids":[],"_links":{"self":[{"href":"http:\/\/rebub.u-bordeaux.fr\/index.php\/wp-json\/wp\/v2\/pages\/19067"}],"collection":[{"href":"http:\/\/rebub.u-bordeaux.fr\/index.php\/wp-json\/wp\/v2\/pages"}],"about":[{"href":"http:\/\/rebub.u-bordeaux.fr\/index.php\/wp-json\/wp\/v2\/types\/page"}],"author":[{"embeddable":true,"href":"http:\/\/rebub.u-bordeaux.fr\/index.php\/wp-json\/wp\/v2\/users\/2"}],"replies":[{"embeddable":true,"href":"http:\/\/rebub.u-bordeaux.fr\/index.php\/wp-json\/wp\/v2\/comments?post=19067"}],"version-history":[{"count":4,"href":"http:\/\/rebub.u-bordeaux.fr\/index.php\/wp-json\/wp\/v2\/pages\/19067\/revisions"}],"predecessor-version":[{"id":20914,"href":"http:\/\/rebub.u-bordeaux.fr\/index.php\/wp-json\/wp\/v2\/pages\/19067\/revisions\/20914"}],"up":[{"embeddable":true,"href":"http:\/\/rebub.u-bordeaux.fr\/index.php\/wp-json\/wp\/v2\/pages\/18438"}],"wp:attachment":[{"href":"http:\/\/rebub.u-bordeaux.fr\/index.php\/wp-json\/wp\/v2\/media?parent=19067"}],"curies":[{"name":"wp","href":"https:\/\/api.w.org\/{rel}","templated":true}]}}