	{"id":19104,"date":"2024-03-22T09:40:21","date_gmt":"2024-03-22T08:40:21","guid":{"rendered":"https:\/\/rebub.u-bordeaux.fr\/?page_id=19104"},"modified":"2025-07-11T14:25:02","modified_gmt":"2025-07-11T12:25:02","slug":"copier-une-analyse-ou-un-tableau-de-bord-de-la-zone-reseau-vers-mon-institution-afin-de-lediter","status":"publish","type":"page","link":"http:\/\/rebub.u-bordeaux.fr\/index.php\/statistiques\/analytics\/copier-une-analyse-ou-un-tableau-de-bord-de-la-zone-reseau-vers-mon-institution-afin-de-lediter\/","title":{"rendered":"Copier une analyse ou un tableau de bord de la zone r\u00e9seau vers mon institution afin de l\u2019\u00e9diter"},"content":{"rendered":"<div id='wpig-floatingbar' class='wpig-floatingbar'><div id='wpig-switch-wrapper' class='wpig-switch-wrapper'><span id='wpig-floating-switch' class='wpig-floating-switch'><img src='http:\/\/rebub.u-bordeaux.fr\/wp-content\/plugins\/sticky-toc-advance-table-of-contents\/\\assets\\menu.png'><\/span><\/div><div id='wpig-contents' class='wpig-contents  wpig-sidebar-widget wpig-style-3'><span class='wpig-headline'>Table des mati\u00e8res<span><a data-action='show' class='wpig-btn-toggledisplay'>[ Show ]<\/a><\/span><\/span><!-- Table of Contents --><div id='wpig-table-of-content' class='wpig-table-of-content'><ol><li class='stoc-acceder-aux-rapports-mis-a-disposition-par-le-scoop'><a href='#stoc-acceder-aux-rapports-mis-a-disposition-par-le-scoop'>Acc\u00e9der aux rapports mis \u00e0 disposition par le SCOOP<\/a><\/li><li class='stoc-identifier-lemplacement-dun-rapport-depuis-une-liste-des-rapports-dans-alma'><a href='#stoc-identifier-lemplacement-dun-rapport-depuis-une-liste-des-rapports-dans-alma'>Identifier l&#8217;emplacement d&rsquo;un rapport depuis une liste des rapports dans Alma<\/a><\/li><li class='stoc-copier-une-analyse-dans-votre-institution-ou-votre-repertoire-de-travail'><a href='#stoc-copier-une-analyse-dans-votre-institution-ou-votre-repertoire-de-travail'>Copier une analyse dans votre institution ou votre r\u00e9pertoire de travail<\/a><\/li><li class='stoc-copier-un-tableau-de-bord-dans-votre-institution-ou-votre-repertoire-de-travail'><a href='#stoc-copier-un-tableau-de-bord-dans-votre-institution-ou-votre-repertoire-de-travail'>Copier un Tableau de bord dans votre institution ou votre r\u00e9pertoire de travail<\/a><\/li><\/ol><\/div><!-- END OF Table of Contents --><\/div><\/div><p><div id='wpig-contents' class='wpig-contents  wpig-sidebar-widget wpig-style-1'><span class='wpig-headline'>Table des mati\u00e8res<span><a data-action='show' class='wpig-btn-toggledisplay'>[ Show ]<\/a><\/span><\/span><!-- Table of Contents --><div id='wpig-table-of-content' class='wpig-table-of-content' ><ol><li class='stoc-acceder-aux-rapports-mis-a-disposition-par-le-scoop'><a href='#stoc-acceder-aux-rapports-mis-a-disposition-par-le-scoop'>Acc\u00e9der aux rapports mis \u00e0 disposition par le SCOOP<\/a><\/li><li class='stoc-identifier-lemplacement-dun-rapport-depuis-une-liste-des-rapports-dans-alma'><a href='#stoc-identifier-lemplacement-dun-rapport-depuis-une-liste-des-rapports-dans-alma'>Identifier l&#8217;emplacement d&rsquo;un rapport depuis une liste des rapports dans Alma<\/a><\/li><li class='stoc-copier-une-analyse-dans-votre-institution-ou-votre-repertoire-de-travail'><a href='#stoc-copier-une-analyse-dans-votre-institution-ou-votre-repertoire-de-travail'>Copier une analyse dans votre institution ou votre r\u00e9pertoire de travail<\/a><\/li><li class='stoc-copier-un-tableau-de-bord-dans-votre-institution-ou-votre-repertoire-de-travail'><a href='#stoc-copier-un-tableau-de-bord-dans-votre-institution-ou-votre-repertoire-de-travail'>Copier un Tableau de bord dans votre institution ou votre r\u00e9pertoire de travail<\/a><\/li><\/ol><\/div><!-- END OF Table of Contents --><\/div><\/p>\n<p>Les <strong>analyses <\/strong>et <strong>tableaux de bord<\/strong> produits par le SCOOP sont  cr\u00e9\u00e9s dans<strong> la zone r\u00e9seau<\/strong>. Vous pouvez les consulter depuis votre institution, mais vous ne pouvez pas les modifier. Si vous souhaitez \u00e9diter une analyse ou un tableau de bord,  il est n\u00e9cessaire de les <strong>copier <\/strong>dans votre institution ou votre dossier personnel.<\/p>\n\n\n\n<h2 id=\"stoc-acceder-aux-rapports-mis-a-disposition-par-le-scoop\" class=\"wpig-heading\">Acc\u00e9der aux rapports mis \u00e0 disposition par le SCOOP<\/h2>\n\n\n\n<p>Tous les tableaux de bord et les analyses produits par le SCOOP et accessibles dans Alma sont stock\u00e9s dans le r\u00e9pertoire <strong>\/Dossiers partag\u00e9s\/Bordeaux NZ 33PUDB_NETWORK\/prod<\/strong> du catalogue des rapports.<\/p>\n\n\n\n<figure class=\"wp-block-image size-large\"><img decoding=\"async\" loading=\"lazy\" width=\"1024\" height=\"535\" src=\"https:\/\/rebub.u-bordeaux.fr\/wp-content\/uploads\/2023\/09\/Catalogue-Analytics-Repertoire-de-travail-SCOOP-1024x535.png\" alt=\"\" class=\"wp-image-16957\" srcset=\"https:\/\/rebub.u-bordeaux.fr\/wp-content\/uploads\/2023\/09\/Catalogue-Analytics-Repertoire-de-travail-SCOOP-1024x535.png 1024w, https:\/\/rebub.u-bordeaux.fr\/wp-content\/uploads\/2023\/09\/Catalogue-Analytics-Repertoire-de-travail-SCOOP-300x157.png 300w, https:\/\/rebub.u-bordeaux.fr\/wp-content\/uploads\/2023\/09\/Catalogue-Analytics-Repertoire-de-travail-SCOOP-768x401.png 768w, https:\/\/rebub.u-bordeaux.fr\/wp-content\/uploads\/2023\/09\/Catalogue-Analytics-Repertoire-de-travail-SCOOP-1536x803.png 1536w, https:\/\/rebub.u-bordeaux.fr\/wp-content\/uploads\/2023\/09\/Catalogue-Analytics-Repertoire-de-travail-SCOOP.png 1663w\" sizes=\"(max-width: 1024px) 100vw, 1024px\" \/><figcaption class=\"wp-element-caption\">R\u00e9pertoire de production des rapports du SCOOP<\/figcaption><\/figure>\n\n\n\n<h2 id=\"stoc-identifier-lemplacement-dun-rapport-depuis-une-liste-des-rapports-dans-alma\" class=\"wpig-heading\">Identifier l&#8217;emplacement d&rsquo;un rapport depuis une liste des rapports dans Alma<\/h2>\n\n\n\n<p>Il peut \u00eatre difficile de localiser l&#8217;emplacement d&rsquo;une analyse \u00e0 partir des listes de rapports que le SCOOP met \u00e0 votre disposition.<\/p>\n\n\n\n<figure class=\"wp-block-image size-full\"><img decoding=\"async\" loading=\"lazy\" width=\"410\" height=\"503\" src=\"https:\/\/rebub.u-bordeaux.fr\/wp-content\/uploads\/2023\/09\/image-1.png\" alt=\"\" class=\"wp-image-16959\" srcset=\"https:\/\/rebub.u-bordeaux.fr\/wp-content\/uploads\/2023\/09\/image-1.png 410w, https:\/\/rebub.u-bordeaux.fr\/wp-content\/uploads\/2023\/09\/image-1-245x300.png 245w\" sizes=\"(max-width: 410px) 100vw, 410px\" \/><figcaption class=\"wp-element-caption\">Analytique Services aux publics<\/figcaption><\/figure>\n\n\n\n<p>\u00c0 partir de ces listes, il suffit  :<\/p>\n\n\n\n<ul>\n<li>de survoler le lien d&rsquo;acc\u00e8s aux rapports et de lire l&rsquo;URL qui s&rsquo;affiche en bas de votre navigateur<\/li>\n\n\n\n<li>ou encore d&rsquo;afficher le rapport et de lire l&rsquo;URL dans la barre d&rsquo;adresse de votre navigateur<\/li>\n<\/ul>\n\n\n\n<p>L&rsquo;adresse du rapport se trouvera derri\u00e8re le param\u00e8tre <strong>path <\/strong>dans votre url.<\/p>\n\n\n\n<p> Par exemple, si l&rsquo;analyse est accessible via l&rsquo;url suivante https:\/\/analytics12-eu.alma.exlibrisgroup.com\/analytics\/saw.dll?Go&amp;Options=mdr&amp;<strong>path=%2Fshared%2FBordeaux%20NZ%2033PUDB_NETWORK%2Fprod%2FDocelec%2FListe%20des%20collections%20%C3%A9lectroniques%20g%C3%A9r%C3%A9es%20par%20l%27%C3%A9tablissement<\/strong>, vous trouverez le rapport \u00ab\u00a0Liste des collections \u00e9lectroniques g\u00e9r\u00e9es par l&rsquo;\u00e9tablissement\u00a0\u00bb dans le r\u00e9pertoire <strong>Dossiers partag\u00e9s\/Bordeaux NZ 33PUDB_NETWORK\/prod\/Docelec du catalogue des rapports.<\/strong><\/p>\n\n\n\n<h2 id=\"stoc-copier-une-analyse-dans-votre-institution-ou-votre-repertoire-de-travail\" class=\"wpig-heading\">Copier une analyse dans votre institution ou votre r\u00e9pertoire de travail<\/h2>\n\n\n\n<figure class=\"wp-block-image size-full\"><img decoding=\"async\" loading=\"lazy\" width=\"881\" height=\"44\" src=\"https:\/\/rebub.u-bordeaux.fr\/wp-content\/uploads\/2023\/10\/image-5.png\" alt=\"\" class=\"wp-image-17007\" srcset=\"https:\/\/rebub.u-bordeaux.fr\/wp-content\/uploads\/2023\/10\/image-5.png 881w, https:\/\/rebub.u-bordeaux.fr\/wp-content\/uploads\/2023\/10\/image-5-300x15.png 300w, https:\/\/rebub.u-bordeaux.fr\/wp-content\/uploads\/2023\/10\/image-5-768x38.png 768w\" sizes=\"(max-width: 881px) 100vw, 881px\" \/><\/figure>\n\n\n\n<p>Une analyse est un objet autonome dans Analytique pour la copier il suffit de l&rsquo;\u00e9diter (Modifier). <\/p>\n\n\n\n<figure class=\"wp-block-image size-large\"><img decoding=\"async\" loading=\"lazy\" width=\"1024\" height=\"200\" src=\"https:\/\/rebub.u-bordeaux.fr\/wp-content\/uploads\/2023\/10\/image-6-1024x200.png\" alt=\"\" class=\"wp-image-17008\" srcset=\"https:\/\/rebub.u-bordeaux.fr\/wp-content\/uploads\/2023\/10\/image-6-1024x200.png 1024w, https:\/\/rebub.u-bordeaux.fr\/wp-content\/uploads\/2023\/10\/image-6-300x59.png 300w, https:\/\/rebub.u-bordeaux.fr\/wp-content\/uploads\/2023\/10\/image-6-768x150.png 768w, https:\/\/rebub.u-bordeaux.fr\/wp-content\/uploads\/2023\/10\/image-6-1536x301.png 1536w, https:\/\/rebub.u-bordeaux.fr\/wp-content\/uploads\/2023\/10\/image-6.png 1650w\" sizes=\"(max-width: 1024px) 100vw, 1024px\" \/><\/figure>\n\n\n\n<p>Puis d&rsquo;enregistrer une copie de l&rsquo;analyse dans le r\u00e9pertoire souhait\u00e9. <\/p>\n\n\n\n<h2 id=\"stoc-copier-un-tableau-de-bord-dans-votre-institution-ou-votre-repertoire-de-travail\" class=\"wpig-heading\">Copier un Tableau de bord dans votre institution ou votre r\u00e9pertoire de travail<\/h2>\n\n\n<div class=\"wp-block-image\">\n<figure class=\"alignleft size-full\"><img decoding=\"async\" loading=\"lazy\" width=\"68\" height=\"36\" src=\"https:\/\/rebub.u-bordeaux.fr\/wp-content\/uploads\/2023\/10\/image-3.png\" alt=\"\" class=\"wp-image-17005\"\/><figcaption class=\"wp-element-caption\">Tableau de bord<\/figcaption><\/figure><\/div>\n\n\n<p>Un tableau de bord regroupe plusieurs analyses et invites de tableau de bord. Il est donc n\u00e9cessaire de transf\u00e9rer dans son r\u00e9pertoire local tous les \u00e9l\u00e9ments tout en maintenant les liens du tableau de bord vers les objets externes. Pour ce faire, il est n\u00e9cessaire d&rsquo;archiver le r\u00e9pertoire contenant le tableau de bord et de le r\u00e9importer dans votre r\u00e9pertoire.<\/p>\n\n\n\n<figure class=\"wp-block-image size-large\"><img decoding=\"async\" loading=\"lazy\" width=\"1024\" height=\"535\" src=\"https:\/\/rebub.u-bordeaux.fr\/wp-content\/uploads\/2023\/10\/image-7-1024x535.png\" alt=\"\" class=\"wp-image-17009\" srcset=\"https:\/\/rebub.u-bordeaux.fr\/wp-content\/uploads\/2023\/10\/image-7-1024x535.png 1024w, https:\/\/rebub.u-bordeaux.fr\/wp-content\/uploads\/2023\/10\/image-7-300x157.png 300w, https:\/\/rebub.u-bordeaux.fr\/wp-content\/uploads\/2023\/10\/image-7-768x401.png 768w, https:\/\/rebub.u-bordeaux.fr\/wp-content\/uploads\/2023\/10\/image-7-1536x803.png 1536w, https:\/\/rebub.u-bordeaux.fr\/wp-content\/uploads\/2023\/10\/image-7.png 1663w\" sizes=\"(max-width: 1024px) 100vw, 1024px\" \/><\/figure>\n\n\n\n<p> Sur le r\u00e9pertoire contenant votre tableau de bord, cliquez sur <strong>Plus <\/strong>puis sur <strong>Archiver.<\/strong> Ne conservez pas les droits d&rsquo;acc\u00e8s et les horodatages. Un fichier \u00ab\u00a0.catalog\u00a0\u00bb est alors enregistr\u00e9 dans votre r\u00e9pertoire de t\u00e9l\u00e9chargement.<\/p>\n\n\n\n<figure class=\"wp-block-image size-large\"><img decoding=\"async\" loading=\"lazy\" width=\"1024\" height=\"535\" src=\"https:\/\/rebub.u-bordeaux.fr\/wp-content\/uploads\/2023\/10\/image-8-1024x535.png\" alt=\"\" class=\"wp-image-17010\" srcset=\"https:\/\/rebub.u-bordeaux.fr\/wp-content\/uploads\/2023\/10\/image-8-1024x535.png 1024w, https:\/\/rebub.u-bordeaux.fr\/wp-content\/uploads\/2023\/10\/image-8-300x157.png 300w, https:\/\/rebub.u-bordeaux.fr\/wp-content\/uploads\/2023\/10\/image-8-768x401.png 768w, https:\/\/rebub.u-bordeaux.fr\/wp-content\/uploads\/2023\/10\/image-8-1536x803.png 1536w, https:\/\/rebub.u-bordeaux.fr\/wp-content\/uploads\/2023\/10\/image-8.png 1663w\" sizes=\"(max-width: 1024px) 100vw, 1024px\" \/><\/figure>\n\n\n\n<p>Rendez-vous dans votre r\u00e9pertoire local et s\u00e9lectionnez <strong>D\u00e9sarchiver. <\/strong>T\u00e9l\u00e9versez le fichier. catalog et validez.<\/p>\n\n\n\n<div class=\"is-layout-flex wp-container-6 wp-block-columns bord-bloc-reutilisable has-background\" style=\"background-color:#d9edf7\">\n<div class=\"is-layout-flow wp-block-column is-vertically-aligned-center\" style=\"font-size:15px;flex-basis:20%\">\n<p style=\"font-size:15px\"><strong>Date de publication<\/strong> <\/p>\n\n\n<div style=\"font-size:15px;\" class=\"wp-block-post-date\"><time datetime=\"2024-03-22T09:40:21+01:00\">22 mars 2024<\/time><\/div><\/div>\n\n\n\n<div class=\"is-layout-flow wp-block-column is-vertically-aligned-center\" style=\"font-size:15px;flex-basis:20%\">\n<p><strong>Mis \u00e0 jour le <\/strong><\/p>\n\n\n<div style=\"font-size:15px;\" class=\"wp-block-post-date\"><time datetime=\"2025-07-11T14:25:02+02:00\">11 juillet 2025<\/time><\/div><\/div>\n\n\n\n<div class=\"is-layout-flow wp-block-column is-vertically-aligned-center\" style=\"font-size:15px;flex-basis:40%\">\n<p><\/p>\n\n\n\n<p><strong>Attention ! <\/strong>Certains \u00e9tablissements utilisent parfois de proc\u00e9dures compl\u00e9mentaires <\/p>\n<\/div>\n\n\n\n<div class=\"is-layout-flow wp-block-column is-vertically-aligned-center\" style=\"font-size:15px;flex-basis:25%\">\n<div class=\"is-horizontal is-content-justification-center is-layout-flex wp-container-4 wp-block-buttons alignfull has-custom-font-size\" style=\"font-size:16px\">\n<div class=\"wp-block-button has-custom-width wp-block-button__width-75 has-custom-font-size is-style-fill\" style=\"font-size:15px\"><a class=\"wp-block-button__link has-white-color has-text-color has-background wp-element-button\" href=\"mailto:scoop@u-bordeaux.fr\" style=\"border-radius:65px;background-color:#000000db\"><strong>Signaler une erreur<\/strong><\/a><\/div>\n<\/div>\n<\/div>\n<\/div>\n","protected":false},"excerpt":{"rendered":"<p>Table des mati\u00e8res[ Show ]Acc\u00e9der aux rapports mis \u00e0 disposition par le SCOOPIdentifier l&#8217;emplacement d&rsquo;un rapport depuis une liste des rapports dans AlmaCopier une analyse dans votre institution ou votre r\u00e9pertoire de travailCopier un Tableau de bord dans votre institution&#8230;<\/p>\n","protected":false},"author":2,"featured_media":0,"parent":18410,"menu_order":4,"comment_status":"closed","ping_status":"closed","template":"","meta":[],"post_mailing_queue_ids":[],"_links":{"self":[{"href":"http:\/\/rebub.u-bordeaux.fr\/index.php\/wp-json\/wp\/v2\/pages\/19104"}],"collection":[{"href":"http:\/\/rebub.u-bordeaux.fr\/index.php\/wp-json\/wp\/v2\/pages"}],"about":[{"href":"http:\/\/rebub.u-bordeaux.fr\/index.php\/wp-json\/wp\/v2\/types\/page"}],"author":[{"embeddable":true,"href":"http:\/\/rebub.u-bordeaux.fr\/index.php\/wp-json\/wp\/v2\/users\/2"}],"replies":[{"embeddable":true,"href":"http:\/\/rebub.u-bordeaux.fr\/index.php\/wp-json\/wp\/v2\/comments?post=19104"}],"version-history":[{"count":3,"href":"http:\/\/rebub.u-bordeaux.fr\/index.php\/wp-json\/wp\/v2\/pages\/19104\/revisions"}],"predecessor-version":[{"id":21184,"href":"http:\/\/rebub.u-bordeaux.fr\/index.php\/wp-json\/wp\/v2\/pages\/19104\/revisions\/21184"}],"up":[{"embeddable":true,"href":"http:\/\/rebub.u-bordeaux.fr\/index.php\/wp-json\/wp\/v2\/pages\/18410"}],"wp:attachment":[{"href":"http:\/\/rebub.u-bordeaux.fr\/index.php\/wp-json\/wp\/v2\/media?parent=19104"}],"curies":[{"name":"wp","href":"https:\/\/api.w.org\/{rel}","templated":true}]}}