	{"id":19107,"date":"2024-03-22T09:40:09","date_gmt":"2024-03-22T08:40:09","guid":{"rendered":"https:\/\/rebub.u-bordeaux.fr\/?page_id=19107"},"modified":"2025-07-11T14:24:27","modified_gmt":"2025-07-11T12:24:27","slug":"structuration-des-rapports-mis-a-disposition","status":"publish","type":"page","link":"http:\/\/rebub.u-bordeaux.fr\/index.php\/statistiques\/analytics\/structuration-des-rapports-mis-a-disposition\/","title":{"rendered":"Structuration des rapports mis \u00e0 disposition"},"content":{"rendered":"<div id='wpig-floatingbar' class='wpig-floatingbar'><div id='wpig-switch-wrapper' class='wpig-switch-wrapper'><span id='wpig-floating-switch' class='wpig-floating-switch'><img src='http:\/\/rebub.u-bordeaux.fr\/wp-content\/plugins\/sticky-toc-advance-table-of-contents\/\\assets\\menu.png'><\/span><\/div><div id='wpig-contents' class='wpig-contents  wpig-sidebar-widget wpig-style-3'><span class='wpig-headline'>Table des mati\u00e8res<span><a data-action='show' class='wpig-btn-toggledisplay'>[ Show ]<\/a><\/span><\/span><!-- Table of Contents --><div id='wpig-table-of-content' class='wpig-table-of-content'><ol><li class='principe_general'><a href='#principe_general'>Principe g\u00e9n\u00e9ral<\/a><\/li><li class='rapports_transferes_dans_cet_environnement'><a href='#rapports_transferes_dans_cet_environnement'>Rapports transf\u00e9r\u00e9s dans cet environnement<\/a><\/li><li class='comment_acceder_a_ces_rapports'><a href='#comment_acceder_a_ces_rapports'>Comment acc\u00e9der \u00e0 ces rapports<\/a><\/li><li class='comment_alimenter_ces_rapports'><a href='#comment_alimenter_ces_rapports'>Comment alimenter ces rapports<\/a><ol><li class='creation_du_rapport'><a href='#creation_du_rapport'>Cr\u00e9ation du rapport<\/a><\/li><li class='alimentation_du_rapport_de_liste'><a href='#alimentation_du_rapport_de_liste'>Alimentation du rapport de liste<\/a><\/li><li class='complement_d_infocreer_un_lien_avec_invite_de_variable'><a href='#complement_d_infocreer_un_lien_avec_invite_de_variable'>Compl\u00e9ment d\u2019info : cr\u00e9er un lien avec invite de variable<\/a><\/li><\/ol><\/li><\/div><!-- END OF Table of Contents --><\/div><\/div><p><div id='wpig-contents' class='wpig-contents  wpig-sidebar-widget wpig-style-1'><span class='wpig-headline'>Table des mati\u00e8res<span><a data-action='show' class='wpig-btn-toggledisplay'>[ Show ]<\/a><\/span><\/span><!-- Table of Contents --><div id='wpig-table-of-content' class='wpig-table-of-content' ><ol><li class='principe_general'><a href='#principe_general'>Principe g\u00e9n\u00e9ral<\/a><\/li><li class='rapports_transferes_dans_cet_environnement'><a href='#rapports_transferes_dans_cet_environnement'>Rapports transf\u00e9r\u00e9s dans cet environnement<\/a><\/li><li class='comment_acceder_a_ces_rapports'><a href='#comment_acceder_a_ces_rapports'>Comment acc\u00e9der \u00e0 ces rapports<\/a><\/li><li class='comment_alimenter_ces_rapports'><a href='#comment_alimenter_ces_rapports'>Comment alimenter ces rapports<\/a><ol><li class='creation_du_rapport'><a href='#creation_du_rapport'>Cr\u00e9ation du rapport<\/a><\/li><li class='alimentation_du_rapport_de_liste'><a href='#alimentation_du_rapport_de_liste'>Alimentation du rapport de liste<\/a><\/li><li class='complement_d_infocreer_un_lien_avec_invite_de_variable'><a href='#complement_d_infocreer_un_lien_avec_invite_de_variable'>Compl\u00e9ment d\u2019info : cr\u00e9er un lien avec invite de variable<\/a><\/li><\/ol><\/li><\/div><!-- END OF Table of Contents --><\/div><\/p>\n<div class=\"is-layout-flex wp-container-3 wp-block-columns bord-bloc-reutilisable has-background\" style=\"background-color:#ffeec2\">\n<div class=\"is-layout-flow wp-block-column is-vertically-aligned-center\" style=\"flex-basis:7%\">\n<figure class=\"wp-block-image alignfull size-full is-style-default\"><img decoding=\"async\" loading=\"lazy\" width=\"512\" height=\"512\" src=\"https:\/\/rebub.u-bordeaux.fr\/wp-content\/uploads\/2024\/04\/nouvelles-idees-en-cours.png\" alt=\"\" class=\"wp-image-19897\" srcset=\"https:\/\/rebub.u-bordeaux.fr\/wp-content\/uploads\/2024\/04\/nouvelles-idees-en-cours.png 512w, https:\/\/rebub.u-bordeaux.fr\/wp-content\/uploads\/2024\/04\/nouvelles-idees-en-cours-300x300.png 300w, https:\/\/rebub.u-bordeaux.fr\/wp-content\/uploads\/2024\/04\/nouvelles-idees-en-cours-150x150.png 150w\" sizes=\"(max-width: 512px) 100vw, 512px\" \/><\/figure>\n<\/div>\n\n\n\n<div class=\"is-layout-flow wp-block-column is-vertically-aligned-center\" style=\"flex-basis:85%\">\n<p><strong>Note<\/strong> : Cette page fait \u00e9tat de la proposition de rangement faite par Sandrine Berthier en d\u00e9cembre 2020 &#8211; janvier 2021<\/p>\n<\/div>\n<\/div>\n\n\n\n<h2 id=\"principe_general\" id=\"principe_general\" class=\"wpig-heading\">Principe g\u00e9n\u00e9ral<\/h2>\n\n\n\n<p>L\u2019objectif est de tirer partie de la mise en place d\u2019un dossier partag\u00e9 au niveau network par la version de novembre 2020. Le dossier partag\u00e9 Bordeaux NZ 33PUDB_NETWORK est d\u00e9sormais visible depuis l\u2019ensemble des institutions. Attention toutefois, les rapports qu\u2019il contient ne sont \u00e9ditable que depuis la Network, ils sont seulement consultables dans les autres institutions.<\/p>\n\n\n\n<p>L\u2019id\u00e9e est d\u2019utiliser ce dossier. Le travail entam\u00e9 a port\u00e9 sur 2 sous-dossiers uniquement<\/p>\n\n\n\n<ul>\n<li>prod : qui contient l\u2019ensemble des dossiers et rapports<\/li>\n\n\n\n<li>widget :\u202fqui contient les rapports de mise \u00e0 disposition<\/li>\n<\/ul>\n\n\n\n<div class=\"is-layout-flex wp-container-6 wp-block-columns bord-bloc-reutilisable has-background\" style=\"background-color:#ffeec2\">\n<div class=\"is-layout-flow wp-block-column is-vertically-aligned-center\" style=\"flex-basis:7%\">\n<figure class=\"wp-block-image alignfull size-full is-style-default\"><img decoding=\"async\" loading=\"lazy\" width=\"512\" height=\"512\" src=\"https:\/\/rebub.u-bordeaux.fr\/wp-content\/uploads\/2024\/04\/nouvelles-idees-en-cours.png\" alt=\"\" class=\"wp-image-19897\" srcset=\"https:\/\/rebub.u-bordeaux.fr\/wp-content\/uploads\/2024\/04\/nouvelles-idees-en-cours.png 512w, https:\/\/rebub.u-bordeaux.fr\/wp-content\/uploads\/2024\/04\/nouvelles-idees-en-cours-300x300.png 300w, https:\/\/rebub.u-bordeaux.fr\/wp-content\/uploads\/2024\/04\/nouvelles-idees-en-cours-150x150.png 150w\" sizes=\"(max-width: 512px) 100vw, 512px\" \/><\/figure>\n<\/div>\n\n\n\n<div class=\"is-layout-flow wp-block-column is-vertically-aligned-center\" style=\"flex-basis:85%\">\n<p><strong>Note<\/strong> : L\u2019ensemble des contenus des autres dossiers, y compris le dossier community, n\u2019a pas \u00e9t\u00e9 modifi\u00e9. Il conviendra sans doute d\u2019y faire un peu de m\u00e9nage.<\/p>\n<\/div>\n<\/div>\n\n\n\n<p>La proposition g\u00e9n\u00e9rale d\u2019organisation vise \u00e0 limiter le nombre d\u2019objets analytique dans les environnements en groupant dans des rapports th\u00e9matiques les liens vers les rapports r\u00e9els. Les deux dossiers se r\u00e9pondent donc avec dans le premier une arborescence en dossier : chaque dossier correspond \u00e0 une th\u00e9matique sauf le dossier technique qui rassemble des rapports de filtre utiles, des colonnes enregistr\u00e9es etc\u2026 \u00c0\u202fchacun de ces dossiers r\u00e9pond un tableau dans le dossier widget : c\u2019est uniquement ce rapport qui est mis \u00e0 disposition.<\/p>\n\n\n\n<ul>\n<li>acquisitions<\/li>\n\n\n\n<li>collections (y compris les th\u00e8ses)<\/li>\n\n\n\n<li>covid (pour les rapports d\u00e9di\u00e9s au suivi de l\u2019activit\u00e9 en p\u00e9riode covid)<\/li>\n\n\n\n<li>direction (quelques indicateurs g\u00e9n\u00e9raux qui m\u2019avaient \u00e9t\u00e9 demand\u00e9s par David)<\/li>\n\n\n\n<li>docelec<\/li>\n\n\n\n<li>esgbu : dossier non-retravaill\u00e9, ce n\u2019est qu\u2019une copie de ce que j\u2019avais fait l\u2019an pass\u00e9<\/li>\n\n\n\n<li>p\u00e9rios<\/li>\n\n\n\n<li>scoop : les rapports qui ne servent qu\u2019\u00e0 nous, notamment les contr\u00f4les d\u2019anomalie ou l\u2019\u00e9dition des facturations \u00e0 faire<\/li>\n\n\n\n<li>services au public (le tableau de bord l\u00e0 non plus n\u2019a pas \u00e9t\u00e9 revu en profondeur)<\/li>\n\n\n\n<li>staf : li\u00e9 aux acquisitions, c\u2019est le tableau de bord de suivi fait pour Chlo\u00e9 pour l\u2019exp\u00e9rimentation suivi dans le domaine SH (mais il est exploitable pour d\u2019autres domaines) \u2013 sp\u00e9cifique UB<\/li>\n\n\n\n<li>travaux : pour les rapports d\u2019analyse demand\u00e9 pour les suivis de travaux de l\u2019UB et d\u2019UBM<\/li>\n<\/ul>\n\n\n\n<h2 id=\"rapports_transferes_dans_cet_environnement\" id=\"rapports_transferes_dans_cet_environnement\" class=\"wpig-heading\">Rapports transf\u00e9r\u00e9s dans cet environnement<\/h2>\n\n\n\n<div class=\"level2\">\n<p>Tous les objets analytiques accessibles dans les environnements institutions ont \u00e9t\u00e9 copi\u00e9s et\/ou ajust\u00e9s dans cet environnement, \u00e0 l\u2019exception de la liste suivante<\/p>\n<ul>\n<li class=\"li\">usage d\u2019un document physique : sans doute \u00e0 supprimer, le rapport d\u00e9taill\u00e9 sur un titre produit par Alexandre et accessible par lien interne dans la plupart des listes est plus juste et plus utile<\/li>\n<li class=\"li\">les rapports sur requ\u00eate sp\u00e9cifiques \u00e0 BxSA<\/li>\n<li class=\"li\">les rapports de l\u2019environnement network sp\u00e9cifiques au SCOOP<\/li>\n<\/ul>\n<\/div>\n\n\n\n<h2 id=\"comment_acceder_a_ces_rapports\" id=\"comment_acceder_a_ces_rapports\" class=\"wpig-heading\">Comment acc\u00e9der \u00e0 ces rapports<\/h2>\n\n\n\n<div class=\"level2\">\n<p>Dans chaque institution, un Raccourci vers le dossier widgets a \u00e9t\u00e9 cr\u00e9\u00e9 dans le dossier de l\u2019institution. C\u2019est lui qui permet d\u2019acc\u00e9der aux rapports dans Alma.<\/p>\n<p>Dans Alma, pour chaque institution, une s\u00e9rie d\u2019objet a \u00e9t\u00e9 cr\u00e9\u00e9. Il y a 2 objets par th\u00e8me : un de type widget et un de type rapport. Ces objets ne sont pour le moment accessibles qu\u2019aux administrateurs, ils sont \u00e0 publier quand ce sera utile \u00e0 la place de la liste actuelle. L\u2019id\u00e9e sous-jacente \u00e9tait de ne plus cr\u00e9er de nouveaux rapports mais d\u2019alimenter ceux-ci.<\/p>\n<p>En clair, une fois ces rapports rendus accessibles, on ne devrait plus avoir \u00e0 cr\u00e9er de nouveaux objets, sauf \u00e0 cr\u00e9er une nouvelle th\u00e9matique.<\/p>\n<\/div>\n\n\n\n<h2 id=\"comment_alimenter_ces_rapports\" id=\"comment_alimenter_ces_rapports\" class=\"wpig-heading\">Comment alimenter ces rapports<\/h2>\n\n\n\n<div class=\"level2\">\n<p>Pour continuer \u00e0 travailler, le travail se fait en 2 \u00e9tapes<\/p>\n<ul>\n<li class=\"li\">cr\u00e9ation du rapport proprement dit<\/li>\n<li class=\"li\">alimentation du rapport de liste<\/li>\n<\/ul>\n<\/div>\n\n\n\n<h3 id=\"creation_du_rapport\" id=\"creation_du_rapport\" class=\"wpig-heading\">Cr\u00e9ation du rapport<\/h3>\n\n\n\n<div class=\"level3\">\n<p>Une recommandation seulement sur ce sujet : cr\u00e9er le rapport dans le dossier correspondant \u00e0 la th\u00e9matique o\u00f9 on va le publier. Autant que possible, grouper les rapports d\u2019un m\u00eame tableau de bord dans un dossier pour plus de clart\u00e9. J\u2019encourage \u00e9galement \u00e0 utiliser le dossier technique pour tous les rapports de filtres, filtres et colonnes qui peuvent \u00eatre communs \u00e0 plusieurs rapports.<\/p>\n<\/div>\n\n\n\n<h3 id=\"alimentation_du_rapport_de_liste\" id=\"alimentation_du_rapport_de_liste\" class=\"wpig-heading\">Alimentation du rapport de liste<\/h3>\n\n\n\n<div class=\"level3\">\n<p>Le rapport de liste intitul\u00e9 rappot-widget-th\u00e9matique est un peu particulier : il ne contient pas de donn\u00e9es. C\u2019est une requ\u00eate sur l\u2019institution dont on exploite pas les r\u00e9sultats. Seul l\u2019onglet r\u00e9sultat nous int\u00e9resse et pas l\u2019onglet crit\u00e8res.<\/p>\n<p>Le rapport peut contenir 1 ou plusieurs vues de type texte statique. Ce sont des contenus \u00e0 \u00e9diter en html. Ils ont tous la m\u00eame structure :<\/p>\n<ul>\n<li class=\"li\">le titre de la section dans une balise de titre de niveau 3\u202f(h3)<\/li>\n<li class=\"li\">une liste \u00e0 puce (ul) contenant un item par rapport<\/li>\n<li class=\"li\">pour chaque item un lien hypertexte vers le rapport<\/li>\n<\/ul>\n<p>La principale difficult\u00e9 vient de la construction du lien. Ce sont des liens directs, qui affichent le rapport ou le tableau de bord seul, sans les boutons de commande d\u2019analytique. La structure des liens est la suivante<\/p>\n<ul>\n<li class=\"li\">pour un rapport simple : <a class=\"urlextern\" title=\"https:\/\/analytics12-eu.alma.exlibrisgroup.com\/analytics\/saw.dll?Go&amp;Options=mdr&amp;Path=[chemin_d_acces_au_rapport]\" href=\"https:\/\/analytics12-eu.alma.exlibrisgroup.com\/analytics\/saw.dll?Go&amp;Options=mdr&amp;Path=[chemin_d_acces_au_rapport]\" rel=\"nofollow\">https:\/\/analytics12-eu.alma.exlibrisgroup.com\/analytics\/saw.dll?Go&amp;Options=mdr&amp;Path=[chemin_d_acces_au_rapport]<\/a><\/li>\n<li class=\"li\">pour un rapport avec invite : <a class=\"urlextern\" title=\"https:\/\/analytics12-eu.alma.exlibrisgroup.com\/analytics\/saw.dll?Go&amp;Action=Prompt&amp;Options=mdr&amp;Path=[chemin_d_acces_au_rapport]\" href=\"https:\/\/analytics12-eu.alma.exlibrisgroup.com\/analytics\/saw.dll?Go&amp;Action=Prompt&amp;Options=mdr&amp;Path=[chemin_d_acces_au_rapport]\" rel=\"nofollow\">https:\/\/analytics12-eu.alma.exlibrisgroup.com\/analytics\/saw.dll?Go&amp;Action=Prompt&amp;Options=mdr&amp;Path=[chemin_d_acces_au_rapport]<\/a><\/li>\n<li class=\"li\">pour un tableau de bord : <a class=\"urlextern\" title=\"https:\/\/analytics12-eu.alma.exlibrisgroup.com\/analytics\/saw.dll?PortalPages&amp;Options=mdr&amp;PortalPath=[]chemin_d_acces_au_dashbord]\" href=\"https:\/\/analytics12-eu.alma.exlibrisgroup.com\/analytics\/saw.dll?PortalPages&amp;Options=mdr&amp;PortalPath=[]chemin_d_acces_au_dashbord]\" rel=\"nofollow\">https:\/\/analytics12-eu.alma.exlibrisgroup.com\/analytics\/saw.dll?PortalPages&amp;Options=mdr&amp;PortalPath=[]chemin_d_acces_au_dashbord]<\/a><\/li>\n<\/ul>\n<p>Pour obtenir le chemin d\u2019acc\u00e8s \u00e0 copier, je vous invite \u00e0 aller le copier-coller dans la barre d\u2019adresse en \u00e9dition.<\/p>\n<ul>\n<li class=\"li\">pour un rapport : tout ce qui se trouve entre &amp;path= et #results (ou #advancedTab ou #prompts ou #criteria)<\/li>\n<li class=\"li\">pour un tableau de bord :\u202ftout ce qui se trouve apr\u00e8s &amp;PortalPath=<\/li>\n<\/ul>\n<\/div>\n\n\n\n<h3 id=\"complement_d_infocreer_un_lien_avec_invite_de_variable\" id=\"complement_d_infocreer_un_lien_avec_invite_de_variable\" class=\"wpig-heading\">Compl\u00e9ment d\u2019info : cr\u00e9er un lien avec invite de variable<\/h3>\n\n\n\n<div class=\"level3\">\n<p><a class=\"urlextern\" title=\"https:\/\/analytics12-eu.alma.exlibrisgroup.com\/analytics\/saw.dll?PortalPages&amp;Action=Navigate&amp;Options=mdr&amp;PortalPath=[chemin_acces_dashboard]&amp;var1=dashboard.variable%5B%27[nom_de_la_variable]%27%5D&amp;val1=[valeur_de_la_variable]&amp;var2=dashboard.variables%5B%27[nom_de_la_variable]%27%5D&amp;val2=[valeur_de_la_variable]\" href=\"https:\/\/analytics12-eu.alma.exlibrisgroup.com\/analytics\/saw.dll?PortalPages&amp;Action=Navigate&amp;Options=mdr&amp;PortalPath=[chemin_acces_dashboard]&amp;var1=dashboard.variable%5B%27[nom_de_la_variable]%27%5D&amp;val1=[valeur_de_la_variable]&amp;var2=dashboard.variables%5B%27[nom_de_la_variable]%27%5D&amp;val2=[valeur_de_la_variable]\" rel=\"nofollow\">https:\/\/analytics12-eu.alma.exlibrisgroup.com\/analytics\/saw.dll?PortalPages&amp;Action=Navigate&amp;Options=mdr&amp;PortalPath=[chemin_acces_dashboard]&amp;var1=dashboard.variable%5B%27[nom_de_la_variable]%27%5D&amp;val1=[valeur_de_la_variable]&amp;var2=dashboard.variables%5B%27[nom_de_la_variable]%27%5D&amp;val2=[valeur_de_la_variable]<\/a><\/p>\n<p>Le principe est le m\u00eame pour les rapports (var1, val1 etc et dashboard.variable%5B%27[nom_de_la_variable]%27%5D)<\/p>\n<\/div>\n\n\n\n<div class=\"is-layout-flex wp-container-12 wp-block-columns bord-bloc-reutilisable has-background\" style=\"background-color:#d9edf7\">\n<div class=\"is-layout-flow wp-block-column is-vertically-aligned-center\" style=\"font-size:15px;flex-basis:20%\">\n<p style=\"font-size:15px\"><strong>Date de publication<\/strong> <\/p>\n\n\n<div style=\"font-size:15px;\" class=\"wp-block-post-date\"><time datetime=\"2024-03-22T09:40:09+01:00\">22 mars 2024<\/time><\/div><\/div>\n\n\n\n<div class=\"is-layout-flow wp-block-column is-vertically-aligned-center\" style=\"font-size:15px;flex-basis:20%\">\n<p><strong>Mis \u00e0 jour le <\/strong><\/p>\n\n\n<div style=\"font-size:15px;\" class=\"wp-block-post-date\"><time datetime=\"2025-07-11T14:24:27+02:00\">11 juillet 2025<\/time><\/div><\/div>\n\n\n\n<div class=\"is-layout-flow wp-block-column is-vertically-aligned-center\" style=\"font-size:15px;flex-basis:40%\">\n<p><\/p>\n\n\n\n<p><strong>Attention ! <\/strong>Certains \u00e9tablissements utilisent parfois de proc\u00e9dures compl\u00e9mentaires <\/p>\n<\/div>\n\n\n\n<div class=\"is-layout-flow wp-block-column is-vertically-aligned-center\" style=\"font-size:15px;flex-basis:25%\">\n<div class=\"is-horizontal is-content-justification-center is-layout-flex wp-container-10 wp-block-buttons alignfull has-custom-font-size\" style=\"font-size:16px\">\n<div class=\"wp-block-button has-custom-width wp-block-button__width-75 has-custom-font-size is-style-fill\" style=\"font-size:15px\"><a class=\"wp-block-button__link has-white-color has-text-color has-background wp-element-button\" href=\"mailto:scoop@u-bordeaux.fr\" style=\"border-radius:65px;background-color:#000000db\"><strong>Signaler une erreur<\/strong><\/a><\/div>\n<\/div>\n<\/div>\n<\/div>\n","protected":false},"excerpt":{"rendered":"<p>Table des mati\u00e8res[ Show ]Principe g\u00e9n\u00e9ralRapports transf\u00e9r\u00e9s dans cet environnementComment acc\u00e9der \u00e0 ces rapportsComment alimenter ces rapportsCr\u00e9ation du rapportAlimentation du rapport de listeCompl\u00e9ment d\u2019info : cr\u00e9er un lien avec invite de variableNote : Cette page fait \u00e9tat de la proposition&#8230;<\/p>\n","protected":false},"author":46,"featured_media":0,"parent":18410,"menu_order":11,"comment_status":"closed","ping_status":"closed","template":"","meta":[],"post_mailing_queue_ids":[],"_links":{"self":[{"href":"http:\/\/rebub.u-bordeaux.fr\/index.php\/wp-json\/wp\/v2\/pages\/19107"}],"collection":[{"href":"http:\/\/rebub.u-bordeaux.fr\/index.php\/wp-json\/wp\/v2\/pages"}],"about":[{"href":"http:\/\/rebub.u-bordeaux.fr\/index.php\/wp-json\/wp\/v2\/types\/page"}],"author":[{"embeddable":true,"href":"http:\/\/rebub.u-bordeaux.fr\/index.php\/wp-json\/wp\/v2\/users\/46"}],"replies":[{"embeddable":true,"href":"http:\/\/rebub.u-bordeaux.fr\/index.php\/wp-json\/wp\/v2\/comments?post=19107"}],"version-history":[{"count":4,"href":"http:\/\/rebub.u-bordeaux.fr\/index.php\/wp-json\/wp\/v2\/pages\/19107\/revisions"}],"predecessor-version":[{"id":21156,"href":"http:\/\/rebub.u-bordeaux.fr\/index.php\/wp-json\/wp\/v2\/pages\/19107\/revisions\/21156"}],"up":[{"embeddable":true,"href":"http:\/\/rebub.u-bordeaux.fr\/index.php\/wp-json\/wp\/v2\/pages\/18410"}],"wp:attachment":[{"href":"http:\/\/rebub.u-bordeaux.fr\/index.php\/wp-json\/wp\/v2\/media?parent=19107"}],"curies":[{"name":"wp","href":"https:\/\/api.w.org\/{rel}","templated":true}]}}