	{"id":22765,"date":"2024-12-06T15:49:28","date_gmt":"2024-12-06T14:49:28","guid":{"rendered":"https:\/\/rebub.u-bordeaux.fr\/?page_id=22765"},"modified":"2025-02-19T14:31:37","modified_gmt":"2025-02-19T13:31:37","slug":"suppression-des-notices-bibliographiques-dans-la-zone-reseau","status":"publish","type":"page","link":"http:\/\/rebub.u-bordeaux.fr\/index.php\/alma\/procedures\/gestion-des-ressources\/circuits-et-architecture-des-donnees\/suppression-des-notices-bibliographiques-dans-la-zone-reseau\/","title":{"rendered":"Suppression des notices bibliographiques dans la zone r\u00e9seau"},"content":{"rendered":"<div id='wpig-floatingbar' class='wpig-floatingbar'><div id='wpig-switch-wrapper' class='wpig-switch-wrapper'><span id='wpig-floating-switch' class='wpig-floating-switch'><img src='http:\/\/rebub.u-bordeaux.fr\/wp-content\/plugins\/sticky-toc-advance-table-of-contents\/\\assets\\menu.png'><\/span><\/div><div id='wpig-contents' class='wpig-contents  wpig-sidebar-widget wpig-style-3'><span class='wpig-headline'>Table des mati\u00e8res<span><a data-action='show' class='wpig-btn-toggledisplay'>[ Show ]<\/a><\/span><\/span><!-- Table of Contents --><div id='wpig-table-of-content' class='wpig-table-of-content'><ol><li class='stoc-suppression-des-notices-marc21'><a href='#stoc-suppression-des-notices-marc21'>Suppression des notices Marc21<\/a><\/li><li class='stoc-suppression-des-notices-unimarc-avec-ppn'><a href='#stoc-suppression-des-notices-unimarc-avec-ppn'>Suppression des notices Unimarc  avec PPN<\/a><\/li><li class='stoc-suppression-des-notices-unimarc-sans-ppn'><a href='#stoc-suppression-des-notices-unimarc-sans-ppn'>Suppression des notices Unimarc sans PPN<\/a><\/li><\/ol><\/div><!-- END OF Table of Contents --><\/div><\/div><p><div id='wpig-contents' class='wpig-contents  wpig-sidebar-widget wpig-style-1'><span class='wpig-headline'>Table des mati\u00e8res<span><a data-action='show' class='wpig-btn-toggledisplay'>[ Show ]<\/a><\/span><\/span><!-- Table of Contents --><div id='wpig-table-of-content' class='wpig-table-of-content' ><ol><li class='stoc-suppression-des-notices-marc21'><a href='#stoc-suppression-des-notices-marc21'>Suppression des notices Marc21<\/a><\/li><li class='stoc-suppression-des-notices-unimarc-avec-ppn'><a href='#stoc-suppression-des-notices-unimarc-avec-ppn'>Suppression des notices Unimarc  avec PPN<\/a><\/li><li class='stoc-suppression-des-notices-unimarc-sans-ppn'><a href='#stoc-suppression-des-notices-unimarc-sans-ppn'>Suppression des notices Unimarc sans PPN<\/a><\/li><\/ol><\/div><!-- END OF Table of Contents --><\/div><\/p>\n<p>\u00c0 cause de notre topologie r\u00e9seau, la suppression des notices bibliographiques selon le contexte de la suppression n&rsquo;est pas toujours effective dans la zone r\u00e9seau. La notice dispara\u00eet de votre institution, mais reste visible dans la zone r\u00e9seau et donc publi\u00e9e vers Babord +. Le scoop a mis en place des processus de traitement diff\u00e9rents pour nettoyer la zone r\u00e9seau selon la nature des notices.<\/p>\n\n\n\n<h2 id=\"stoc-suppression-des-notices-marc21\" class=\"wpig-heading\">Suppression des notices Marc21<\/h2>\n\n\n\n<p>\u23f0Tous les dimanches \u00e0 6h, un traitement va identifier toutes les notices non utilis\u00e9es dans les diff\u00e9rentes institutions. Sont consid\u00e9r\u00e9es comme candidates \u00e0 la suppression les notices :<\/p>\n\n\n\n<ul>\n<li>sans inventaires li\u00e9s <\/li>\n\n\n\n<li>non associ\u00e9es \u00e0 une collection ou \u00e0 une liste de lecture<\/li>\n\n\n\n<li>remplissant l&rsquo;une et l&rsquo;autre des conditions pr\u00e9c\u00e9dentes  et li\u00e9es \u00e0 une autre notice bibliographique<\/li>\n<\/ul>\n\n\n\n<p>Ce traitement produit un jeu de r\u00e9sultat contenant les notices candidates \u00e0 la suppression <\/p>\n\n\n\n<p>\u23f0Le lundi matin \u00e0 3h un traitement va supprimer toutes les notices contenues dans le jeu de r\u00e9sultat.<\/p>\n\n\n\n<p>Ainsi, une notice supprim\u00e9e le mardi dans votre institution ne sera supprim\u00e9e de Babord + (si elle remplie les conditions \u00e9voqu\u00e9es plus haut) que le lundi suivant. <\/p>\n\n\n\n<p><a href=\"https:\/\/rebub.u-bordeaux.fr\/index.php\/alma\/configuration-administration\/gestion-des-ressources\/circuits-et-architecture-des-donnees\/suppression-des-notices-bibliographiques-dans-la-zone-reseau\/\">Voir la configuration<\/a><\/p>\n\n\n\n<h2 id=\"stoc-suppression-des-notices-unimarc-avec-ppn\" class=\"wpig-heading\">Suppression des notices Unimarc  avec PPN<\/h2>\n\n\n\n<p>\u23f0Tous les 15 jours, le lundi \u00e0 9h, un traitement planifi\u00e9 va identifier toutes les notices non utilis\u00e9es dans les diff\u00e9rentes institutions. Sont consid\u00e9r\u00e9es comme candidates \u00e0 la suppression les notices :<\/p>\n\n\n\n<ul>\n<li>sans inventaires li\u00e9s <\/li>\n\n\n\n<li>non associ\u00e9es \u00e0 une collection ou \u00e0 une liste de lecture<\/li>\n\n\n\n<li>remplissant l&rsquo;une et l&rsquo;autre des conditions pr\u00e9c\u00e9dentes et li\u00e9es \u00e0 une autre notice bibliographique<\/li>\n<\/ul>\n\n\n\n<p>Ce traitement produit un jeu de r\u00e9sultats contenant les notices candidates \u00e0 la suppression.<\/p>\n\n\n\n<p>L&rsquo;ensemble de r\u00e9sultats ainsi cr\u00e9\u00e9 est re-tri\u00e9 pour obtenir deux fichiers : <\/p>\n\n\n\n<p>Un fichier contenant les notices qui ont encore une localisation dans le SUDOC = ce fichier est envoy\u00e9 aux experts via une liste de diffusion pour v\u00e9rification. <\/p>\n\n\n\n<p>Un fichier contenant les notices qui n&rsquo;ont plus du tout de localisation dans le SUDOC = ce fichier permet de reconstruire un ensemble de r\u00e9sultats dans Alma. Les notices identifi\u00e9es sont ensuite supprim\u00e9es par traitement. <\/p>\n\n\n\n<h2 id=\"stoc-suppression-des-notices-unimarc-sans-ppn\" class=\"wpig-heading\">Suppression des notices Unimarc sans PPN<\/h2>\n\n\n\n<p>\u23f0Tous les 3 mois, le lundi \u00e0 9h, un traitement planifi\u00e9 va identifier toutes les notices Unimarc sans PPN non utilis\u00e9es dans les diff\u00e9rentes institutions. <\/p>\n\n\n\n<p>Ces notices peuvent \u00eatre des notices provisoires d&rsquo;acquisitions venant d&rsquo;Electre ou d&rsquo;autres sources et dont la ligne de commande a \u00e9t\u00e9 annul\u00e9e. En effet, l&rsquo;annulation de la ligne de commande ne supprime pas automatiquement la notice bibliographique rattach\u00e9e. <\/p>\n\n\n\n<p>Ce traitement produit un ensemble de r\u00e9sultats, un deuxi\u00e8me traitement permet de supprimer les notices concern\u00e9es. <\/p>\n","protected":false},"excerpt":{"rendered":"<p>Table des mati\u00e8res[ Show ]Suppression des notices Marc21Suppression des notices Unimarc avec PPNSuppression des notices Unimarc sans PPN\u00c0 cause de notre topologie r\u00e9seau, la suppression des notices bibliographiques selon le contexte de la suppression n&rsquo;est pas toujours effective dans la&#8230;<\/p>\n","protected":false},"author":2,"featured_media":0,"parent":18538,"menu_order":3,"comment_status":"closed","ping_status":"closed","template":"template-fullwidth.php","meta":[],"post_mailing_queue_ids":[],"_links":{"self":[{"href":"http:\/\/rebub.u-bordeaux.fr\/index.php\/wp-json\/wp\/v2\/pages\/22765"}],"collection":[{"href":"http:\/\/rebub.u-bordeaux.fr\/index.php\/wp-json\/wp\/v2\/pages"}],"about":[{"href":"http:\/\/rebub.u-bordeaux.fr\/index.php\/wp-json\/wp\/v2\/types\/page"}],"author":[{"embeddable":true,"href":"http:\/\/rebub.u-bordeaux.fr\/index.php\/wp-json\/wp\/v2\/users\/2"}],"replies":[{"embeddable":true,"href":"http:\/\/rebub.u-bordeaux.fr\/index.php\/wp-json\/wp\/v2\/comments?post=22765"}],"version-history":[{"count":5,"href":"http:\/\/rebub.u-bordeaux.fr\/index.php\/wp-json\/wp\/v2\/pages\/22765\/revisions"}],"predecessor-version":[{"id":23335,"href":"http:\/\/rebub.u-bordeaux.fr\/index.php\/wp-json\/wp\/v2\/pages\/22765\/revisions\/23335"}],"up":[{"embeddable":true,"href":"http:\/\/rebub.u-bordeaux.fr\/index.php\/wp-json\/wp\/v2\/pages\/18538"}],"wp:attachment":[{"href":"http:\/\/rebub.u-bordeaux.fr\/index.php\/wp-json\/wp\/v2\/media?parent=22765"}],"curies":[{"name":"wp","href":"https:\/\/api.w.org\/{rel}","templated":true}]}}