	{"id":12161,"date":"2021-08-24T14:00:37","date_gmt":"2021-08-24T12:00:37","guid":{"rendered":"http:\/\/rebub.u-bordeaux.fr\/?page_id=12161"},"modified":"2025-07-03T11:06:40","modified_gmt":"2025-07-03T09:06:40","slug":"le-programme-des-formations-annuelles-2020-2021-en-cours-de-construction","status":"publish","type":"page","link":"https:\/\/rebub.u-bordeaux.fr\/index.php\/lanimation-du-reseau\/les-formations\/informations-pratiques\/le-programme-des-formations-annuelles-2020-2021-en-cours-de-construction\/","title":{"rendered":"Le programme des formations annuelles 2025-2026"},"content":{"rendered":"<div id='wpig-floatingbar' class='wpig-floatingbar'><div id='wpig-switch-wrapper' class='wpig-switch-wrapper'><span id='wpig-floating-switch' class='wpig-floating-switch'><img src='https:\/\/rebub.u-bordeaux.fr\/wp-content\/plugins\/sticky-toc-advance-table-of-contents\/\\assets\\menu.png'><\/span><\/div><\/div><p><\/p><p>Retrouvez sur cette page le programme annuel des formations propos\u00e9es \u00e0 l&rsquo;ensemble des personnels du R\u00e9seau des Biblioth\u00e8ques Universitaires de Bordeaux. Elles concernent aussi bien les nouveaux arrivants que les agents en poste.<\/p>\n<p>Ces formations sont propos\u00e9es par le Scoop et concerne l&rsquo;outil de gestion des biblioth\u00e8ques Alma et le catalogue Babord+.<\/p>\n<div class=\"message important important-vert\">\n<p>Les conditions ne nous permettent pas de r\u00e9aliser toutes ces formations en pr\u00e9sentiel c&rsquo;est pourquoi elles se d\u00e9rouleront majoritairement en visioconf\u00e9rence (via Zoom).<\/p>\n<\/div>\n<div class=\"message warning\">\n<p>Les inscriptions \u00e0 ces formations ne vous dispensent pas de suivre \u00e9galement la proc\u00e9dure de votre \u00e9tablissement pour les demandes de formations.<\/p>\n<\/div>\n\n<table id=\"tablepress-118\" class=\"tablepress tablepress-id-118\">\n<thead>\n<tr class=\"row-1\">\n\t<th colspan=\"2\" class=\"column-1\"><strong>DECOUVERTE DE L'INTERFACE ALMA<\/strong><\/th><th class=\"column-3\"><\/th>\n<\/tr>\n<\/thead>\n<tbody class=\"row-hover\">\n<tr class=\"row-2\">\n\t<td class=\"column-1\"><strong>Objectifs de la formation<\/strong><\/td><td colspan=\"2\" class=\"column-2\"><li>se rep\u00e9rer et naviguer dans Alma<\/li><br \/>\n<li>conna\u00eetre les fonctionnalit\u00e9s auxquelles nous avons acc\u00e8s<\/li><br \/>\n<li>savoir personnaliser son interface<\/li><\/td>\n<\/tr>\n<tr class=\"row-3\">\n\t<td class=\"column-1\"><strong>Sessions<\/strong><\/td><td class=\"column-2\">08\/09 de 14h \u00e0 16h<\/td><td class=\"column-3\"><a href=\"https:\/\/u-bordeaux-fr.zoom.us\/j\/88448280327?pwd=5MreQcr3NUkr26iDb6BpND4MNK18PS.1\">lien Zoom<\/a><\/td>\n<\/tr>\n<tr class=\"row-4\">\n\t<td class=\"column-1\"><\/td><td class=\"column-2\">12\/09 de 10h \u00e0 12h<\/td><td class=\"column-3\"><a href=\"https:\/\/u-bordeaux-fr.zoom.us\/j\/84480562453?pwd=7L1jk87JU7WJKT22kHhggxkCSaT2z2.1\">lien Zoom<\/a><\/td>\n<\/tr>\n<tr class=\"row-5\">\n\t<td class=\"column-1\"><strong>Inscription<\/strong><\/td><td colspan=\"2\" class=\"column-2\"><a href=\"https:\/\/evento.renater.fr\/survey\/formation-scoop-decouverte-de-linterface-alma-xhzjjr3n\">sur Evento<\/a><\/td>\n<\/tr>\n<\/tbody>\n<\/table>\n<!-- #tablepress-118 from cache -->\n\n<table id=\"tablepress-119\" class=\"tablepress tablepress-id-119\">\n<thead>\n<tr class=\"row-1\">\n\t<th colspan=\"2\" class=\"column-1\"><strong>DONNEES ET RECHERCHE DANS ALMA<\/strong><\/th><th class=\"column-3\"><\/th>\n<\/tr>\n<\/thead>\n<tbody class=\"row-hover\">\n<tr class=\"row-2\">\n\t<td class=\"column-1\"><strong>Objectifs de la formation<\/strong><\/td><td colspan=\"2\" class=\"column-2\"><li>comprendre la structure des donn\u00e9es dans Alma<\/li><br \/>\n<li>savoir faire une recherche simple et une recherche avanc\u00e9e<\/li><br \/>\n<li>savoir exploiter les r\u00e9sultats d\u2019une recherche<\/li><\/td>\n<\/tr>\n<tr class=\"row-3\">\n\t<td class=\"column-1\"><strong>Sessions<\/strong><\/td><td class=\"column-2\">15\/09 de 14h00 \u00e0 16h00<\/td><td class=\"column-3\"><a href=\"https:\/\/u-bordeaux-fr.zoom.us\/j\/84721097644?pwd=Q8cxrQhcTmKQXgBTZMETwrSekjuBA4.1\">lien Zoom<\/a><\/td>\n<\/tr>\n<tr class=\"row-4\">\n\t<td class=\"column-1\"><\/td><td class=\"column-2\">19\/09 de 10h \u00e0 12h<\/td><td class=\"column-3\">session supprim\u00e9e<\/td>\n<\/tr>\n<tr class=\"row-5\">\n\t<td class=\"column-1\"><strong>Inscription<\/strong><\/td><td colspan=\"2\" class=\"column-2\"><a href=\"https:\/\/evento.renater.fr\/survey\/donnees-et-recherche-dans-alma-lnxng0ni\">sur Evento<\/a><\/td>\n<\/tr>\n<\/tbody>\n<\/table>\n<!-- #tablepress-119 from cache -->\n\n<table id=\"tablepress-120\" class=\"tablepress tablepress-id-120\">\n<thead>\n<tr class=\"row-1\">\n\t<th colspan=\"2\" class=\"column-1\"><strong>SERVICES AUX USAGERS (CYCLE INITIAL ET AVANCE)<\/strong><\/th><th class=\"column-3\"><\/th>\n<\/tr>\n<\/thead>\n<tbody class=\"row-hover\">\n<tr class=\"row-2\">\n\t<td class=\"column-1\"><strong>Objectifs de la formation<\/strong><\/td><td colspan=\"2\" class=\"column-2\"><li>conna\u00eetre les principes des services aux usagers dans Alma : r\u00e8gles et limites de pr\u00eat, blocages, renouvellement, lecteurs<br \/>\n<li>savoir r\u00e9aliser les principales op\u00e9rations de services usagers<\/li><br \/>\n<li>comprendre la gestion des lecteurs dans Alma et savoir inscrire un lecteur non institutionnel<\/li><br \/>\n<li>conna\u00eetre les types de demandes et savoir les g\u00e9rer<\/li><br \/>\n<li>savoir faire un ajout rapide<\/li><\/td>\n<\/tr>\n<tr class=\"row-3\">\n\t<td class=\"column-1\"><strong>Sessions<\/strong><\/td><td class=\"column-2\">09\/09 de 10h \u00e0 12h (horaire indicatif)<\/td><td class=\"column-3\"><a href=\"https:\/\/u-bordeaux-fr.zoom.us\/j\/85050314033?pwd=W8JPRvr72eABW4H9F9ItNrNBapIzbJ.1\">lien Zoom<\/a><\/td>\n<\/tr>\n<tr class=\"row-4\">\n\t<td class=\"column-1\"><\/td><td class=\"column-2\">11\/09 de 14h \u00e0 16h (horaire indicatif)<\/td><td class=\"column-3\"><a href=\" https:\/\/u-bordeaux-montaigne-fr.zoom.us\/j\/83506707448\">lien Zoom<\/a><\/td>\n<\/tr>\n<tr class=\"row-5\">\n\t<td class=\"column-1\"><strong>Inscription<\/strong><\/td><td colspan=\"2\" class=\"column-2\"><a href=\"https:\/\/evento.renater.fr\/survey\/services-aux-usagers-cycle-initial-et-avance-jofp1496\">sur Evento<\/a><\/td>\n<\/tr>\n<\/tbody>\n<\/table>\n<!-- #tablepress-120 from cache -->\n\n<table id=\"tablepress-122\" class=\"tablepress tablepress-id-122\">\n<thead>\n<tr class=\"row-1\">\n\t<th colspan=\"2\" class=\"column-1\"><strong>DECOUVERTE DE BABORD+<\/strong><\/th><th class=\"column-3\"><\/th>\n<\/tr>\n<\/thead>\n<tbody class=\"row-hover\">\n<tr class=\"row-2\">\n\t<td class=\"column-1\"><strong>Objectifs de la formation<\/strong><\/td><td colspan=\"2\" class=\"column-2\"><li>conna\u00eetre les ressources disponibles sur le catalogue<\/li><br \/>\n<li>savoir naviguer et se rep\u00e9rer dans l\u2019interface<\/li><br \/>\n<li>savoir faire une recherche et exploiter les r\u00e9sultats<\/li><br \/>\n<li>conna\u00eetre le compte lecteur et ses fonctionnalit\u00e9s<\/li><\/td>\n<\/tr>\n<tr class=\"row-3\">\n\t<td class=\"column-1\"><strong>Sessions<\/strong><\/td><td class=\"column-2\">08\/09 de 10h00 \u00e0 12h00 <\/td><td class=\"column-3\"><a href=\"https:\/\/u-bordeaux-fr.zoom.us\/j\/81357899281?pwd=lfuDbZFr9hZX7vzYAuxrWWim5bN72f.1\">lienZoom<\/a><\/td>\n<\/tr>\n<tr class=\"row-4\">\n\t<td class=\"column-1\"><\/td><td class=\"column-2\">12\/09 de 14h30 \u00e0 16h30 <\/td><td class=\"column-3\"><a href=\"https:\/\/u-bordeaux-fr.zoom.us\/j\/85855044224?pwd=Ht22b8cAWrdR1NnXnKgcuai2ERVVTh.1\">lien Zoom<\/a><\/td>\n<\/tr>\n<tr class=\"row-5\">\n\t<td class=\"column-1\"><strong>Inscription<\/strong><\/td><td colspan=\"2\" class=\"column-2\"><a href=\"https:\/\/evento.renater.fr\/survey\/formation-scoop-decouverte-de-babord-24oqwkhn\">sur Evento<\/a><\/td>\n<\/tr>\n<\/tbody>\n<\/table>\n<!-- #tablepress-122 from cache -->\n\n<table id=\"tablepress-151\" class=\"tablepress tablepress-id-151\">\n<thead>\n<tr class=\"row-1\">\n\t<th colspan=\"2\" class=\"column-1\"><strong>LES ACQUISITIONS DANS ALMA<\/strong><\/th><th class=\"column-3\"><\/th>\n<\/tr>\n<\/thead>\n<tbody class=\"row-hover\">\n<tr class=\"row-2\">\n\t<td class=\"column-1\"><strong>Objectifs de la formation<\/strong><\/td><td colspan=\"2\" class=\"column-2\"><li>Conna\u00eetre et comprendre le circuit de commande d\u2019un document dans<br \/>\nAlma.<\/li><br \/>\n<li>Conna\u00eetre les fonctionnalit\u00e9s li\u00e9es aux commandes.<\/li><br \/>\n<li>Savoir cr\u00e9er une commande.<\/li><br \/>\n<li>Savoir r\u00e9ceptionner des lignes de commande<\/li><br \/>\n<li>Savoir enregistrer des factures<\/li><\/td>\n<\/tr>\n<tr class=\"row-3\">\n\t<td class=\"column-1\"><strong>Session(s)<\/strong><\/td><td class=\"column-2\">Mardi 23 septembre <br \/>\n9h-17h (horaires \u00e0 confirmer)<\/td><td class=\"column-3\">BU Sciences et Techniques, salle Dune<br \/>\n(arr\u00eat tram B Arts et M\u00e9tiers)<\/td>\n<\/tr>\n<tr class=\"row-4\">\n\t<td class=\"column-1\"><strong>Inscription<\/strong><\/td><td colspan=\"2\" class=\"column-2\"><a href=\"https:\/\/evento.renater.fr\/survey\/formation-scoop-les-acquisitions-dans-alma-qlsmem4m\">sur Evento<\/a><\/td>\n<\/tr>\n<\/tbody>\n<\/table>\n<!-- #tablepress-151 from cache -->\n\n<table id=\"tablepress-141\" class=\"tablepress tablepress-id-141\">\n<thead>\n<tr class=\"row-1\">\n\t<th colspan=\"2\" class=\"column-1\"><strong>GESTION DES RESSOURCES (MONOGRAPHIES) : CE QU\u2019IL FAUT SAVOIR AVANT DE CATALOGUER<\/strong><\/th><th class=\"column-3\"><\/th>\n<\/tr>\n<\/thead>\n<tbody class=\"row-hover\">\n<tr class=\"row-2\">\n\t<td class=\"column-1\"><strong>Objectifs de la formation<\/strong><\/td><td colspan=\"2\" class=\"column-2\"><li>Savoir chercher des notices dans Alma<\/li><br \/>\n<li>Conna\u00eetre la structure des donn\u00e9es dans Alma<\/li><br \/>\n<li> Rep\u00e9rer le format d\u2019une notice (Marc21 ou Unimarc)<\/li><\/td>\n<\/tr>\n<tr class=\"row-3\">\n\t<td class=\"column-1\"><strong>Session(s)<\/strong><\/td><td class=\"column-2\">09\/10 de 9h \u00e0 12h<\/td><td class=\"column-3\">BU Sciences et Techniques, salle Dune<br \/>\n(arr\u00eat tram B Arts et M\u00e9tiers)<\/td>\n<\/tr>\n<tr class=\"row-4\">\n\t<td class=\"column-1\"><strong>Inscription<\/strong><\/td><td colspan=\"2\" class=\"column-2\"><a href=\"https:\/\/evento.renater.fr\/survey\/formation-scoop-la-gestion-des-ressources-dans-alma-ce-quil-faut-savoir-avant-de-cataloguer-xug549bx\">sur Evento<\/a><\/td>\n<\/tr>\n<\/tbody>\n<\/table>\n<!-- #tablepress-141 from cache -->\n\n<table id=\"tablepress-142\" class=\"tablepress tablepress-id-142\">\n<thead>\n<tr class=\"row-1\">\n\t<th colspan=\"2\" class=\"column-1\"><strong>GESTION DES RESSOURCES (MONOGRAPHIES) : CATALOGUER LES NOUVEAUX DOCUMENTS DANS ALMA<\/strong><\/th><th class=\"column-3\"><\/th>\n<\/tr>\n<\/thead>\n<tbody class=\"row-hover\">\n<tr class=\"row-2\">\n\t<td class=\"column-1\"><strong>Objectifs de la formation<\/strong><\/td><td colspan=\"2\" class=\"column-2\"><li>Connaitre le circuit du document<br \/>\n<\/li><br \/>\n<li>Savoir signaler dans Alma une notice catalogu\u00e9e dans le Sudoc :<br \/>\ndans le circuit des acquisitions<br \/>\ndans le cadre d\u2019une r\u00e9troconversion<br \/>\ndans le cadre d\u2019un don<\/li><\/td>\n<\/tr>\n<tr class=\"row-3\">\n\t<td class=\"column-1\"><strong>Session(s)<\/strong><\/td><td class=\"column-2\">09\/10 de 14h \u00e0 17h<\/td><td class=\"column-3\">BU Sciences et Techniques, salle Dune<br \/>\n(arr\u00eat tram B Arts et M\u00e9tiers)<\/td>\n<\/tr>\n<tr class=\"row-4\">\n\t<td class=\"column-1\"><strong>Inscription<\/strong><\/td><td colspan=\"2\" class=\"column-2\"><a href=\"https:\/\/evento.renater.fr\/survey\/formation-scoop-la-gestion-des-ressources-dans-alma-cataloguer-les-nouveaux-documents-taa4gj0a\">sur Evento<\/a><\/td>\n<\/tr>\n<\/tbody>\n<\/table>\n<!-- #tablepress-142 from cache -->\n\n<table id=\"tablepress-143\" class=\"tablepress tablepress-id-143\">\n<thead>\n<tr class=\"row-1\">\n\t<th colspan=\"2\" class=\"column-1\"><strong>GESTION DES RESSOURCES  (MONOGRAPHIES) : LES AUTRES T\u00c2CHES AU QUOTIDIEN<\/strong><\/th><th class=\"column-3\"><\/th>\n<\/tr>\n<\/thead>\n<tbody class=\"row-hover\">\n<tr class=\"row-2\">\n\t<td class=\"column-1\"><strong>Objectifs de la formation<\/strong><\/td><td colspan=\"2\" class=\"column-2\"><li>Savoir d\u00e9placer ou pilonner un exemplaire dans Alma<\/li><br \/>\n<li>Savoir modifier les informations de la holding ou de l\u2019exemplaire (recotation, etc)<\/li><br \/>\n<li>Savoir appliquer ou supprimer un traitement interne<\/li><br \/>\n<li>Savoir contr\u00f4ler la qualit\u00e9 du catalogage (niveau 1)<\/li><\/td>\n<\/tr>\n<tr class=\"row-3\">\n\t<td class=\"column-1\"><strong>Session(s)<\/strong><\/td><td class=\"column-2\">14\/10 de 9h \u00e0 12h<br \/>\n16\/10 de 9h \u00e0 12h<\/td><td class=\"column-3\">BU Sciences et Techniques, salle Dune<br \/>\n(arr\u00eat tram B Arts et M\u00e9tiers)<\/td>\n<\/tr>\n<tr class=\"row-4\">\n\t<td class=\"column-1\"><strong>Inscription<\/strong><\/td><td colspan=\"2\" class=\"column-2\"><a href=\"https:\/\/evento.renater.fr\/survey\/formation-scoop-la-gestion-des-ressources-dans-alma-les-autres-taches-au-quotidien-mm6ly11v\">sur Evento<\/a><\/td>\n<\/tr>\n<\/tbody>\n<\/table>\n<!-- #tablepress-143 from cache -->\n\n<table id=\"tablepress-144\" class=\"tablepress tablepress-id-144\">\n<thead>\n<tr class=\"row-1\">\n\t<th colspan=\"2\" class=\"column-1\"><strong>ATELIER GESTION DES RESSOURCES (MONOGRAPHIES) : GESTION DES RESSOURCES AVANCEE<\/strong><\/th><th class=\"column-3\"><\/th>\n<\/tr>\n<\/thead>\n<tbody class=\"row-hover\">\n<tr class=\"row-2\">\n\t<td class=\"column-1\"><strong>Objectifs de l'atelier<\/strong><\/td><td colspan=\"2\" class=\"column-2\"><li>Savoir appliquer des traitements par lots<\/li><br \/>\n<li>Savoir contr\u00f4ler la qualit\u00e9 du catalogage<\/li><\/td>\n<\/tr>\n<tr class=\"row-3\">\n\t<td class=\"column-1\"><strong>Session(s)<\/strong><\/td><td class=\"column-2\">16\/10 de 14h \u00e0 17h<\/td><td class=\"column-3\">BU Sciences et Techniques, salle Dune<br \/>\n(arr\u00eat tram B Arts et M\u00e9tiers)<\/td>\n<\/tr>\n<tr class=\"row-4\">\n\t<td class=\"column-1\"><strong>Inscription<\/strong><\/td><td colspan=\"2\" class=\"column-2\"><a href=\"https:\/\/evento.renater.fr\/survey\/atelier-scoop-gestion-des-ressources-avancee-6e897ggx\">sur Evento<\/a><\/td>\n<\/tr>\n<\/tbody>\n<\/table>\n<!-- #tablepress-144 from cache -->\n<p>Les programme des formations pour l&rsquo;ann\u00e9e en cours sont \u00e9galement disponible au format pdf :<\/p>\n<ul>\n<li>Formations de rentr\u00e9e :\u00a0<a href=\"https:\/\/rebub.u-bordeaux.fr\/wp-content\/uploads\/2025\/07\/Formations-Alma-et-Babord-2025-2026.pdf\" target=\"_blank\" rel=\"noopener\">Formations Alma et Babord+ 2025-2026<\/a><\/li>\n<\/ul>\n<p>Pour tout renseignement concernant les formations propos\u00e9es aux agents des biblioth\u00e8ques, veuillez contacter le Scoop \u00e0 l&rsquo;adresse : scoop@u-bordeaux.fr<\/p>\n","protected":false},"excerpt":{"rendered":"<p>Retrouvez sur cette page le programme annuel des formations propos\u00e9es \u00e0 l&rsquo;ensemble des personnels du R\u00e9seau des Biblioth\u00e8ques Universitaires de Bordeaux. Elles concernent aussi bien les nouveaux arrivants que les agents en poste. Ces formations sont propos\u00e9es par le Scoop&#8230;<\/p>\n","protected":false},"author":46,"featured_media":0,"parent":19319,"menu_order":0,"comment_status":"closed","ping_status":"closed","template":"","meta":[],"post_mailing_queue_ids":[],"_links":{"self":[{"href":"https:\/\/rebub.u-bordeaux.fr\/index.php\/wp-json\/wp\/v2\/pages\/12161"}],"collection":[{"href":"https:\/\/rebub.u-bordeaux.fr\/index.php\/wp-json\/wp\/v2\/pages"}],"about":[{"href":"https:\/\/rebub.u-bordeaux.fr\/index.php\/wp-json\/wp\/v2\/types\/page"}],"author":[{"embeddable":true,"href":"https:\/\/rebub.u-bordeaux.fr\/index.php\/wp-json\/wp\/v2\/users\/46"}],"replies":[{"embeddable":true,"href":"https:\/\/rebub.u-bordeaux.fr\/index.php\/wp-json\/wp\/v2\/comments?post=12161"}],"version-history":[{"count":27,"href":"https:\/\/rebub.u-bordeaux.fr\/index.php\/wp-json\/wp\/v2\/pages\/12161\/revisions"}],"predecessor-version":[{"id":23873,"href":"https:\/\/rebub.u-bordeaux.fr\/index.php\/wp-json\/wp\/v2\/pages\/12161\/revisions\/23873"}],"up":[{"embeddable":true,"href":"https:\/\/rebub.u-bordeaux.fr\/index.php\/wp-json\/wp\/v2\/pages\/19319"}],"wp:attachment":[{"href":"https:\/\/rebub.u-bordeaux.fr\/index.php\/wp-json\/wp\/v2\/media?parent=12161"}],"curies":[{"name":"wp","href":"https:\/\/api.w.org\/{rel}","templated":true}]}}