	{"id":18499,"date":"2024-03-22T09:32:27","date_gmt":"2024-03-22T08:32:27","guid":{"rendered":"https:\/\/rebub.u-bordeaux.fr\/?page_id=18499"},"modified":"2024-04-22T10:09:30","modified_gmt":"2024-04-22T08:09:30","slug":"tableau-recapitulatif-des-procedures-dinscription-dun-lecteur","status":"publish","type":"page","link":"https:\/\/rebub.u-bordeaux.fr\/index.php\/alma\/procedures\/services-aux-usagers\/gestion-des-lecteurs\/tableau-recapitulatif-des-procedures-dinscription-dun-lecteur\/","title":{"rendered":"Tableau r\u00e9capitulatif des proc\u00e9dures d\u2019inscription d\u2019un lecteur"},"content":{"rendered":"<div id='wpig-floatingbar' class='wpig-floatingbar'><div id='wpig-switch-wrapper' class='wpig-switch-wrapper'><span id='wpig-floating-switch' class='wpig-floating-switch'><img src='https:\/\/rebub.u-bordeaux.fr\/wp-content\/plugins\/sticky-toc-advance-table-of-contents\/\\assets\\menu.png'><\/span><\/div><\/div><p><\/p>\n<div class=\"is-layout-constrained wp-block-group bord-bloc-reutilisable\"><div class=\"wp-block-group__inner-container\">\n<div class=\"is-layout-flex wp-container-3 wp-block-columns alignfull bord-bloc-reutilisable has-background\" style=\"background-color:#ff303047\">\n<div class=\"is-layout-flow wp-block-column is-vertically-aligned-center\" style=\"flex-basis:7%\">\n<figure class=\"wp-block-image alignfull size-full\"><img decoding=\"async\" loading=\"lazy\" width=\"512\" height=\"512\" src=\"https:\/\/rebub.u-bordeaux.fr\/wp-content\/uploads\/2024\/04\/point-dexclamation.png\" alt=\"\" class=\"wp-image-19898\" srcset=\"https:\/\/rebub.u-bordeaux.fr\/wp-content\/uploads\/2024\/04\/point-dexclamation.png 512w, https:\/\/rebub.u-bordeaux.fr\/wp-content\/uploads\/2024\/04\/point-dexclamation-300x300.png 300w, https:\/\/rebub.u-bordeaux.fr\/wp-content\/uploads\/2024\/04\/point-dexclamation-150x150.png 150w\" sizes=\"(max-width: 512px) 100vw, 512px\" \/><\/figure>\n<\/div>\n\n\n\n<div class=\"is-layout-flow wp-block-column is-vertically-aligned-center\" style=\"flex-basis:85%\">\n<p><strong>Attention !<\/strong> Avant de se lancer dans l&rsquo;inscription d&rsquo;un lecteur, v\u00e9rifier que ce dernier n&rsquo;a pas un compte dans Alma en suivant <a href=\"http:\/\/rebub.u-bordeaux.fr\/index.php\/alma\/procedures\/services-aux-usagers\/gestion-des-lecteurs\/rechercher-un-lecteur\/\">cette proc\u00e9dure<\/a>.<\/p>\n<\/div>\n<\/div>\n<\/div><\/div>\n\n\n\n<p>Vous trouverez ci-dessous un tableau r\u00e9capitulatif des diff\u00e9rents cas d&rsquo;inscription de lecteur et les proc\u00e9dures \u00e0 suivre le cas \u00e9ch\u00e9ant :<\/p>\n\n\n\n<table id=\"tablepress-32\" class=\"tablepress tablepress-id-32\">\n<thead>\n<tr class=\"row-1 odd\">\n\t<th class=\"column-1\"><\/th><th class=\"column-2\"><\/th><th class=\"column-3\"><strong>COMPTE ALMA VALIDE *<\/strong><\/th><th class=\"column-4\"><strong>PAS DE COMPTE ALMA<\/strong><\/th>\n<\/tr>\n<\/thead>\n<tbody class=\"row-hover\">\n<tr class=\"row-2 even\">\n\t<td rowspan=\"4\" class=\"column-1\"><strong>ETUDIANT<\/strong><\/td><td class=\"column-2\"><strong>Avec carte Aquipass<\/strong><\/td><td class=\"column-3\">Rien \u00e0 signaler<\/td><td class=\"column-4\"><a href=\"http:\/\/rebub.u-bordeaux.fr\/index.php\/alma\/procedures\/services-aux-usagers\/gestion-des-lecteurs\/creer-un-compte-lecteur-dattente\/\">Cr\u00e9ation compte lecteur d&rsquo;attente<\/a><\/td>\n<\/tr>\n<tr class=\"row-3 odd\">\n\t<td class=\"column-2\"><strong>Sans carte Aquipass<\/strong><\/td><td class=\"column-3\">Orienter le lecteur vers son service scolarit\u00e9<\/td><td class=\"column-4\">Orienter le lecteur vers son service scolarit\u00e9<\/td>\n<\/tr>\n<tr class=\"row-4 even\">\n\t<td class=\"column-2\"><strong>Avec carte Aquipass hors R\u00e9BUB (Kedge, universit\u00e9 de Pau et pays de l&rsquo;Adour, Arts et m\u00e9tiers ParisTech antenne de Talence&#8230;)<\/strong><\/td><td class=\"column-3\">Ce type de lecteur n&rsquo;as pas de compte dans Alma.<\/td><td class=\"column-4\"><a href=\"http:\/\/rebub.u-bordeaux.fr\/index.php\/alma\/procedures\/services-aux-usagers\/gestion-des-lecteurs\/inscrire\/\">Inscription lecteur ext\u00e9rieur<\/a><\/td>\n<\/tr>\n<tr class=\"row-5 odd\">\n\t<td class=\"column-2\"><strong>Avec autre carte \u00e9tudiant (autres grandes \u00e9coles, autres universit\u00e9s fran\u00e7aise ou \u00e9trang\u00e8res)<\/strong><\/td><td class=\"column-3\">Ce type de lecteur n&rsquo;as pas de compte dans Alma.<\/td><td class=\"column-4\"><a href=\"http:\/\/rebub.u-bordeaux.fr\/index.php\/alma\/procedures\/services-aux-usagers\/gestion-des-lecteurs\/inscrire\/\">Inscription lecteur ext\u00e9rieur<\/a><\/td>\n<\/tr>\n<tr class=\"row-6 even\">\n\t<td rowspan=\"3\" class=\"column-1\"><strong>PERSONNEL<\/strong><\/td><td class=\"column-2\"><strong>Avec carte Aquipass<\/strong><\/td><td class=\"column-3\">Rien \u00e0 signaler<\/td><td class=\"column-4\"><a href=\"http:\/\/rebub.u-bordeaux.fr\/index.php\/alma\/procedures\/services-aux-usagers\/gestion-des-lecteurs\/creer-un-compte-lecteur-dattente\/\">Cr\u00e9ation compte lecteur d&rsquo;attente<\/a><\/td>\n<\/tr>\n<tr class=\"row-7 odd\">\n\t<td class=\"column-2\"><strong>Sans carte Aquipass<\/strong><\/td><td class=\"column-3\"><a href=\"http:\/\/rebub.u-bordeaux.fr\/index.php\/alma\/procedures\/services-aux-usagers\/gestion-des-lecteurs\/delivrer-une-simple-carte-de-lecteur-exterieur\/\">D\u00e9livrance simple d&rsquo;une carte de lecteur ext\u00e9rieur<\/a><\/td><td class=\"column-4\"><a href=\"http:\/\/rebub.u-bordeaux.fr\/index.php\/alma\/procedures\/services-aux-usagers\/gestion-des-lecteurs\/creer-un-compte-lecteur-dattente\/\">Cr\u00e9ation d&rsquo;un compte lecteur d&rsquo;attente<\/a><\/td>\n<\/tr>\n<tr class=\"row-8 even\">\n\t<td class=\"column-2\"><strong>Avec carte Aquipass hors R\u00e9BUB (personnels affili\u00e9s \u00e0 la ComUE d&rsquo;Aquitaine)<\/strong><\/td><td class=\"column-3\">Ce type de lecteur n&rsquo;as pas de compte dans Alma.<\/td><td class=\"column-4\"><a href=\"http:\/\/rebub.u-bordeaux.fr\/index.php\/alma\/procedures\/services-aux-usagers\/gestion-des-lecteurs\/inscrire\/\">Inscription lecteur ext\u00e9rieur<\/a><\/td>\n<\/tr>\n<tr class=\"row-9 odd\">\n\t<td rowspan=\"2\" class=\"column-1\"><strong>LECTEUR AUTORISE<\/strong><\/td><td class=\"column-2\"><strong>Avec carte Aquipass<\/strong><\/td><td class=\"column-3\">Rien \u00e0 signaler<\/td><td class=\"column-4\"><a href=\"http:\/\/rebub.u-bordeaux.fr\/index.php\/alma\/procedures\/services-aux-usagers\/gestion-des-lecteurs\/inscrire\/\">Inscription lecteur ext\u00e9rieur<\/a><\/td>\n<\/tr>\n<tr class=\"row-10 even\">\n\t<td class=\"column-2\"><strong>Sans carte Aquipass<\/strong><\/td><td class=\"column-3\">Rien \u00e0 signaler<\/td><td class=\"column-4\"><a href=\"http:\/\/rebub.u-bordeaux.fr\/index.php\/alma\/procedures\/services-aux-usagers\/gestion-des-lecteurs\/inscrire\/\">Inscription lecteur ext\u00e9rieur<\/a><\/td>\n<\/tr>\n<\/tbody>\n<\/table>\n<!-- #tablepress-32 from cache -->\n\n\n<p>* COMPTE ALMA VALIDE : compte avec une date d&rsquo;expiration des droits \u00e0 jour \/ avec une date d&rsquo;abonnement sup\u00e9rieure \u00e0 la date du jour.<\/p>\n\n\n\n<p>Nous vous prions de tenir compte de ces proc\u00e9dures et de bien appliquer ces m\u00e9thodes afin d&rsquo;harmoniser les pratiques.<\/p>\n\n\n\n<div class=\"is-layout-flex wp-container-10 wp-block-columns bord-bloc-reutilisable has-background\" style=\"background-color:#d9edf7\">\n<div class=\"is-layout-flow wp-block-column is-vertically-aligned-center\" style=\"font-size:15px;flex-basis:20%\">\n<p style=\"font-size:15px\"><strong>Date de publication<\/strong> <\/p>\n\n\n<div style=\"font-size:15px;\" class=\"wp-block-post-date\"><time datetime=\"2024-03-22T09:32:27+01:00\">22 mars 2024<\/time><\/div><\/div>\n\n\n\n<div class=\"is-layout-flow wp-block-column is-vertically-aligned-center\" style=\"font-size:15px;flex-basis:20%\">\n<p><strong>Mis \u00e0 jour le <\/strong><\/p>\n\n\n<div style=\"font-size:15px;\" class=\"wp-block-post-date\"><time datetime=\"2024-04-22T10:09:30+02:00\">22 avril 2024<\/time><\/div><\/div>\n\n\n\n<div class=\"is-layout-flow wp-block-column is-vertically-aligned-center\" style=\"font-size:15px;flex-basis:40%\">\n<p><\/p>\n\n\n\n<p><strong>Attention ! <\/strong>Certains \u00e9tablissements utilisent parfois de proc\u00e9dures compl\u00e9mentaires <\/p>\n<\/div>\n\n\n\n<div class=\"is-layout-flow wp-block-column is-vertically-aligned-center\" style=\"font-size:15px;flex-basis:25%\">\n<div class=\"is-horizontal is-content-justification-center is-layout-flex wp-container-8 wp-block-buttons alignfull has-custom-font-size\" style=\"font-size:16px\">\n<div class=\"wp-block-button has-custom-width wp-block-button__width-75 has-custom-font-size is-style-fill\" style=\"font-size:15px\"><a class=\"wp-block-button__link has-white-color has-text-color has-background wp-element-button\" href=\"mailto:scoop@u-bordeaux.fr\" style=\"border-radius:65px;background-color:#000000db\"><strong>Signaler une erreur<\/strong><\/a><\/div>\n<\/div>\n<\/div>\n<\/div>\n","protected":false},"excerpt":{"rendered":"<p>Attention ! Avant de se lancer dans l&rsquo;inscription d&rsquo;un lecteur, v\u00e9rifier que ce dernier n&rsquo;a pas un compte dans Alma en suivant cette proc\u00e9dure. Vous trouverez ci-dessous un tableau r\u00e9capitulatif des diff\u00e9rents cas d&rsquo;inscription de lecteur et les proc\u00e9dures \u00e0&#8230;<\/p>\n","protected":false},"author":46,"featured_media":4793,"parent":18469,"menu_order":0,"comment_status":"closed","ping_status":"closed","template":"","meta":[],"post_mailing_queue_ids":[],"_links":{"self":[{"href":"https:\/\/rebub.u-bordeaux.fr\/index.php\/wp-json\/wp\/v2\/pages\/18499"}],"collection":[{"href":"https:\/\/rebub.u-bordeaux.fr\/index.php\/wp-json\/wp\/v2\/pages"}],"about":[{"href":"https:\/\/rebub.u-bordeaux.fr\/index.php\/wp-json\/wp\/v2\/types\/page"}],"author":[{"embeddable":true,"href":"https:\/\/rebub.u-bordeaux.fr\/index.php\/wp-json\/wp\/v2\/users\/46"}],"replies":[{"embeddable":true,"href":"https:\/\/rebub.u-bordeaux.fr\/index.php\/wp-json\/wp\/v2\/comments?post=18499"}],"version-history":[{"count":3,"href":"https:\/\/rebub.u-bordeaux.fr\/index.php\/wp-json\/wp\/v2\/pages\/18499\/revisions"}],"predecessor-version":[{"id":20273,"href":"https:\/\/rebub.u-bordeaux.fr\/index.php\/wp-json\/wp\/v2\/pages\/18499\/revisions\/20273"}],"up":[{"embeddable":true,"href":"https:\/\/rebub.u-bordeaux.fr\/index.php\/wp-json\/wp\/v2\/pages\/18469"}],"wp:featuredmedia":[{"embeddable":true,"href":"https:\/\/rebub.u-bordeaux.fr\/index.php\/wp-json\/wp\/v2\/media\/4793"}],"wp:attachment":[{"href":"https:\/\/rebub.u-bordeaux.fr\/index.php\/wp-json\/wp\/v2\/media?parent=18499"}],"curies":[{"name":"wp","href":"https:\/\/api.w.org\/{rel}","templated":true}]}}