	{"id":18636,"date":"2024-03-22T09:34:13","date_gmt":"2024-03-22T08:34:13","guid":{"rendered":"https:\/\/rebub.u-bordeaux.fr\/?page_id=18636"},"modified":"2024-04-26T13:48:03","modified_gmt":"2024-04-26T11:48:03","slug":"synthese-des-informations-sur-la-gestion-de-la-docelec","status":"publish","type":"page","link":"https:\/\/rebub.u-bordeaux.fr\/index.php\/alma\/procedures\/documentation-electronique\/gestion-controles\/synthese-des-informations-sur-la-gestion-de-la-docelec\/","title":{"rendered":"Synth\u00e8se des informations sur la gestion de la docelec"},"content":{"rendered":"<div id='wpig-floatingbar' class='wpig-floatingbar'><div id='wpig-switch-wrapper' class='wpig-switch-wrapper'><span id='wpig-floating-switch' class='wpig-floating-switch'><img src='https:\/\/rebub.u-bordeaux.fr\/wp-content\/plugins\/sticky-toc-advance-table-of-contents\/\\assets\\menu.png'><\/span><\/div><\/div><p><\/p>\n<p>Pour essayer de consolider les informations d\u00e9j\u00e0 accumul\u00e9e ainsi que les questions relatives \u00e0 la gestion de la docelec, une tentative de description du circuit-type est propos\u00e9 ci-dessous.<\/p>\n\n\n<div class=\"wp-block-image\">\n<figure class=\"aligncenter\"><a href=\"http:\/\/rebub.u-bordeaux.fr\/wp-content\/uploads\/2021\/06\/20181122_gestiondocelec_sberthier.png\" target=\"_blank\" rel=\"noopener noreferrer\"><img decoding=\"async\" loading=\"lazy\" width=\"2936\" height=\"879\" src=\"http:\/\/rebub.u-bordeaux.fr\/wp-content\/uploads\/2021\/06\/20181122_gestiondocelec_sberthier.png\" alt=\"\" class=\"wp-image-12293\" srcset=\"https:\/\/rebub.u-bordeaux.fr\/wp-content\/uploads\/2021\/06\/20181122_gestiondocelec_sberthier.png 2936w, https:\/\/rebub.u-bordeaux.fr\/wp-content\/uploads\/2021\/06\/20181122_gestiondocelec_sberthier-300x90.png 300w, https:\/\/rebub.u-bordeaux.fr\/wp-content\/uploads\/2021\/06\/20181122_gestiondocelec_sberthier-1024x307.png 1024w, https:\/\/rebub.u-bordeaux.fr\/wp-content\/uploads\/2021\/06\/20181122_gestiondocelec_sberthier-768x230.png 768w, https:\/\/rebub.u-bordeaux.fr\/wp-content\/uploads\/2021\/06\/20181122_gestiondocelec_sberthier-1536x460.png 1536w, https:\/\/rebub.u-bordeaux.fr\/wp-content\/uploads\/2021\/06\/20181122_gestiondocelec_sberthier-2048x613.png 2048w\" sizes=\"(max-width: 2936px) 100vw, 2936px\" \/><\/a><\/figure><\/div>\n\n\n<p>Chaque case bleu correspond \u00e0 une page dans ce wiki<\/p>\n\n\n\n<ul>\n<li><a href=\"http:\/\/rebub.u-bordeaux.fr\/index.php\/alma\/procedures\/documentation-electronique\/controles\/verifier-une-collection-dans-alma\/\" data-type=\"URL\" data-id=\"http:\/\/rebub.u-bordeaux.fr\/index.php\/alma\/procedures\/documentation-electronique\/controles\/verifier-une-collection-dans-alma\/\" target=\"_blank\" rel=\"noreferrer noopener\">V\u00e9rifier une collection dans Alma<\/a><\/li>\n\n\n\n<li>Contr\u00f4ler une collection de la KB<\/li>\n\n\n\n<li><a href=\"http:\/\/rebub.u-bordeaux.fr\/index.php\/alma\/procedures\/documentation-electronique\/portfolios-collections\/creer-une-collection-electronique-locale\/\" data-type=\"URL\" data-id=\"http:\/\/rebub.u-bordeaux.fr\/index.php\/alma\/procedures\/documentation-electronique\/portfolios-collections\/creer-une-collection-electronique-locale\/\" target=\"_blank\" rel=\"noreferrer noopener\">Cr\u00e9er une collection \u00e9lectronique locale<\/a><\/li>\n\n\n\n<li><a href=\"http:\/\/rebub.u-bordeaux.fr\/index.php\/alma\/procedures\/documentation-electronique\/controles\/gestion-des-demandes-dajout-modification-aupres-dex-libris\/\" data-type=\"URL\" data-id=\"http:\/\/rebub.u-bordeaux.fr\/index.php\/alma\/procedures\/documentation-electronique\/controles\/gestion-des-demandes-dajout-modification-aupres-dex-libris\/\" target=\"_blank\" rel=\"noreferrer noopener\">Gestion des demandes d\u2019ajout\/modification aupr\u00e8s d\u2019Ex Librisbris<\/a><\/li>\n\n\n\n<li><a href=\"http:\/\/rebub.u-bordeaux.fr\/index.php\/alma\/procedures\/documentation-electronique\/portfolios-collections\/activation-dune-collection-electronique\/\" data-type=\"URL\" data-id=\"http:\/\/rebub.u-bordeaux.fr\/index.php\/alma\/procedures\/documentation-electronique\/portfolios-collections\/activation-dune-collection-electronique\/\" target=\"_blank\" rel=\"noreferrer noopener\">Activation d\u2019une collection \u00e9lectronique<\/a><\/li>\n\n\n\n<li><a href=\"http:\/\/rebub.u-bordeaux.fr\/index.php\/alma\/procedures\/documentation-electronique\/gestion-controles\/publier-une-notice-de-collection\/\" data-type=\"URL\" data-id=\"http:\/\/rebub.u-bordeaux.fr\/index.php\/alma\/procedures\/documentation-electronique\/gestion-controles\/publier-une-notice-de-collection\/\" target=\"_blank\" rel=\"noreferrer noopener\">Publier une notice de collection<\/a><\/li>\n\n\n\n<li><a href=\"http:\/\/rebub.u-bordeaux.fr\/index.php\/alma\/procedures\/documentation-electronique\/gestion-controles\/proxyfier-une-collection\/\" data-type=\"URL\" data-id=\"http:\/\/rebub.u-bordeaux.fr\/index.php\/alma\/procedures\/documentation-electronique\/gestion-controles\/proxyfier-une-collection\/\" target=\"_blank\" rel=\"noreferrer noopener\">Proxyfier une collection<\/a><\/li>\n\n\n\n<li>Corriger des informations bibliographiques<\/li>\n\n\n\n<li><a href=\"http:\/\/rebub.u-bordeaux.fr\/index.php\/alma\/procedures\/documentation-electronique\/gestion-controles\/lien-avec-pci\/\" data-type=\"URL\" data-id=\"http:\/\/rebub.u-bordeaux.fr\/index.php\/alma\/procedures\/documentation-electronique\/gestion-controles\/lien-avec-pci\/\">Faire le lien avec les infos PCI<\/a><\/li>\n\n\n\n<li><a href=\"http:\/\/rebub.u-bordeaux.fr\/index.php\/alma\/procedures\/documentation-electronique\/acquisition-a-deplacer-vers-acquisiton\/les-donnees-de-couts-dans-alma\/\" data-type=\"URL\" data-id=\"http:\/\/rebub.u-bordeaux.fr\/index.php\/alma\/procedures\/documentation-electronique\/acquisition-a-deplacer-vers-acquisiton\/les-donnees-de-couts-dans-alma\/\" target=\"_blank\" rel=\"noreferrer noopener\">Les donn\u00e9es de co\u00fbts dans Alma<\/a><\/li>\n\n\n\n<li>Rentrer des donn\u00e9es historiques de co\u00fbt<\/li>\n\n\n\n<li><a href=\"http:\/\/rebub.u-bordeaux.fr\/index.php\/alma\/procedures\/acquisitions\/budgets\/creer-un-fournisseur\/\" data-type=\"URL\" data-id=\"http:\/\/rebub.u-bordeaux.fr\/index.php\/alma\/procedures\/acquisitions\/budgets\/creer-un-fournisseur\/\" target=\"_blank\" rel=\"noreferrer noopener\">Cr\u00e9er un fournisseur<\/a><\/li>\n\n\n\n<li><a href=\"http:\/\/rebub.u-bordeaux.fr\/index.php\/alma\/procedures\/acquisitions\/budgets\/creer-une-arborescence-budgetaire-dans-alma\/\" data-type=\"URL\" data-id=\"http:\/\/rebub.u-bordeaux.fr\/index.php\/alma\/procedures\/acquisitions\/budgets\/creer-une-arborescence-budgetaire-dans-alma\/\" target=\"_blank\" rel=\"noreferrer noopener\">Cr\u00e9er une arborescence budg\u00e9taire<\/a><\/li>\n\n\n\n<li><a href=\"http:\/\/rebub.u-bordeaux.fr\/index.php\/alma\/procedures\/acquisitions\/commandes\/creer-une-notice-provisoire-dacquisition\/\" data-type=\"URL\" data-id=\"http:\/\/rebub.u-bordeaux.fr\/index.php\/alma\/procedures\/acquisitions\/commandes\/creer-une-notice-provisoire-dacquisition\/\">Cr\u00e9er des lignes de commandes manuelles<\/a><\/li>\n\n\n\n<li><a href=\"http:\/\/rebub.u-bordeaux.fr\/index.php\/alma\/procedures\/acquisitions\/facturation\/facturer-une-commande\/\">Facturer une commande<\/a><\/li>\n\n\n\n<li>Renouveler une collection<\/li>\n\n\n\n<li>Terminer un abonnement<\/li>\n\n\n\n<li>Rentrer des donn\u00e9es de gestion<\/li>\n\n\n\n<li>Collecter des stats avec SUSHI<\/li>\n\n\n\n<li>Rentrer des donn\u00e9es counter<\/li>\n\n\n\n<li>Que faire des donn\u00e9es non counter<\/li>\n\n\n\n<li>Rapports disponibles<\/li>\n\n\n\n<li>Imports SUDOC (traitement automatique)<\/li>\n<\/ul>\n\n\n\n<p>Pour faciliter la navigation dans les questions en suspens et les liens avec l&rsquo;ERMS, vous trouverez \u00e9galement dans le tableau ci-dessous un certain nombre d&rsquo;entr\u00e9e renvoyant \u00e0 des sections dans les pages ci-dessus.<\/p>\n\n\n\n<h2 id=\"stoc-question\" class=\"wpig-heading\">Question<\/h2>\n\n\n\n<p>Comment savoir si une collection\/un titre a \u00e9t\u00e9 activ\u00e9e ailleurs dans le r\u00e9seau ?<\/p>\n\n\n\n<p><a href=\"http:\/\/rebub.u-bordeaux.fr\/index.php\/alma\/procedures\/documentation-electronique\/controles\/verifier-une-collection-dans-alma\/\" data-type=\"URL\" data-id=\"http:\/\/rebub.u-bordeaux.fr\/index.php\/alma\/procedures\/documentation-electronique\/controles\/verifier-une-collection-dans-alma\/\" target=\"_blank\" rel=\"noreferrer noopener\">V\u00e9rifier une<\/a><a rel=\"noreferrer noopener\" href=\"http:\/\/rebub.u-bordeaux.fr\/?page_id=10925#etablissement\" target=\"_blank\"> collection<\/a><\/p>\n\n\n\n<p>Doit-on n\u00e9cessairement choisir la m\u00eame collection que les coll\u00e8gues du r\u00e9seau ?<\/p>\n\n\n\n<p><a href=\"http:\/\/rebub.u-bordeaux.fr\/index.php\/alma\/procedures\/documentation-electronique\/controles\/verifier-une-collection-dans-alma\/\" target=\"_blank\" rel=\"noreferrer noopener\">V\u00e9rifier une collection<\/a><\/p>\n\n\n\n<p>Comment s&rsquo;organise-t-on pour les demandes de modif \u00e0 Ex Libris ?<\/p>\n\n\n\n<p><a href=\"https:\/\/rebub.u-bordeaux.fr\/index.php\/alma\/procedures\/documentation-electronique\/controles\/gestion-des-demandes-dajout-modification-aupres-dex-libris\/\" data-type=\"page\" data-id=\"18659\" target=\"_blank\" rel=\"noreferrer noopener\">Gestion des demandes d\u2019ajout\/modification aupr\u00e8s d\u2019Ex<\/a><\/p>\n\n\n\n<p>Comment identifier les titres que j&rsquo;ai d\u00e9sabonn\u00e9 ?<\/p>\n\n\n\n<p>Comment supprimer proprement une collection ou un titre compl\u00e8tement (anomalie) ?<\/p>\n\n\n\n<p>Quel est l&rsquo;ordre d&rsquo;affichage des services dans Primo ? Comment l&rsquo;influencer ?<\/p>\n\n\n\n<p>Est-ce qu&rsquo;on peut faire appara\u00eetre la biblioth\u00e8que \u00e9lectronique dans les facettes Babord+ ?<\/p>\n\n\n\n<p>Comment virer le lien &lsquo;Acc\u00e8s direct&rsquo; de la page des r\u00e9sultats Babord+ ?<\/p>\n\n\n\n<p>Je veux supprimer de la publication une notice de collection ?<\/p>\n\n\n\n<p>Qu&rsquo;arrive-t-il aux notices de docelec du SUDOC ?<\/p>\n\n\n\n<p>G\u00e9rer la TVA<\/p>\n\n\n\n<p>Quelle diff\u00e9rence entre les &lsquo;informations de contact&rsquo; et les &lsquo;contact&rsquo; dans un fournisseur ?<\/p>\n\n\n\n<p>Quelle gestion des fournisseurs pour les groupements de commande ?<\/p>\n\n\n\n<p>Faut-il un param\u00e9trage SUSHI par rapport fourni par l&rsquo;\u00e9diteur ?<\/p>\n\n\n\n<p>Faut-il un param\u00e9trage SUSHI par rapport fourni par l&rsquo;\u00e9diteur ?<\/p>\n\n\n\n<p>Comment sont associ\u00e9 les donn\u00e9es d&rsquo;usage et les donn\u00e9es de co\u00fbt ?<\/p>\n\n\n\n<p>Est-ce que le workflow d&rsquo;activation est indispensable ?<\/p>\n\n\n\n<p>Peut-on retirer la limite de prix ?<\/p>\n\n\n\n<p>Quelle codification pour mon arborescence budg\u00e9taire ?<\/p>\n\n\n\n<p>Est-ce que je peux faire une commande en 2018 pour 2019 ?<\/p>\n\n\n\n<p>Est-ce que je peux faire une commande en 2019 pour 2018 ?<\/p>\n\n\n\n<figure class=\"wp-block-table\"><table><tbody><tr><td>Statut ERMS : in review<\/td><\/tr><tr><td>Statut ERMS : en test<\/td><\/tr><tr><td>Statut ERMS : ressource consortiale<\/td><\/tr><tr><td>Statut ERMS : souscription refus\u00e9e<\/td><\/tr><tr><td>Statut ERMS : licence en cours de n\u00e9gociation<\/td><\/tr><tr><td>Statut ERMS : archiv\u00e9<\/td><\/tr><tr><td>Statut ERMS : annul\u00e9<\/td><\/tr><tr><td>Statut ERMS : achat p\u00e9renne<\/td><\/tr><tr><td>Statut ERMS : abonnement arr\u00eat\u00e9 &#8211; acc\u00e8s supprim\u00e9<\/td><\/tr><tr><td>Statut ERMS : abonnement arr\u00eat\u00e9 &#8211; acc\u00e8s ann\u00e9es souscrites<\/td><\/tr><tr><td>Statut ERMS : souscrit pour affichage<\/td><\/tr><tr><td>Statut ERMS : ressource test\u00e9e non souscrite<\/td><\/tr><tr><td>Statut ERMS : not tracked<\/td><\/tr><tr><td>Remarque ERMS : Abonnement en direct \u00e9diteur<\/td><\/tr><tr><td>Remarque ERMS : Abonnement e-only XXXX<\/td><\/tr><tr><td>Remarque ERMS : Abonnement print+online XXXX<\/td><\/tr><tr><td>Remarque ERMS : Acc\u00e8s XXXX v\u00e9rifi\u00e9 &#8211; abonnement arr\u00eat\u00e9 acc\u00e8s ann\u00e9es souscrites (ST)<\/td><\/tr><tr><td>Remarque ERMS : Acc\u00e8s XXXX v\u00e9rifi\u00e9 &#8211; abonnement en cours (ST)<\/td><\/tr><tr><td>Remarque ERMS : Acc\u00e8s r\u00e9serv\u00e9 au Coll\u00e8ge et au D\u00e9partement Sciences et technologies<\/td><\/tr><tr><td>Remarque ERMS : Acc\u00e8s roulant titre \u00e0 v\u00e9rifier chaque ann\u00e9e<\/td><\/tr><tr><td>Remarque ERMS : Acc\u00e8s sur le campus uniquement<\/td><\/tr><tr><td>Remarque ERMS : Acc\u00e8s toujours ouvert apr\u00e8s d\u00e9sabonnement (\u00e0 surveiller)<\/td><\/tr><tr><td>Remarque ERMS : Adis &#8211; Acc\u00e8s crois\u00e9s &#8211; Titres souscrits<\/td><\/tr><tr><td>Remarque ERMS : Adis &#8211; Acc\u00e8s crois\u00e9s Couperin XXXX<\/td><\/tr><tr><td>Remarque ERMS : Adresse doc-ressourcesNum@u-bordeaux.fr ajout\u00e9e en affichage public<\/td><\/tr><tr><td>Remarque ERMS : Arr\u00eat de l&rsquo;abonnement au 31\/12\/XXXX<\/td><\/tr><tr><td>Remarque ERMS : Bouquet LIBBEY p\u00e9rim\u00e8tre 2016<\/td><\/tr><tr><td>Remarque ERMS : Bouquet OpenEdition Books Education 09\/2016<\/td><\/tr><tr><td>Remarque ERMS : Bouquet OpenEdition Books EHESS 09\/2016<\/td><\/tr><tr><td>Remarque ERMS : Bouquet OpenEdition Books PUR 09\/2016<\/td><\/tr><tr><td>Remarque ERMS : Bouquet OUP p\u00e9rim\u00e8tre 2012<\/td><\/tr><tr><td>Remarque ERMS : CollEx Sant\u00e9 Elsevier Masson 2016<\/td><\/tr><tr><td>Remarque ERMS : CollEx Sant\u00e9 Wiley 2016<\/td><\/tr><tr><td>Remarque ERMS : Dawsonera commandes Bx 1 et Bx 2 prises sur le budget 2013 doc. \u00e9lec. du SCD Bx Segalen<\/td><\/tr><tr><td>Remarque ERMS : Dawsonera commandes prises sur le budget 2015 des biblioth\u00e8ques de recherche en droit et \u00e9conomie<\/td><\/tr><tr><td>Remarque ERMS : Echange\/suppression 2016 bouquet Wiley STM<\/td><\/tr><tr><td>Remarque ERMS : Echange\/suppression 2016 titre hors bouquet Wiley STM<\/td><\/tr><tr><td>Remarque ERMS : Echange\/suppression 2017 bouquet Springer &#8211; Couperin<\/td><\/tr><tr><td>Remarque ERMS : Echange\/suppression 2017 hors bouquet Springer &#8211; Couperin<\/td><\/tr><tr><td>Remarque ERMS : Engagement 2015-2016<\/td><\/tr><tr><td>Remarque ERMS : GC XXXX-YYYY<\/td><\/tr><tr><td>Remarque ERMS : identifiants admin \u00e0 r\u00e9cup\u00e9rer<\/td><\/tr><tr><td>Remarque ERMS : Licence nationale<\/td><\/tr><tr><td>Remarque ERMS : Linker non construit<\/td><\/tr><tr><td>Remarque ERMS : Logo UB ajout\u00e9 sur la plateforme<\/td><\/tr><tr><td>Remarque ERMS : Nouveau titre XXXX<\/td><\/tr><tr><td>Remarque ERMS : Nouvelles adresses IP BUST non d\u00e9clar\u00e9es (147.210.50-51.*)<\/td><\/tr><tr><td>Remarque ERMS : Pr\u00e9sent sur BiblioSHS<\/td><\/tr><tr><td>Remarque ERMS : Probl\u00e8me d&rsquo;acc\u00e8s ZZZZ<\/td><\/tr><tr><td>Remarque ERMS : R\u00e9ception d&rsquo;une facture annuelle pour le paiement du droit d&rsquo;acc\u00e8s \u00e0 la plateforme<\/td><\/tr><tr><td>Remarque ERMS : R\u00e9solveur de liens install\u00e9<\/td><\/tr><tr><td>Remarque ERMS : Ressource fonctionnant avec identifiant\/mot de passe<\/td><\/tr><tr><td>Remarque ERMS : Ressource gratuite<\/td><\/tr><tr><td>Remarque ERMS : Ressource non proxyfi\u00e9e<\/td><\/tr><tr><td>Remarque ERMS : Ressources accessibles aux IFSI en XXXX<\/td><\/tr><tr><td>Remarque ERMS : Ressources ex-UB1\/ST<\/td><\/tr><tr><td>Remarque ERMS : Ressources ex-UB2\/SVS-SHS<\/td><\/tr><tr><td>Remarque ERMS : Ressources ex-UB4\/DSPEG<\/td><\/tr><tr><td>Remarque ERMS : Statistiques \u00e0 demander \u00e0 l&rsquo;\u00e9diteur<\/td><\/tr><tr><td>Remarque ERMS : Statistiques \u00e0 recueillir sur la plate-forme \u00e9diteur<\/td><\/tr><tr><td>Remarque ERMS : Statistiques inexploitables<\/td><\/tr><tr><td>Remarque ERMS : Statistiques non fournies<\/td><\/tr><tr><td>Remarque ERMS : Statistiques non r\u00e9cup\u00e9r\u00e9s, contact \u00e9diteur \u00e0 faire<\/td><\/tr><tr><td>Remarque ERMS : Statistiques obtenues par la DRS form<\/td><\/tr><tr><td>Remarque ERMS : Statut \u00e0 modifier d\u00e8s que l&rsquo;existence d&rsquo;un acc\u00e8s p\u00e9renne aura \u00e9t\u00e9 d\u00e9termin\u00e9. Etat de collection \u00e0 pr\u00e9ciser<\/td><\/tr><tr><td>Remarque ERMS : Titre \u00e0 titre bib ZZZZ<\/td><\/tr><tr><td>Remarque ERMS : Titre open access<\/td><\/tr><tr><td>Remarque ERMS : Titre opt-in<\/td><\/tr><tr><td>Remarque ERMS : Titre provisoirement gratuit<\/td><\/tr><tr><td>Remarque ERMS : Titres gag\u00e9s &#8211; YYYY<\/td><\/tr><tr><td>Remarque ERMS : Titres gag\u00e9s bib XXX<\/td><\/tr><tr><td>Remarque ERMS : TOJ Springer<\/td><\/tr><tr><td>Remarque ERMS : Abo PO actif plus d&rsquo;acc\u00e8s<\/td><\/tr><tr><td>Remarque ERMS : Abo PO actif tjrs acc\u00e8s<\/td><\/tr><tr><td>Remarque ERMS : Abo PO annul\u00e9\/expir\u00e9 plus d&rsquo;acc\u00e8s<\/td><\/tr><tr><td>Remarque ERMS : Abo PO annul\u00e9\/expir\u00e9 tjrs acc\u00e8s<\/td><\/tr><tr><td>Remarque ERMS : Anciennes ressources mutualis\u00e9es<\/td><\/tr><tr><td>Remarque ERMS : Dawson XXXX<\/td><\/tr><tr><td>Remarque ERMS : E-books isol\u00e9s gratuits &#8211; lien \u00e0 v\u00e9rifier<\/td><\/tr><tr><td>Remarque ERMS : Effectifs 2014 : 12777<\/td><\/tr><tr><td>Remarque ERMS : Frais de plateforme<\/td><\/tr><tr><td>Remarque ERMS : OpenEditions books XXXX<\/td><\/tr><tr><td>Remarque ERMS : PO \u00e0 v\u00e9rifier tous les ans<\/td><\/tr><tr><td>Remarque ERMS : Refacturation PRES<\/td><\/tr><tr><td>Remarque ERMS : Ressources ayant rencontr\u00e9 des probl\u00e8mes d&rsquo;acc\u00e8s<\/td><\/tr><tr><td>Remarque ERMS : Revues UBM<\/td><\/tr><tr><td>Remarque ERMS : Taylor&amp;Francis PO<\/td><\/tr><tr><td>Remarque ERMS : Test XXXX<\/td><\/tr><tr><td>Remarque ERMS : Titre en abo print avec acces aux PDF<\/td><\/tr><tr><td>Remarque ERMS : Titres perennes apres 5 ans d&rsquo;abonnements CAIRN<\/td><\/tr><tr><td>Remarque ERMS : University of California Press<\/td><\/tr><\/tbody><\/table><\/figure>\n\n\n\n<div class=\"is-layout-flex wp-container-6 wp-block-columns bord-bloc-reutilisable has-background\" style=\"background-color:#d9edf7\">\n<div class=\"is-layout-flow wp-block-column is-vertically-aligned-center\" style=\"font-size:15px;flex-basis:20%\">\n<p style=\"font-size:15px\"><strong>Date de publication<\/strong> <\/p>\n\n\n<div style=\"font-size:15px;\" class=\"wp-block-post-date\"><time datetime=\"2024-03-22T09:34:13+01:00\">22 mars 2024<\/time><\/div><\/div>\n\n\n\n<div class=\"is-layout-flow wp-block-column is-vertically-aligned-center\" style=\"font-size:15px;flex-basis:20%\">\n<p><strong>Mis \u00e0 jour le <\/strong><\/p>\n\n\n<div style=\"font-size:15px;\" class=\"wp-block-post-date\"><time datetime=\"2024-04-26T13:48:03+02:00\">26 avril 2024<\/time><\/div><\/div>\n\n\n\n<div class=\"is-layout-flow wp-block-column is-vertically-aligned-center\" style=\"font-size:15px;flex-basis:40%\">\n<p><\/p>\n\n\n\n<p><strong>Attention ! <\/strong>Certains \u00e9tablissements utilisent parfois de proc\u00e9dures compl\u00e9mentaires <\/p>\n<\/div>\n\n\n\n<div class=\"is-layout-flow wp-block-column is-vertically-aligned-center\" style=\"font-size:15px;flex-basis:25%\">\n<div class=\"is-horizontal is-content-justification-center is-layout-flex wp-container-4 wp-block-buttons alignfull has-custom-font-size\" style=\"font-size:16px\">\n<div class=\"wp-block-button has-custom-width wp-block-button__width-75 has-custom-font-size is-style-fill\" style=\"font-size:15px\"><a class=\"wp-block-button__link has-white-color has-text-color has-background wp-element-button\" href=\"mailto:scoop@u-bordeaux.fr\" style=\"border-radius:65px;background-color:#000000db\"><strong>Signaler une erreur<\/strong><\/a><\/div>\n<\/div>\n<\/div>\n<\/div>\n","protected":false},"excerpt":{"rendered":"<p>Pour essayer de consolider les informations d\u00e9j\u00e0 accumul\u00e9e ainsi que les questions relatives \u00e0 la gestion de la docelec, une tentative de description du circuit-type est propos\u00e9 ci-dessous. Chaque case bleu correspond \u00e0 une page dans ce wiki Pour faciliter&#8230;<\/p>\n","protected":false},"author":46,"featured_media":0,"parent":18613,"menu_order":0,"comment_status":"closed","ping_status":"closed","template":"","meta":[],"post_mailing_queue_ids":[],"_links":{"self":[{"href":"https:\/\/rebub.u-bordeaux.fr\/index.php\/wp-json\/wp\/v2\/pages\/18636"}],"collection":[{"href":"https:\/\/rebub.u-bordeaux.fr\/index.php\/wp-json\/wp\/v2\/pages"}],"about":[{"href":"https:\/\/rebub.u-bordeaux.fr\/index.php\/wp-json\/wp\/v2\/types\/page"}],"author":[{"embeddable":true,"href":"https:\/\/rebub.u-bordeaux.fr\/index.php\/wp-json\/wp\/v2\/users\/46"}],"replies":[{"embeddable":true,"href":"https:\/\/rebub.u-bordeaux.fr\/index.php\/wp-json\/wp\/v2\/comments?post=18636"}],"version-history":[{"count":7,"href":"https:\/\/rebub.u-bordeaux.fr\/index.php\/wp-json\/wp\/v2\/pages\/18636\/revisions"}],"predecessor-version":[{"id":20549,"href":"https:\/\/rebub.u-bordeaux.fr\/index.php\/wp-json\/wp\/v2\/pages\/18636\/revisions\/20549"}],"up":[{"embeddable":true,"href":"https:\/\/rebub.u-bordeaux.fr\/index.php\/wp-json\/wp\/v2\/pages\/18613"}],"wp:attachment":[{"href":"https:\/\/rebub.u-bordeaux.fr\/index.php\/wp-json\/wp\/v2\/media?parent=18636"}],"curies":[{"name":"wp","href":"https:\/\/api.w.org\/{rel}","templated":true}]}}