	{"id":18638,"date":"2024-03-22T09:34:29","date_gmt":"2024-03-22T08:34:29","guid":{"rendered":"https:\/\/rebub.u-bordeaux.fr\/?page_id=18638"},"modified":"2024-04-26T14:52:44","modified_gmt":"2024-04-26T12:52:44","slug":"fonction-envoyer-a-exlibris-ouvrir-un-ticket-pour-le-support-exlibris-directement-depuis-la-ressource","status":"publish","type":"page","link":"https:\/\/rebub.u-bordeaux.fr\/index.php\/alma\/procedures\/documentation-electronique\/controles\/fonction-envoyer-a-exlibris-ouvrir-un-ticket-pour-le-support-exlibris-directement-depuis-la-ressource\/","title":{"rendered":"Fonction \u201cEnvoyer \u00e0 Exlibris\u201d : Ouvrir un ticket pour le support Exlibris directement depuis la ressource"},"content":{"rendered":"<div id='wpig-floatingbar' class='wpig-floatingbar'><div id='wpig-switch-wrapper' class='wpig-switch-wrapper'><span id='wpig-floating-switch' class='wpig-floating-switch'><img src='https:\/\/rebub.u-bordeaux.fr\/wp-content\/plugins\/sticky-toc-advance-table-of-contents\/\\assets\\menu.png'><\/span><\/div><div id='wpig-contents' class='wpig-contents  wpig-sidebar-widget wpig-style-3'><span class='wpig-headline'>Table des mati\u00e8res<span><a data-action='show' class='wpig-btn-toggledisplay'>[ Show ]<\/a><\/span><\/span><!-- Table of Contents --><div id='wpig-table-of-content' class='wpig-table-of-content'><ol><li class='stoc-presentation-de-la-fonction'><a href='#stoc-presentation-de-la-fonction'>Pr\u00e9sentation de la fonction<\/a><\/li><li class='stoc-configuration'><a href='#stoc-configuration'>Configuration<\/a><ol><li class='https:\/\/knowledge.exlibrisgroup.com\/Alma\/Product_Documentation\/010Alma_Online_Help_(English)\/050Administration\/050Configuring_General_Alma_Functions\/100Configuring_CRM_Contacts'><a href='#https:\/\/knowledge.exlibrisgroup.com\/Alma\/Product_Documentation\/010Alma_Online_Help_(English)\/050Administration\/050Configuring_General_Alma_Functions\/100Configuring_CRM_Contacts'>Ajout d&rsquo;un biblioth\u00e9caire dans la liste des contacts<\/a><\/li><li class='https:\/\/knowledge.exlibrisgroup.com\/Cross-Product\/Support\/030_Salesforce\/Support_Portal_User_Guide#What_is_the_Invite_tab.3F'><a href='#https:\/\/knowledge.exlibrisgroup.com\/Cross-Product\/Support\/030_Salesforce\/Support_Portal_User_Guide#What_is_the_Invite_tab.3F'>Inscrire un biblioth\u00e9caire sur SalesForce<\/a><\/li><\/ol><\/li><\/div><!-- END OF Table of Contents --><\/div><\/div><p><div id='wpig-contents' class='wpig-contents  wpig-sidebar-widget wpig-style-1'><span class='wpig-headline'>Table des mati\u00e8res<span><a data-action='show' class='wpig-btn-toggledisplay'>[ Show ]<\/a><\/span><\/span><!-- Table of Contents --><div id='wpig-table-of-content' class='wpig-table-of-content' ><ol><li class='stoc-presentation-de-la-fonction'><a href='#stoc-presentation-de-la-fonction'>Pr\u00e9sentation de la fonction<\/a><\/li><li class='stoc-configuration'><a href='#stoc-configuration'>Configuration<\/a><ol><li class='https:\/\/knowledge.exlibrisgroup.com\/Alma\/Product_Documentation\/010Alma_Online_Help_(English)\/050Administration\/050Configuring_General_Alma_Functions\/100Configuring_CRM_Contacts'><a href='#https:\/\/knowledge.exlibrisgroup.com\/Alma\/Product_Documentation\/010Alma_Online_Help_(English)\/050Administration\/050Configuring_General_Alma_Functions\/100Configuring_CRM_Contacts'>Ajout d&rsquo;un biblioth\u00e9caire dans la liste des contacts<\/a><\/li><li class='https:\/\/knowledge.exlibrisgroup.com\/Cross-Product\/Support\/030_Salesforce\/Support_Portal_User_Guide#What_is_the_Invite_tab.3F'><a href='#https:\/\/knowledge.exlibrisgroup.com\/Cross-Product\/Support\/030_Salesforce\/Support_Portal_User_Guide#What_is_the_Invite_tab.3F'>Inscrire un biblioth\u00e9caire sur SalesForce<\/a><\/li><\/ol><\/li><\/div><!-- END OF Table of Contents --><\/div><\/p>\n<h2 id=\"stoc-presentation-de-la-fonction\" class=\"wpig-heading\">Pr\u00e9sentation de la fonction<\/h2>\n\n\n\n<p> La fonction \u00ab\u00a0Envoyer \u00e0 Exlibris\u00a0\u00bb disponible depuis les r\u00e9sultats d&rsquo;une  recherche de <strong>collections<\/strong> \u00e9lectroniques ou de <strong>portfolios<\/strong> permet d&rsquo;ouvrir un  ticket contenant toutes les informations de la ressource qui pose un  probl\u00e8me. <\/p>\n\n\n\n<figure class=\"wp-block-image size-large\"><img decoding=\"async\" loading=\"lazy\" width=\"1024\" height=\"569\" src=\"http:\/\/rebub.u-bordeaux.fr\/wp-content\/uploads\/2021\/09\/Collections-\u00e9lectroniques-1024x569.png\" alt=\"\" class=\"wp-image-12567\" srcset=\"https:\/\/rebub.u-bordeaux.fr\/wp-content\/uploads\/2021\/09\/Collections-\u00e9lectroniques-1024x569.png 1024w, https:\/\/rebub.u-bordeaux.fr\/wp-content\/uploads\/2021\/09\/Collections-\u00e9lectroniques-300x167.png 300w, https:\/\/rebub.u-bordeaux.fr\/wp-content\/uploads\/2021\/09\/Collections-\u00e9lectroniques-768x427.png 768w, https:\/\/rebub.u-bordeaux.fr\/wp-content\/uploads\/2021\/09\/Collections-\u00e9lectroniques-1536x854.png 1536w, https:\/\/rebub.u-bordeaux.fr\/wp-content\/uploads\/2021\/09\/Collections-\u00e9lectroniques.png 1905w\" sizes=\"(max-width: 1024px) 100vw, 1024px\" \/><\/figure>\n\n\n\n<h2 id=\"stoc-configuration\" class=\"wpig-heading\">Configuration<\/h2>\n\n\n\n<h3 class=\"wpig-heading\"><a href=\"https:\/\/knowledge.exlibrisgroup.com\/Alma\/Product_Documentation\/010Alma_Online_Help_(English)\/050Administration\/050Configuring_General_Alma_Functions\/100Configuring_CRM_Contacts\" data-type=\"URL\" data-id=\"https:\/\/knowledge.exlibrisgroup.com\/Alma\/Product_Documentation\/010Alma_Online_Help_(English)\/050Administration\/050Configuring_General_Alma_Functions\/100Configuring_CRM_Contacts\">Ajout d&rsquo;un biblioth\u00e9caire dans la liste des contacts<\/a><\/h3>\n\n\n\n<h3 class=\"wpig-heading\"><a href=\"https:\/\/knowledge.exlibrisgroup.com\/Cross-Product\/Support\/030_Salesforce\/Support_Portal_User_Guide#What_is_the_Invite_tab.3F\" data-type=\"URL\" data-id=\"https:\/\/knowledge.exlibrisgroup.com\/Cross-Product\/Support\/030_Salesforce\/Support_Portal_User_Guide#What_is_the_Invite_tab.3F\">Inscrire un biblioth\u00e9caire sur SalesForce<\/a><\/h3>\n\n\n\n<div class=\"is-layout-flex wp-container-6 wp-block-columns bord-bloc-reutilisable has-background\" style=\"background-color:#d9edf7\">\n<div class=\"is-layout-flow wp-block-column is-vertically-aligned-center\" style=\"font-size:15px;flex-basis:20%\">\n<p style=\"font-size:15px\"><strong>Date de publication<\/strong> <\/p>\n\n\n<div style=\"font-size:15px;\" class=\"wp-block-post-date\"><time datetime=\"2024-03-22T09:34:29+01:00\">22 mars 2024<\/time><\/div><\/div>\n\n\n\n<div class=\"is-layout-flow wp-block-column is-vertically-aligned-center\" style=\"font-size:15px;flex-basis:20%\">\n<p><strong>Mis \u00e0 jour le <\/strong><\/p>\n\n\n<div style=\"font-size:15px;\" class=\"wp-block-post-date\"><time datetime=\"2024-04-26T14:52:44+02:00\">26 avril 2024<\/time><\/div><\/div>\n\n\n\n<div class=\"is-layout-flow wp-block-column is-vertically-aligned-center\" style=\"font-size:15px;flex-basis:40%\">\n<p><\/p>\n\n\n\n<p><strong>Attention ! <\/strong>Certains \u00e9tablissements utilisent parfois de proc\u00e9dures compl\u00e9mentaires <\/p>\n<\/div>\n\n\n\n<div class=\"is-layout-flow wp-block-column is-vertically-aligned-center\" style=\"font-size:15px;flex-basis:25%\">\n<div class=\"is-horizontal is-content-justification-center is-layout-flex wp-container-4 wp-block-buttons alignfull has-custom-font-size\" style=\"font-size:16px\">\n<div class=\"wp-block-button has-custom-width wp-block-button__width-75 has-custom-font-size is-style-fill\" style=\"font-size:15px\"><a class=\"wp-block-button__link has-white-color has-text-color has-background wp-element-button\" href=\"mailto:scoop@u-bordeaux.fr\" style=\"border-radius:65px;background-color:#000000db\"><strong>Signaler une erreur<\/strong><\/a><\/div>\n<\/div>\n<\/div>\n<\/div>\n","protected":false},"excerpt":{"rendered":"<p>Table des mati\u00e8res[ Show ]Pr\u00e9sentation de la fonctionConfigurationAjout d&rsquo;un biblioth\u00e9caire dans la liste des contactsInscrire un biblioth\u00e9caire sur SalesForcePr\u00e9sentation de la fonction La fonction \u00ab\u00a0Envoyer \u00e0 Exlibris\u00a0\u00bb disponible depuis les r\u00e9sultats d&rsquo;une recherche de collections \u00e9lectroniques ou de portfolios permet&#8230;<\/p>\n","protected":false},"author":2,"featured_media":0,"parent":18670,"menu_order":6,"comment_status":"closed","ping_status":"closed","template":"","meta":[],"post_mailing_queue_ids":[],"_links":{"self":[{"href":"https:\/\/rebub.u-bordeaux.fr\/index.php\/wp-json\/wp\/v2\/pages\/18638"}],"collection":[{"href":"https:\/\/rebub.u-bordeaux.fr\/index.php\/wp-json\/wp\/v2\/pages"}],"about":[{"href":"https:\/\/rebub.u-bordeaux.fr\/index.php\/wp-json\/wp\/v2\/types\/page"}],"author":[{"embeddable":true,"href":"https:\/\/rebub.u-bordeaux.fr\/index.php\/wp-json\/wp\/v2\/users\/2"}],"replies":[{"embeddable":true,"href":"https:\/\/rebub.u-bordeaux.fr\/index.php\/wp-json\/wp\/v2\/comments?post=18638"}],"version-history":[{"count":4,"href":"https:\/\/rebub.u-bordeaux.fr\/index.php\/wp-json\/wp\/v2\/pages\/18638\/revisions"}],"predecessor-version":[{"id":20581,"href":"https:\/\/rebub.u-bordeaux.fr\/index.php\/wp-json\/wp\/v2\/pages\/18638\/revisions\/20581"}],"up":[{"embeddable":true,"href":"https:\/\/rebub.u-bordeaux.fr\/index.php\/wp-json\/wp\/v2\/pages\/18670"}],"wp:attachment":[{"href":"https:\/\/rebub.u-bordeaux.fr\/index.php\/wp-json\/wp\/v2\/media?parent=18638"}],"curies":[{"name":"wp","href":"https:\/\/api.w.org\/{rel}","templated":true}]}}