	{"id":18654,"date":"2024-03-22T09:33:49","date_gmt":"2024-03-22T08:33:49","guid":{"rendered":"https:\/\/rebub.u-bordeaux.fr\/?page_id=18654"},"modified":"2024-04-26T09:15:29","modified_gmt":"2024-04-26T07:15:29","slug":"creer-un-portefolio-local","status":"publish","type":"page","link":"https:\/\/rebub.u-bordeaux.fr\/index.php\/alma\/procedures\/documentation-electronique\/portfolios-collections\/creer-un-portefolio-local\/","title":{"rendered":"Cr\u00e9er un portfolio local"},"content":{"rendered":"<div id='wpig-floatingbar' class='wpig-floatingbar'><div id='wpig-switch-wrapper' class='wpig-switch-wrapper'><span id='wpig-floating-switch' class='wpig-floating-switch'><img src='https:\/\/rebub.u-bordeaux.fr\/wp-content\/plugins\/sticky-toc-advance-table-of-contents\/\\assets\\menu.png'><\/span><\/div><div id='wpig-contents' class='wpig-contents  wpig-sidebar-widget wpig-style-3'><span class='wpig-headline'>Table des mati\u00e8res<span><a data-action='show' class='wpig-btn-toggledisplay'>[ Show ]<\/a><\/span><\/span><!-- Table of Contents --><div id='wpig-table-of-content' class='wpig-table-of-content'><ol><li class='creer_un_portefolio_isole'><a href='#creer_un_portefolio_isole'>Cr\u00e9er un portefolio isol\u00e9<\/a><\/li><li class='creer_un_portefolio_par_chargement_de_fichier'><a href='#creer_un_portefolio_par_chargement_de_fichier'>Cr\u00e9er un portefolio par chargement de fichier<\/a><\/li><li class='lier_un_portefolio_local_a_la_cz'><a href='#lier_un_portefolio_local_a_la_cz'>Lier un portefolio local \u00e0 la CZ<\/a><\/li><li class='envoyer_un_portefolio_vers_la_cz'><a href='#envoyer_un_portefolio_vers_la_cz'>Envoyer un portefolio vers la CZ<\/a><\/li><\/ol><\/div><!-- END OF Table of Contents --><\/div><\/div><p><div id='wpig-contents' class='wpig-contents  wpig-sidebar-widget wpig-style-1'><span class='wpig-headline'>Table des mati\u00e8res<span><a data-action='show' class='wpig-btn-toggledisplay'>[ Show ]<\/a><\/span><\/span><!-- Table of Contents --><div id='wpig-table-of-content' class='wpig-table-of-content' ><ol><li class='creer_un_portefolio_isole'><a href='#creer_un_portefolio_isole'>Cr\u00e9er un portefolio isol\u00e9<\/a><\/li><li class='creer_un_portefolio_par_chargement_de_fichier'><a href='#creer_un_portefolio_par_chargement_de_fichier'>Cr\u00e9er un portefolio par chargement de fichier<\/a><\/li><li class='lier_un_portefolio_local_a_la_cz'><a href='#lier_un_portefolio_local_a_la_cz'>Lier un portefolio local \u00e0 la CZ<\/a><\/li><li class='envoyer_un_portefolio_vers_la_cz'><a href='#envoyer_un_portefolio_vers_la_cz'>Envoyer un portefolio vers la CZ<\/a><\/li><\/ol><\/div><!-- END OF Table of Contents --><\/div><\/p>\n<h2 id=\"creer_un_portefolio_isole\" id=\"creer_un_portefolio_isole\" class=\"wpig-heading\">Cr\u00e9er un portefolio isol\u00e9<\/h2>\n\n\n\n<p>En passant par le menu Ressources &gt; Ajouter un portefolio local, on peut cr\u00e9er un portefolio en partant de 0.<\/p>\n\n\n\n<ul>\n<li>Les informations descriptives permettent soit de renseigner les informations \u00e0 la main, soit de partir d&rsquo;une notice bibliographique existante (notice SUDOC par exemple)<\/li>\n\n\n\n<li>Les informations g\u00e9n\u00e9rales permettent de rattacher ou non le titre \u00e0 une collection<\/li>\n<\/ul>\n\n\n\n<p>Il est possible de cr\u00e9er un portefolio local directement depuis une collection. Dans la page de liste des titres en modification d&rsquo;un service, il existe un bouton &lsquo;Ajouter&rsquo; qui permet d&rsquo;acc\u00e9der \u00e0 l&rsquo;outil de cr\u00e9ation de portefolio.<\/p>\n\n\n<div class=\"wp-block-image\">\n<figure class=\"aligncenter\"><a href=\"http:\/\/rebub.u-bordeaux.fr\/wp-content\/uploads\/2021\/06\/20181015_ajouterlocal.png\" target=\"_blank\" rel=\"noreferrer noopener\"><img decoding=\"async\" loading=\"lazy\" width=\"365\" height=\"151\" src=\"http:\/\/rebub.u-bordeaux.fr\/wp-content\/uploads\/2021\/06\/20181015_ajouterlocal.png\" alt=\"\" class=\"wp-image-12295\" srcset=\"https:\/\/rebub.u-bordeaux.fr\/wp-content\/uploads\/2021\/06\/20181015_ajouterlocal.png 365w, https:\/\/rebub.u-bordeaux.fr\/wp-content\/uploads\/2021\/06\/20181015_ajouterlocal-300x124.png 300w\" sizes=\"(max-width: 365px) 100vw, 365px\" \/><\/a><\/figure><\/div>\n\n\n<p>Il est \u00e9galement possible dans l&rsquo;autre sens d&rsquo;aller rattacher un portefolio local \u00e0 une collection a posteriori via le bouton &lsquo;Joindre \u00e0 une collection&rsquo; en haut de la page d&rsquo;\u00e9dition de la ressource.<\/p>\n\n\n\n<h2 id=\"creer_un_portefolio_par_chargement_de_fichier\" id=\"creer_un_portefolio_par_chargement_de_fichier\" class=\"wpig-heading\">Cr\u00e9er un portefolio par chargement de fichier<\/h2>\n\n\n\n<p>Pour une ma\u00eetrise d\u00e9taill\u00e9e de l&rsquo;import de notice avec portefolio, voir <a href=\"http:\/\/rebub.u-bordeaux.fr\/index.php\/alma\/procedures\/documentation-electronique\/portfolios-collections\/importer-un-fichier-de-portefolios-locaux\/\" data-type=\"URL\" data-id=\"http:\/\/rebub.u-bordeaux.fr\/index.php\/alma\/procedures\/documentation-electronique\/portfolios-collections\/importer-un-fichier-de-portefolios-locaux\/\" target=\"_blank\" rel=\"noreferrer noopener\">Importer un fichier de portefolios locaux<\/a><\/p>\n\n\n\n<p>Au sein d&rsquo;une collection, il est possible de cr\u00e9er des portefolios en utilisant le chargeur de fichier. Le format de fichier est le m\u00eame que celui utilis\u00e9 jusqu&rsquo;\u00e0 pr\u00e9sent (et qui peut \u00eatre export\u00e9 par l&rsquo;export Alma).<\/p>\n\n\n\n<p>Sur la page de chargement, une coche permet de demander la cr\u00e9ation de portefolio local plut\u00f4t que l&rsquo;activation :<\/p>\n\n\n<div class=\"wp-block-image\">\n<figure class=\"aligncenter\"><a href=\"http:\/\/rebub.u-bordeaux.fr\/wp-content\/uploads\/2021\/06\/20181015_creerlocal.png\"><img decoding=\"async\" loading=\"lazy\" width=\"244\" height=\"210\" src=\"http:\/\/rebub.u-bordeaux.fr\/wp-content\/uploads\/2021\/06\/20181015_creerlocal.png\" alt=\"\" class=\"wp-image-12296\"\/><\/a><\/figure><\/div>\n\n\n<p>Au cours de la cr\u00e9ation d&rsquo;une collection locale, il est \u00e9galement possible d&rsquo;utiliser cette option.<\/p>\n\n\n\n<h2 id=\"lier_un_portefolio_local_a_la_cz\" id=\"lier_un_portefolio_local_a_la_cz\" class=\"wpig-heading\">Lier un portefolio local \u00e0 la CZ<\/h2>\n\n\n\n<p>Lorsque vous \u00e9ditez un portefolio local, un bouton &lsquo;Lien vers la communaut\u00e9&rsquo; est propos\u00e9. Il permet de faire une recherche d&rsquo;association avec les titres de la zone communautaire. En cas d&rsquo;absence de correspondance trouv\u00e9e, un message l&rsquo;indique &#8211; je n&rsquo;ai pas obtenu de correspondanc multiple jusqu&rsquo;\u00e0 pr\u00e9sent \u21d2 \u00e0 documenter lorsque l&rsquo;on en trouvera.<\/p>\n\n\n\n<p>Cette op\u00e9ration est \u00e9galement possible en masse depuis une collection qui contient des portefolios locaux pour l&rsquo;ensemble des titres.<\/p>\n\n\n\n<h2 id=\"envoyer_un_portefolio_vers_la_cz\" id=\"envoyer_un_portefolio_vers_la_cz\" class=\"wpig-heading\">Envoyer un portefolio vers la CZ<\/h2>\n\n\n\n<p>Un formulaire de demande de cr\u00e9ation\/modification est disponible pour tous les portefolios : &lsquo;Envoyer \u00e0 Ex Libris&rsquo;.<\/p>\n\n\n\n<p>Il est disponible pour les contacts identifi\u00e9s aupr\u00e8s d&rsquo;Ex Libris pour faire ces cr\u00e9ations.<\/p>\n\n\n\n<div class=\"is-layout-flex wp-container-6 wp-block-columns bord-bloc-reutilisable has-background\" style=\"background-color:#d9edf7\">\n<div class=\"is-layout-flow wp-block-column is-vertically-aligned-center\" style=\"font-size:15px;flex-basis:20%\">\n<p style=\"font-size:15px\"><strong>Date de publication<\/strong> <\/p>\n\n\n<div style=\"font-size:15px;\" class=\"wp-block-post-date\"><time datetime=\"2024-03-22T09:33:49+01:00\">22 mars 2024<\/time><\/div><\/div>\n\n\n\n<div class=\"is-layout-flow wp-block-column is-vertically-aligned-center\" style=\"font-size:15px;flex-basis:20%\">\n<p><strong>Mis \u00e0 jour le <\/strong><\/p>\n\n\n<div style=\"font-size:15px;\" class=\"wp-block-post-date\"><time datetime=\"2024-04-26T09:15:29+02:00\">26 avril 2024<\/time><\/div><\/div>\n\n\n\n<div class=\"is-layout-flow wp-block-column is-vertically-aligned-center\" style=\"font-size:15px;flex-basis:40%\">\n<p><\/p>\n\n\n\n<p><strong>Attention ! <\/strong>Certains \u00e9tablissements utilisent parfois de proc\u00e9dures compl\u00e9mentaires <\/p>\n<\/div>\n\n\n\n<div class=\"is-layout-flow wp-block-column is-vertically-aligned-center\" style=\"font-size:15px;flex-basis:25%\">\n<div class=\"is-horizontal is-content-justification-center is-layout-flex wp-container-4 wp-block-buttons alignfull has-custom-font-size\" style=\"font-size:16px\">\n<div class=\"wp-block-button has-custom-width wp-block-button__width-75 has-custom-font-size is-style-fill\" style=\"font-size:15px\"><a class=\"wp-block-button__link has-white-color has-text-color has-background wp-element-button\" href=\"mailto:scoop@u-bordeaux.fr\" style=\"border-radius:65px;background-color:#000000db\"><strong>Signaler une erreur<\/strong><\/a><\/div>\n<\/div>\n<\/div>\n<\/div>\n","protected":false},"excerpt":{"rendered":"<p>Table des mati\u00e8res[ Show ]Cr\u00e9er un portefolio isol\u00e9Cr\u00e9er un portefolio par chargement de fichierLier un portefolio local \u00e0 la CZEnvoyer un portefolio vers la CZCr\u00e9er un portefolio isol\u00e9 En passant par le menu Ressources &gt; Ajouter un portefolio local, on&#8230;<\/p>\n","protected":false},"author":46,"featured_media":0,"parent":18610,"menu_order":3,"comment_status":"closed","ping_status":"closed","template":"","meta":[],"post_mailing_queue_ids":[],"_links":{"self":[{"href":"https:\/\/rebub.u-bordeaux.fr\/index.php\/wp-json\/wp\/v2\/pages\/18654"}],"collection":[{"href":"https:\/\/rebub.u-bordeaux.fr\/index.php\/wp-json\/wp\/v2\/pages"}],"about":[{"href":"https:\/\/rebub.u-bordeaux.fr\/index.php\/wp-json\/wp\/v2\/types\/page"}],"author":[{"embeddable":true,"href":"https:\/\/rebub.u-bordeaux.fr\/index.php\/wp-json\/wp\/v2\/users\/46"}],"replies":[{"embeddable":true,"href":"https:\/\/rebub.u-bordeaux.fr\/index.php\/wp-json\/wp\/v2\/comments?post=18654"}],"version-history":[{"count":3,"href":"https:\/\/rebub.u-bordeaux.fr\/index.php\/wp-json\/wp\/v2\/pages\/18654\/revisions"}],"predecessor-version":[{"id":20481,"href":"https:\/\/rebub.u-bordeaux.fr\/index.php\/wp-json\/wp\/v2\/pages\/18654\/revisions\/20481"}],"up":[{"embeddable":true,"href":"https:\/\/rebub.u-bordeaux.fr\/index.php\/wp-json\/wp\/v2\/pages\/18610"}],"wp:attachment":[{"href":"https:\/\/rebub.u-bordeaux.fr\/index.php\/wp-json\/wp\/v2\/media?parent=18654"}],"curies":[{"name":"wp","href":"https:\/\/api.w.org\/{rel}","templated":true}]}}