	{"id":18663,"date":"2024-03-22T09:34:15","date_gmt":"2024-03-22T08:34:15","guid":{"rendered":"https:\/\/rebub.u-bordeaux.fr\/?page_id=18663"},"modified":"2024-04-26T13:53:26","modified_gmt":"2024-04-26T11:53:26","slug":"proxyfication-dans-alma","status":"publish","type":"page","link":"https:\/\/rebub.u-bordeaux.fr\/index.php\/alma\/procedures\/documentation-electronique\/gestion-controles\/proxyfication-dans-alma\/","title":{"rendered":"Proxyfication dans Alma"},"content":{"rendered":"<div id='wpig-floatingbar' class='wpig-floatingbar'><div id='wpig-switch-wrapper' class='wpig-switch-wrapper'><span id='wpig-floating-switch' class='wpig-floating-switch'><img src='https:\/\/rebub.u-bordeaux.fr\/wp-content\/plugins\/sticky-toc-advance-table-of-contents\/\\assets\\menu.png'><\/span><\/div><div id='wpig-contents' class='wpig-contents  wpig-sidebar-widget wpig-style-3'><span class='wpig-headline'>Table des mati\u00e8res<span><a data-action='show' class='wpig-btn-toggledisplay'>[ Show ]<\/a><\/span><\/span><!-- Table of Contents --><div id='wpig-table-of-content' class='wpig-table-of-content'><ol><li class='au_niveau_collection'><a href='#au_niveau_collection'>Au niveau collection<\/a><\/li><li class='au_niveau_service'><a href='#au_niveau_service'>Au niveau service<\/a><\/li><li class='au_niveau_du_titre'><a href='#au_niveau_du_titre'>Au niveau du titre<\/a><\/li><\/ol><\/div><!-- END OF Table of Contents --><\/div><\/div><p><div id='wpig-contents' class='wpig-contents  wpig-sidebar-widget wpig-style-1'><span class='wpig-headline'>Table des mati\u00e8res<span><a data-action='show' class='wpig-btn-toggledisplay'>[ Show ]<\/a><\/span><\/span><!-- Table of Contents --><div id='wpig-table-of-content' class='wpig-table-of-content' ><ol><li class='au_niveau_collection'><a href='#au_niveau_collection'>Au niveau collection<\/a><\/li><li class='au_niveau_service'><a href='#au_niveau_service'>Au niveau service<\/a><\/li><li class='au_niveau_du_titre'><a href='#au_niveau_du_titre'>Au niveau du titre<\/a><\/li><\/ol><\/div><!-- END OF Table of Contents --><\/div><\/p>\n<p>Il existe trois niveaux de gestion pour l&rsquo;activation du proxy pour une ressource \u00e9lectronique.<\/p>\n\n\n\n<h2 id=\"au_niveau_collection\" id=\"au_niveau_collection\" class=\"wpig-heading\">Au niveau collection<\/h2>\n\n\n\n<p>L&rsquo;option se trouve au niveau de la notice de collection (acc\u00e8s via le bouton &lsquo;Modifier la collection&rsquo;). Elle n&rsquo;a d&rsquo;usage que pour les ressources dont la notice n&rsquo;est pas supprim\u00e9e de la publication et pour lesquelles il y a une url de niveau collection d\u00e9clar\u00e9e.<\/p>\n\n\n\n<p><em>Exemple : AAPG\/Datapages<\/em><\/p>\n\n\n\n<p>Pour le moment, il reste des probl\u00e8mes \u00e0 r\u00e9gler au niveau de l&rsquo;affichage de ces notices notamment pour contr\u00f4ler l&rsquo;endroit d&rsquo;affichage du lien.<\/p>\n\n\n\n<h2 id=\"au_niveau_service\" id=\"au_niveau_service\" class=\"wpig-heading\">Au niveau service<\/h2>\n\n\n\n<p>L&rsquo;option se trouve dans la notice de service, accessible de 2 mani\u00e8res<\/p>\n\n\n\n<ul>\n<li>depuis la notice de collection, dans l&rsquo;onglet information suppl\u00e9mentaire, en s\u00e9lectionnant &lsquo;modifier&rsquo; dans le bouton d&rsquo;action du service concern\u00e9 dans le tableau de bas de page<\/li>\n\n\n\n<li>depuis une liste de r\u00e9sultat de recherche de collection, en s\u00e9lectionnant &lsquo;Modifier le service&rsquo; dans le bouton action<\/li>\n<\/ul>\n\n\n\n<p>Lorsque le proxy est activ\u00e9 \u00e0 ce niveau, il s&rsquo;applique \u00e0 toutes les ressources contenues dans le service.<\/p>\n\n\n\n<h2 id=\"au_niveau_du_titre\" id=\"au_niveau_du_titre\" class=\"wpig-heading\">Au niveau du titre<\/h2>\n\n\n\n<p>L&rsquo;option se trouve dans le portefolio.<\/p>\n\n\n\n<p>Elle permet essentiellement de venir proxyfier individuellement un titre dans un service qui n&rsquo;est pas proxyfi\u00e9.<\/p>\n\n\n\n<div class=\"is-layout-flex wp-container-6 wp-block-columns bord-bloc-reutilisable has-background\" style=\"background-color:#d9edf7\">\n<div class=\"is-layout-flow wp-block-column is-vertically-aligned-center\" style=\"font-size:15px;flex-basis:20%\">\n<p style=\"font-size:15px\"><strong>Date de publication<\/strong> <\/p>\n\n\n<div style=\"font-size:15px;\" class=\"wp-block-post-date\"><time datetime=\"2024-03-22T09:34:15+01:00\">22 mars 2024<\/time><\/div><\/div>\n\n\n\n<div class=\"is-layout-flow wp-block-column is-vertically-aligned-center\" style=\"font-size:15px;flex-basis:20%\">\n<p><strong>Mis \u00e0 jour le <\/strong><\/p>\n\n\n<div style=\"font-size:15px;\" class=\"wp-block-post-date\"><time datetime=\"2024-04-26T13:53:26+02:00\">26 avril 2024<\/time><\/div><\/div>\n\n\n\n<div class=\"is-layout-flow wp-block-column is-vertically-aligned-center\" style=\"font-size:15px;flex-basis:40%\">\n<p><\/p>\n\n\n\n<p><strong>Attention ! <\/strong>Certains \u00e9tablissements utilisent parfois de proc\u00e9dures compl\u00e9mentaires <\/p>\n<\/div>\n\n\n\n<div class=\"is-layout-flow wp-block-column is-vertically-aligned-center\" style=\"font-size:15px;flex-basis:25%\">\n<div class=\"is-horizontal is-content-justification-center is-layout-flex wp-container-4 wp-block-buttons alignfull has-custom-font-size\" style=\"font-size:16px\">\n<div class=\"wp-block-button has-custom-width wp-block-button__width-75 has-custom-font-size is-style-fill\" style=\"font-size:15px\"><a class=\"wp-block-button__link has-white-color has-text-color has-background wp-element-button\" href=\"mailto:scoop@u-bordeaux.fr\" style=\"border-radius:65px;background-color:#000000db\"><strong>Signaler une erreur<\/strong><\/a><\/div>\n<\/div>\n<\/div>\n<\/div>\n","protected":false},"excerpt":{"rendered":"<p>Table des mati\u00e8res[ Show ]Au niveau collectionAu niveau serviceAu niveau du titreIl existe trois niveaux de gestion pour l&rsquo;activation du proxy pour une ressource \u00e9lectronique. Au niveau collection L&rsquo;option se trouve au niveau de la notice de collection (acc\u00e8s via&#8230;<\/p>\n","protected":false},"author":46,"featured_media":0,"parent":18613,"menu_order":2,"comment_status":"closed","ping_status":"closed","template":"","meta":[],"post_mailing_queue_ids":[],"_links":{"self":[{"href":"https:\/\/rebub.u-bordeaux.fr\/index.php\/wp-json\/wp\/v2\/pages\/18663"}],"collection":[{"href":"https:\/\/rebub.u-bordeaux.fr\/index.php\/wp-json\/wp\/v2\/pages"}],"about":[{"href":"https:\/\/rebub.u-bordeaux.fr\/index.php\/wp-json\/wp\/v2\/types\/page"}],"author":[{"embeddable":true,"href":"https:\/\/rebub.u-bordeaux.fr\/index.php\/wp-json\/wp\/v2\/users\/46"}],"replies":[{"embeddable":true,"href":"https:\/\/rebub.u-bordeaux.fr\/index.php\/wp-json\/wp\/v2\/comments?post=18663"}],"version-history":[{"count":3,"href":"https:\/\/rebub.u-bordeaux.fr\/index.php\/wp-json\/wp\/v2\/pages\/18663\/revisions"}],"predecessor-version":[{"id":20552,"href":"https:\/\/rebub.u-bordeaux.fr\/index.php\/wp-json\/wp\/v2\/pages\/18663\/revisions\/20552"}],"up":[{"embeddable":true,"href":"https:\/\/rebub.u-bordeaux.fr\/index.php\/wp-json\/wp\/v2\/pages\/18613"}],"wp:attachment":[{"href":"https:\/\/rebub.u-bordeaux.fr\/index.php\/wp-json\/wp\/v2\/media?parent=18663"}],"curies":[{"name":"wp","href":"https:\/\/api.w.org\/{rel}","templated":true}]}}