	{"id":18713,"date":"2024-03-22T09:34:42","date_gmt":"2024-03-22T08:34:42","guid":{"rendered":"https:\/\/rebub.u-bordeaux.fr\/?page_id=18713"},"modified":"2024-04-26T15:08:01","modified_gmt":"2024-04-26T13:08:01","slug":"monographie-entrant-dans-les-collections-articulation-sudoc-alma-nouvelle-acquisition-pour-ma-bibliotheque","status":"publish","type":"page","link":"https:\/\/rebub.u-bordeaux.fr\/index.php\/alma\/procedures\/acquisitions\/circuit-des-entrees\/monographie-entrant-dans-les-collections-articulation-sudoc-alma-nouvelle-acquisition-pour-ma-bibliotheque\/","title":{"rendered":"Monographie entrant dans les collections \u2013 Articulation SUDOC Alma \u2013 Nouvelle acquisition pour la biblioth\u00e8que"},"content":{"rendered":"<div id='wpig-floatingbar' class='wpig-floatingbar'><div id='wpig-switch-wrapper' class='wpig-switch-wrapper'><span id='wpig-floating-switch' class='wpig-floating-switch'><img src='https:\/\/rebub.u-bordeaux.fr\/wp-content\/plugins\/sticky-toc-advance-table-of-contents\/\\assets\\menu.png'><\/span><\/div><div id='wpig-contents' class='wpig-contents  wpig-sidebar-widget wpig-style-3'><span class='wpig-headline'>Table des mati\u00e8res<span><a data-action='show' class='wpig-btn-toggledisplay'>[ Show ]<\/a><\/span><\/span><!-- Table of Contents --><div id='wpig-table-of-content' class='wpig-table-of-content'><ol><li class='stoc-modifier-la-notice-de-fonds'><a href='#stoc-modifier-la-notice-de-fonds'>Modifier la notice de fonds<\/a><\/li><li class='stoc-modifier-des-exemplaires'><a href='#stoc-modifier-des-exemplaires'>Modifier des exemplaires<\/a><\/li><\/div><!-- END OF Table of Contents --><\/div><\/div><p><div id='wpig-contents' class='wpig-contents  wpig-sidebar-widget wpig-style-1'><span class='wpig-headline'>Table des mati\u00e8res<span><a data-action='show' class='wpig-btn-toggledisplay'>[ Show ]<\/a><\/span><\/span><!-- Table of Contents --><div id='wpig-table-of-content' class='wpig-table-of-content' ><ol><li class='stoc-modifier-la-notice-de-fonds'><a href='#stoc-modifier-la-notice-de-fonds'>Modifier la notice de fonds<\/a><\/li><li class='stoc-modifier-des-exemplaires'><a href='#stoc-modifier-des-exemplaires'>Modifier des exemplaires<\/a><\/li><\/div><!-- END OF Table of Contents --><\/div><\/p>\n<h2 id=\"stoc-modifier-la-notice-de-fonds\" class=\"wpig-heading\">Modifier la notice de fonds<\/h2>\n\n\n\n<p>La notice de fonds d\u2019acquisition doit \u00eatre modifi\u00e9e : 2 possibilit\u00e9s :<\/p>\n\n\n\n<p><strong>\u21d2 A partir de l\u2019\u00e9diteur de m\u00e9tadonn\u00e9es<\/strong><\/p>\n\n\n\n<p>Voir l\u2019inventaire<\/p>\n\n\n<div class=\"wp-block-image\">\n<figure class=\"aligncenter\"><a href=\"http:\/\/rebub.u-bordeaux.fr\/wp-content\/uploads\/2020\/02\/Voir_Inventaire.png\" target=\"_blank\" rel=\"noopener noreferrer\"><img decoding=\"async\" loading=\"lazy\" width=\"140\" height=\"58\" src=\"http:\/\/rebub.u-bordeaux.fr\/wp-content\/uploads\/2020\/02\/Voir_Inventaire.png\" alt=\"\" class=\"wp-image-8116\"\/><\/a><\/figure><\/div>\n\n\n<p>Et modifier la notice de fonds d\u2019acquisition (effacer indicateurs + Ctrl F)<\/p>\n\n\n\n<figure class=\"wp-block-image\"><a href=\"http:\/\/rebub.u-bordeaux.fr\/wp-content\/uploads\/2020\/02\/Ouvrir-Les_Exemplaires-1.png\" target=\"_blank\" rel=\"noopener noreferrer\"><img decoding=\"async\" loading=\"lazy\" width=\"980\" height=\"551\" src=\"http:\/\/rebub.u-bordeaux.fr\/wp-content\/uploads\/2020\/02\/Ouvrir-Les_Exemplaires-1.png\" alt=\"\" class=\"wp-image-8117\" srcset=\"https:\/\/rebub.u-bordeaux.fr\/wp-content\/uploads\/2020\/02\/Ouvrir-Les_Exemplaires-1.png 980w, https:\/\/rebub.u-bordeaux.fr\/wp-content\/uploads\/2020\/02\/Ouvrir-Les_Exemplaires-1-300x169.png 300w, https:\/\/rebub.u-bordeaux.fr\/wp-content\/uploads\/2020\/02\/Ouvrir-Les_Exemplaires-1-768x432.png 768w\" sizes=\"(max-width: 980px) 100vw, 980px\" \/><\/a><\/figure>\n\n\n\n<p><strong>Bien effacer les indicateurs de la zone 852 <\/strong>(important pour les index des cotes) et faire Ctrl F<\/p>\n\n\n\n<p>Renseigner les champs b (biblioth\u00e8que), c (localisation) et h (partie de classification = cote)<\/p>\n\n\n\n<p>Enregistrer <img decoding=\"async\" loading=\"lazy\" class=\"alignnone wp-image-8118 size-full\" src=\"http:\/\/rebub.u-bordeaux.fr\/wp-content\/uploads\/2020\/02\/Disquette.png\" alt=\"\" width=\"36\" height=\"23\"><\/p>\n\n\n\n<p>Retour<\/p>\n\n\n\n<p>Voir l\u2019inventaire pour aller voir les exemplaires<\/p>\n\n\n<div class=\"wp-block-image\">\n<figure class=\"aligncenter\"><a href=\"http:\/\/rebub.u-bordeaux.fr\/wp-content\/uploads\/2020\/02\/Voir_Les_Exemplaires.png\" target=\"_blank\" rel=\"noopener noreferrer\"><img decoding=\"async\" loading=\"lazy\" width=\"156\" height=\"94\" src=\"http:\/\/rebub.u-bordeaux.fr\/wp-content\/uploads\/2020\/02\/Voir_Les_Exemplaires.png\" alt=\"\" class=\"wp-image-8120\"\/><\/a><\/figure><\/div>\n\n\n<p><strong>\u21d2 A partir de la recherche Titres physiques, Code-barres<\/strong><\/p>\n\n\n\n<figure class=\"wp-block-image\"><a href=\"http:\/\/rebub.u-bordeaux.fr\/wp-content\/uploads\/2020\/02\/A_Partir_De_Recherche.png\" target=\"_blank\" rel=\"noopener noreferrer\"><img decoding=\"async\" loading=\"lazy\" width=\"1168\" height=\"482\" src=\"http:\/\/rebub.u-bordeaux.fr\/wp-content\/uploads\/2020\/02\/A_Partir_De_Recherche.png\" alt=\"\" class=\"wp-image-8119\" srcset=\"https:\/\/rebub.u-bordeaux.fr\/wp-content\/uploads\/2020\/02\/A_Partir_De_Recherche.png 1168w, https:\/\/rebub.u-bordeaux.fr\/wp-content\/uploads\/2020\/02\/A_Partir_De_Recherche-300x124.png 300w, https:\/\/rebub.u-bordeaux.fr\/wp-content\/uploads\/2020\/02\/A_Partir_De_Recherche-1024x423.png 1024w, https:\/\/rebub.u-bordeaux.fr\/wp-content\/uploads\/2020\/02\/A_Partir_De_Recherche-768x317.png 768w\" sizes=\"(max-width: 1168px) 100vw, 1168px\" \/><\/a><\/figure>\n\n\n\n<p>Aller dans la notice de fonds d\u2019acquisition<\/p>\n\n\n\n<figure class=\"wp-block-image\"><a href=\"http:\/\/rebub.u-bordeaux.fr\/wp-content\/uploads\/2020\/02\/Notice_De_Fonds.png\" target=\"_blank\" rel=\"noopener noreferrer\"><img decoding=\"async\" loading=\"lazy\" width=\"1276\" height=\"414\" src=\"http:\/\/rebub.u-bordeaux.fr\/wp-content\/uploads\/2020\/02\/Notice_De_Fonds.png\" alt=\"\" class=\"wp-image-8122\" srcset=\"https:\/\/rebub.u-bordeaux.fr\/wp-content\/uploads\/2020\/02\/Notice_De_Fonds.png 1276w, https:\/\/rebub.u-bordeaux.fr\/wp-content\/uploads\/2020\/02\/Notice_De_Fonds-300x97.png 300w, https:\/\/rebub.u-bordeaux.fr\/wp-content\/uploads\/2020\/02\/Notice_De_Fonds-1024x332.png 1024w, https:\/\/rebub.u-bordeaux.fr\/wp-content\/uploads\/2020\/02\/Notice_De_Fonds-768x249.png 768w\" sizes=\"(max-width: 1276px) 100vw, 1276px\" \/><\/a><\/figure>\n\n\n\n<p>L\u2019envoyer dans l\u2019\u00e9diteur de m\u00e9tadonn\u00e9es (Modifier)<\/p>\n\n\n<div class=\"wp-block-image\">\n<figure class=\"aligncenter\"><a href=\"http:\/\/rebub.u-bordeaux.fr\/wp-content\/uploads\/2020\/02\/Editeur_Metadonnees.png\" target=\"_blank\" rel=\"noopener noreferrer\"><img decoding=\"async\" loading=\"lazy\" width=\"468\" height=\"219\" src=\"http:\/\/rebub.u-bordeaux.fr\/wp-content\/uploads\/2020\/02\/Editeur_Metadonnees.png\" alt=\"\" class=\"wp-image-8123\" srcset=\"https:\/\/rebub.u-bordeaux.fr\/wp-content\/uploads\/2020\/02\/Editeur_Metadonnees.png 468w, https:\/\/rebub.u-bordeaux.fr\/wp-content\/uploads\/2020\/02\/Editeur_Metadonnees-300x140.png 300w\" sizes=\"(max-width: 468px) 100vw, 468px\" \/><\/a><\/figure><\/div>\n\n\n<p><strong>D\u2019abord effacer les indicateurs de la zone 852 <\/strong>(important pour les index des cotes) et faire Ctrl F<\/p>\n\n\n\n<figure class=\"wp-block-image\"><a href=\"http:\/\/rebub.u-bordeaux.fr\/wp-content\/uploads\/2020\/02\/Effacer_Indicateur_852.png\" target=\"_blank\" rel=\"noopener noreferrer\"><img decoding=\"async\" loading=\"lazy\" width=\"1724\" height=\"530\" src=\"http:\/\/rebub.u-bordeaux.fr\/wp-content\/uploads\/2020\/02\/Effacer_Indicateur_852.png\" alt=\"\" class=\"wp-image-8125\" srcset=\"https:\/\/rebub.u-bordeaux.fr\/wp-content\/uploads\/2020\/02\/Effacer_Indicateur_852.png 1724w, https:\/\/rebub.u-bordeaux.fr\/wp-content\/uploads\/2020\/02\/Effacer_Indicateur_852-300x92.png 300w, https:\/\/rebub.u-bordeaux.fr\/wp-content\/uploads\/2020\/02\/Effacer_Indicateur_852-1024x315.png 1024w, https:\/\/rebub.u-bordeaux.fr\/wp-content\/uploads\/2020\/02\/Effacer_Indicateur_852-768x236.png 768w, https:\/\/rebub.u-bordeaux.fr\/wp-content\/uploads\/2020\/02\/Effacer_Indicateur_852-1536x472.png 1536w\" sizes=\"(max-width: 1724px) 100vw, 1724px\" \/><\/a><\/figure>\n\n\n\n<p>Renseigner les champs b (biblioth\u00e8que), c (localisation) et h (partie de classification = cote)<\/p>\n\n\n\n<p>Enregistrer<\/p>\n\n\n\n<p>Retour<\/p>\n\n\n\n<p>Voir l\u2019inventaire pour aller voir les exemplaires<\/p>\n\n\n<div class=\"wp-block-image\">\n<figure class=\"aligncenter\"><a href=\"http:\/\/rebub.u-bordeaux.fr\/wp-content\/uploads\/2020\/02\/Voir_Inventaire_2.png\" target=\"_blank\" rel=\"noopener noreferrer\"><img decoding=\"async\" loading=\"lazy\" width=\"156\" height=\"94\" src=\"http:\/\/rebub.u-bordeaux.fr\/wp-content\/uploads\/2020\/02\/Voir_Inventaire_2.png\" alt=\"\" class=\"wp-image-8126\"\/><\/a><\/figure><\/div>\n\n\n<h2 id=\"stoc-modifier-des-exemplaires\" class=\"wpig-heading\">Modifier des exemplaires<\/h2>\n\n\n\n<figure class=\"wp-block-image\"><a href=\"http:\/\/rebub.u-bordeaux.fr\/wp-content\/uploads\/2020\/02\/Modifier_Exemplaires.png\" target=\"_blank\" rel=\"noopener noreferrer\"><img decoding=\"async\" loading=\"lazy\" width=\"1072\" height=\"237\" src=\"http:\/\/rebub.u-bordeaux.fr\/wp-content\/uploads\/2020\/02\/Modifier_Exemplaires.png\" alt=\"\" class=\"wp-image-8127\" srcset=\"https:\/\/rebub.u-bordeaux.fr\/wp-content\/uploads\/2020\/02\/Modifier_Exemplaires.png 1072w, https:\/\/rebub.u-bordeaux.fr\/wp-content\/uploads\/2020\/02\/Modifier_Exemplaires-300x66.png 300w, https:\/\/rebub.u-bordeaux.fr\/wp-content\/uploads\/2020\/02\/Modifier_Exemplaires-1024x226.png 1024w, https:\/\/rebub.u-bordeaux.fr\/wp-content\/uploads\/2020\/02\/Modifier_Exemplaires-768x170.png 768w\" sizes=\"(max-width: 1072px) 100vw, 1072px\" \/><\/a><\/figure>\n\n\n\n<p>Cliquer sur le CB pour modifier le ou les exemplaire(s) r\u00e9ceptionn\u00e9s<\/p>\n\n\n\n<p>Remplir le type de mat\u00e9riel et une \u00e9ventuelle exception de circulation<\/p>\n\n\n\n<p>Cliquer sur Enregistrer et modifier (attention, enregistrer ferme l\u2019\u00e9cran de modification et il faut \u00e0 nouveau l\u2019ouvrir pour renseigner les notes stats)<\/p>\n\n\n\n<figure class=\"wp-block-image\"><a href=\"http:\/\/rebub.u-bordeaux.fr\/wp-content\/uploads\/2020\/02\/Type_Materiel.png\" target=\"_blank\" rel=\"noopener noreferrer\"><img decoding=\"async\" loading=\"lazy\" width=\"1004\" height=\"203\" src=\"http:\/\/rebub.u-bordeaux.fr\/wp-content\/uploads\/2020\/02\/Type_Materiel.png\" alt=\"\" class=\"wp-image-8128\" srcset=\"https:\/\/rebub.u-bordeaux.fr\/wp-content\/uploads\/2020\/02\/Type_Materiel.png 1004w, https:\/\/rebub.u-bordeaux.fr\/wp-content\/uploads\/2020\/02\/Type_Materiel-300x61.png 300w, https:\/\/rebub.u-bordeaux.fr\/wp-content\/uploads\/2020\/02\/Type_Materiel-768x155.png 768w\" sizes=\"(max-width: 1004px) 100vw, 1004px\" \/><\/a><\/figure>\n\n\n\n<p>et les notes statistiques (onglet Notes)<\/p>\n\n\n\n<figure class=\"wp-block-image\"><a href=\"http:\/\/rebub.u-bordeaux.fr\/wp-content\/uploads\/2020\/02\/Notes_Statistiques.png\" target=\"_blank\" rel=\"noopener noreferrer\"><img decoding=\"async\" loading=\"lazy\" width=\"828\" height=\"176\" src=\"http:\/\/rebub.u-bordeaux.fr\/wp-content\/uploads\/2020\/02\/Notes_Statistiques.png\" alt=\"\" class=\"wp-image-8129\" srcset=\"https:\/\/rebub.u-bordeaux.fr\/wp-content\/uploads\/2020\/02\/Notes_Statistiques.png 828w, https:\/\/rebub.u-bordeaux.fr\/wp-content\/uploads\/2020\/02\/Notes_Statistiques-300x64.png 300w, https:\/\/rebub.u-bordeaux.fr\/wp-content\/uploads\/2020\/02\/Notes_Statistiques-768x163.png 768w\" sizes=\"(max-width: 828px) 100vw, 828px\" \/><\/a><\/figure>\n\n\n\n<p>Si des exemplaires sont encore en commande, ne pas les modifier.<\/p>\n\n\n\n<div class=\"is-layout-flex wp-container-6 wp-block-columns bord-bloc-reutilisable has-background\" style=\"background-color:#d9edf7\">\n<div class=\"is-layout-flow wp-block-column is-vertically-aligned-center\" style=\"font-size:15px;flex-basis:20%\">\n<p style=\"font-size:15px\"><strong>Date de publication<\/strong> <\/p>\n\n\n<div style=\"font-size:15px;\" class=\"wp-block-post-date\"><time datetime=\"2024-03-22T09:34:42+01:00\">22 mars 2024<\/time><\/div><\/div>\n\n\n\n<div class=\"is-layout-flow wp-block-column is-vertically-aligned-center\" style=\"font-size:15px;flex-basis:20%\">\n<p><strong>Mis \u00e0 jour le <\/strong><\/p>\n\n\n<div style=\"font-size:15px;\" class=\"wp-block-post-date\"><time datetime=\"2024-04-26T15:08:01+02:00\">26 avril 2024<\/time><\/div><\/div>\n\n\n\n<div class=\"is-layout-flow wp-block-column is-vertically-aligned-center\" style=\"font-size:15px;flex-basis:40%\">\n<p><\/p>\n\n\n\n<p><strong>Attention ! <\/strong>Certains \u00e9tablissements utilisent parfois de proc\u00e9dures compl\u00e9mentaires <\/p>\n<\/div>\n\n\n\n<div class=\"is-layout-flow wp-block-column is-vertically-aligned-center\" style=\"font-size:15px;flex-basis:25%\">\n<div class=\"is-horizontal is-content-justification-center is-layout-flex wp-container-4 wp-block-buttons alignfull has-custom-font-size\" style=\"font-size:16px\">\n<div class=\"wp-block-button has-custom-width wp-block-button__width-75 has-custom-font-size is-style-fill\" style=\"font-size:15px\"><a class=\"wp-block-button__link has-white-color has-text-color has-background wp-element-button\" href=\"mailto:scoop@u-bordeaux.fr\" style=\"border-radius:65px;background-color:#000000db\"><strong>Signaler une erreur<\/strong><\/a><\/div>\n<\/div>\n<\/div>\n<\/div>\n","protected":false},"excerpt":{"rendered":"<p>Table des mati\u00e8res[ Show ]Modifier la notice de fondsModifier des exemplairesModifier la notice de fonds La notice de fonds d\u2019acquisition doit \u00eatre modifi\u00e9e : 2 possibilit\u00e9s : \u21d2 A partir de l\u2019\u00e9diteur de m\u00e9tadonn\u00e9es Voir l\u2019inventaire Et modifier la notice&#8230;<\/p>\n","protected":false},"author":46,"featured_media":0,"parent":18696,"menu_order":1,"comment_status":"closed","ping_status":"closed","template":"","meta":[],"post_mailing_queue_ids":[],"_links":{"self":[{"href":"https:\/\/rebub.u-bordeaux.fr\/index.php\/wp-json\/wp\/v2\/pages\/18713"}],"collection":[{"href":"https:\/\/rebub.u-bordeaux.fr\/index.php\/wp-json\/wp\/v2\/pages"}],"about":[{"href":"https:\/\/rebub.u-bordeaux.fr\/index.php\/wp-json\/wp\/v2\/types\/page"}],"author":[{"embeddable":true,"href":"https:\/\/rebub.u-bordeaux.fr\/index.php\/wp-json\/wp\/v2\/users\/46"}],"replies":[{"embeddable":true,"href":"https:\/\/rebub.u-bordeaux.fr\/index.php\/wp-json\/wp\/v2\/comments?post=18713"}],"version-history":[{"count":3,"href":"https:\/\/rebub.u-bordeaux.fr\/index.php\/wp-json\/wp\/v2\/pages\/18713\/revisions"}],"predecessor-version":[{"id":20589,"href":"https:\/\/rebub.u-bordeaux.fr\/index.php\/wp-json\/wp\/v2\/pages\/18713\/revisions\/20589"}],"up":[{"embeddable":true,"href":"https:\/\/rebub.u-bordeaux.fr\/index.php\/wp-json\/wp\/v2\/pages\/18696"}],"wp:attachment":[{"href":"https:\/\/rebub.u-bordeaux.fr\/index.php\/wp-json\/wp\/v2\/media?parent=18713"}],"curies":[{"name":"wp","href":"https:\/\/api.w.org\/{rel}","templated":true}]}}