	{"id":18761,"date":"2024-03-22T09:35:55","date_gmt":"2024-03-22T08:35:55","guid":{"rendered":"https:\/\/rebub.u-bordeaux.fr\/?page_id=18761"},"modified":"2025-03-11T10:11:58","modified_gmt":"2025-03-11T09:11:58","slug":"configuration-des-demandes","status":"publish","type":"page","link":"https:\/\/rebub.u-bordeaux.fr\/index.php\/alma\/configuration-administration\/services-aux-usagers\/coniguration-des-demandes\/configuration-des-demandes\/","title":{"rendered":"Configuration des demandes"},"content":{"rendered":"<div id='wpig-floatingbar' class='wpig-floatingbar'><div id='wpig-switch-wrapper' class='wpig-switch-wrapper'><span id='wpig-floating-switch' class='wpig-floating-switch'><img src='https:\/\/rebub.u-bordeaux.fr\/wp-content\/plugins\/sticky-toc-advance-table-of-contents\/\\assets\\menu.png'><\/span><\/div><div id='wpig-contents' class='wpig-contents  wpig-sidebar-widget wpig-style-3'><span class='wpig-headline'>Table des mati\u00e8res<span><a data-action='show' class='wpig-btn-toggledisplay'>[ Show ]<\/a><\/span><\/span><!-- Table of Contents --><div id='wpig-table-of-content' class='wpig-table-of-content'><ol><li class='les_services_offerts_sont_reservation_communication_magasin_et_numerisation'><a href='#les_services_offerts_sont_reservation_communication_magasin_et_numerisation'>Les services offerts sont : r\u00e9servation, communication magasin et num\u00e9risation.<\/a><\/li><li class='configuration_des_reservations'><a href='#configuration_des_reservations'>Configuration des r\u00e9servations<\/a><\/li><li class='stoc-configuration-de-la-demande-de-communication-magasin'><a href='#stoc-configuration-de-la-demande-de-communication-magasin'>Configuration de la demande de communication magasin<\/a><\/li><li class='configuration_du_retrait_de_la_demande'><a href='#configuration_du_retrait_de_la_demande'>Configuration du retrait de la demande<\/a><\/li><li class='comment_masquer_le_bouton_demander_reserver_a_l_affichage_dans_primo'><a href='#comment_masquer_le_bouton_demander_reserver_a_l_affichage_dans_primo'>Comment d\u00e9sactiver le service de demandes ?<\/a><\/li><\/ol><\/div><!-- END OF Table of Contents --><\/div><\/div><p><div id='wpig-contents' class='wpig-contents  wpig-sidebar-widget wpig-style-1'><span class='wpig-headline'>Table des mati\u00e8res<span><a data-action='show' class='wpig-btn-toggledisplay'>[ Show ]<\/a><\/span><\/span><!-- Table of Contents --><div id='wpig-table-of-content' class='wpig-table-of-content' ><ol><li class='les_services_offerts_sont_reservation_communication_magasin_et_numerisation'><a href='#les_services_offerts_sont_reservation_communication_magasin_et_numerisation'>Les services offerts sont : r\u00e9servation, communication magasin et num\u00e9risation.<\/a><\/li><li class='configuration_des_reservations'><a href='#configuration_des_reservations'>Configuration des r\u00e9servations<\/a><\/li><li class='stoc-configuration-de-la-demande-de-communication-magasin'><a href='#stoc-configuration-de-la-demande-de-communication-magasin'>Configuration de la demande de communication magasin<\/a><\/li><li class='configuration_du_retrait_de_la_demande'><a href='#configuration_du_retrait_de_la_demande'>Configuration du retrait de la demande<\/a><\/li><li class='comment_masquer_le_bouton_demander_reserver_a_l_affichage_dans_primo'><a href='#comment_masquer_le_bouton_demander_reserver_a_l_affichage_dans_primo'>Comment d\u00e9sactiver le service de demandes ?<\/a><\/li><\/ol><\/div><!-- END OF Table of Contents --><\/div><\/p>\n<h2 id=\"les_services_offerts_sont_reservation_communication_magasin_et_numerisation\" id=\"les_services_offerts_sont_reservation_communication_magasin_et_numerisation\" class=\"wpig-heading\">Les services offerts sont : r\u00e9servation, communication magasin et num\u00e9risation.<\/h2>\n\n\n\n<div class=\"level3\">\n<p><span style=\"color: #009de0;\"><strong>Ces conditions sont d\u00e9finies dans l&rsquo;institution R\u00e9seau puis distribu\u00e9es dans les autres institutions.<\/strong><\/span><\/p>\n<p>Au niveau des <em>R\u00e8gles et conditions d&rsquo;utilisations<\/em>, les conditions d&rsquo;utilisation de type <em>Demande<\/em> suivantes sont d\u00e9finies avec les valeurs appropri\u00e9es pour les r\u00e8gles Alma (en italique):<\/p>\n<div class=\"table-responsive\">\n<table class=\"inline table table-striped table-condensed\">\n<tbody>\n<tr class=\"row0\">\n<td class=\"col0\"><strong>Nom de la r\u00e8gle<\/strong><\/td>\n<td class=\"col1\"><strong>Num\u00e9risable<\/strong><\/td>\n<td class=\"col2\"><strong>R\u00e9servation<\/strong><\/td>\n<td class=\"col3\"><strong>Communication magasin<\/strong><\/td>\n<td class=\"col4\"><strong><em>Is Digitizable<\/em><\/strong><\/td>\n<td class=\"col5\"><strong><em>Is Requestable<\/em><\/strong><\/td>\n<td class=\"col6\"><strong><em>Pickup locations<\/em><\/strong><\/td>\n<td class=\"col7\"><strong><em>Onshelf Request Policy<\/em><\/strong><\/td>\n<\/tr>\n<tr class=\"row1\">\n<td class=\"col0\"><strong>Non demandable mais num\u00e9risable <\/strong><\/td>\n<td class=\"col1 leftalign\">Oui<\/td>\n<td class=\"col2 leftalign\">Non<\/td>\n<td class=\"col3 leftalign\">Non<\/td>\n<td class=\"col4 leftalign\"><em>Is digitizable<\/em><\/td>\n<td class=\"col5 leftalign\"><em>Requestable<\/em><\/td>\n<td class=\"col6 leftalign\"><em>Pickup only in owning library<\/em><\/td>\n<td class=\"col7 leftalign\"><em>Allow pickup anywhere regardless of availability<\/em><\/td>\n<\/tr>\n<tr class=\"row2\">\n<td class=\"col0 leftalign\"><strong>R\u00e9servation possible<\/strong><\/td>\n<td class=\"col1 leftalign\">Non<\/td>\n<td class=\"col2 leftalign\">Oui<\/td>\n<td class=\"col3 leftalign\">Non<\/td>\n<td class=\"col4 leftalign\"><em>Not digitizable<\/em><\/td>\n<td class=\"col5 leftalign\"><em>Requestable<\/em><\/td>\n<td class=\"col6 leftalign\"><em>Pickup only in owning library<\/em><\/td>\n<td class=\"col7\"><em>Use fulfillment unit definition <\/em><\/td>\n<\/tr>\n<tr class=\"row3\">\n<td class=\"col0\"><strong>R\u00e9servation possible et num\u00e9risable <\/strong><\/td>\n<td class=\"col1 leftalign\">Oui<\/td>\n<td class=\"col2 leftalign\">Oui<\/td>\n<td class=\"col3 leftalign\">Non<\/td>\n<td class=\"col4\"><em>Is digitizable <\/em><\/td>\n<td class=\"col5 leftalign\"><em>Requestable<\/em><\/td>\n<td class=\"col6 leftalign\"><em>Pickup only in owning library<\/em><\/td>\n<td class=\"col7 leftalign\"><em>Use fulfillment unit definition<\/em><\/td>\n<\/tr>\n<tr class=\"row4\">\n<td class=\"col0\"><strong>Communication magasin <\/strong><\/td>\n<td class=\"col1 leftalign\">Non<\/td>\n<td class=\"col2 leftalign\">Non<\/td>\n<td class=\"col3 leftalign\">Oui<\/td>\n<td class=\"col4 leftalign\"><em>Not digitizable<\/em><\/td>\n<td class=\"col5 leftalign\"><em>Requestable<\/em><\/td>\n<td class=\"col6 leftalign\"><em>Pickup only in owning library<\/em><\/td>\n<td class=\"col7 leftalign\"><em>Allow pickup anywhere regardless of availability<\/em><\/td>\n<\/tr>\n<tr class=\"row5\">\n<td class=\"col0 leftalign\"><strong>Communication magasin num\u00e9risable<\/strong><\/td>\n<td class=\"col1 leftalign\">Oui<\/td>\n<td class=\"col2 leftalign\">Non<\/td>\n<td class=\"col3 leftalign\">Oui<\/td>\n<td class=\"col4\"><em>Is digitizable <\/em><\/td>\n<td class=\"col5 leftalign\"><em>Requestable<\/em><\/td>\n<td class=\"col6\"><em>Pickup only in owning library <\/em><\/td>\n<td class=\"col7 leftalign\"><em>Allow pickup anywhere regardless of availability<\/em><\/td>\n<\/tr>\n<tr class=\"row6\">\n<td class=\"col0 leftalign\"><strong>Default terms of use<\/strong><\/td>\n<td class=\"col1 leftalign\">Non<\/td>\n<td class=\"col2 leftalign\">Non<\/td>\n<td class=\"col3 leftalign\">Non<\/td>\n<td class=\"col4 leftalign\"><em>Not digitizable<\/em><\/td>\n<td class=\"col5 leftalign\"><em>Not requestable<\/em><\/td>\n<td class=\"col6 leftalign\">Na<\/td>\n<td class=\"col7 leftalign\">Na<\/td>\n<\/tr>\n<\/tbody>\n<\/table>\n<\/div>\n<\/div>\n\n\n\n<h2 id=\"configuration_des_reservations\" id=\"configuration_des_reservations\" class=\"wpig-heading\">Configuration des r\u00e9servations<\/h2>\n\n\n\n<p>La r\u00e9servation de documents telle qu&rsquo;offerte dans le r\u00e9seau est g\u00e9r\u00e9e au niveau de la biblioth\u00e8que propri\u00e9taire du document s\u00e9lectionn\u00e9 par le lecteur. Il n&rsquo;est pas possible au lecteur de cr\u00e9er une r\u00e9servation au niveau de l&rsquo;institution : <br>&#8211; le lecteur ne peut r\u00e9server un document que si tous les exemplaires correspondants poss\u00e9d\u00e9s par la biblioth\u00e8que sont emprunt\u00e9s. <br>&#8211; le lecteur ne peut retirer le document que dans la biblioth\u00e8que \u00e0 qui appartient le document.<\/p>\n\n\n\n<div class=\"is-layout-constrained wp-block-group bord-bloc-reutilisable\"><div class=\"wp-block-group__inner-container\">\n<div class=\"is-layout-flex wp-container-3 wp-block-columns alignfull bord-bloc-reutilisable has-background\" style=\"background-color:#ff303047\">\n<div class=\"is-layout-flow wp-block-column is-vertically-aligned-center\" style=\"flex-basis:7%\">\n<figure class=\"wp-block-image alignfull size-full\"><img decoding=\"async\" loading=\"lazy\" width=\"512\" height=\"512\" src=\"https:\/\/rebub.u-bordeaux.fr\/wp-content\/uploads\/2024\/04\/point-dexclamation.png\" alt=\"\" class=\"wp-image-19898\" srcset=\"https:\/\/rebub.u-bordeaux.fr\/wp-content\/uploads\/2024\/04\/point-dexclamation.png 512w, https:\/\/rebub.u-bordeaux.fr\/wp-content\/uploads\/2024\/04\/point-dexclamation-300x300.png 300w, https:\/\/rebub.u-bordeaux.fr\/wp-content\/uploads\/2024\/04\/point-dexclamation-150x150.png 150w\" sizes=\"(max-width: 512px) 100vw, 512px\" \/><\/figure>\n<\/div>\n\n\n\n<div class=\"is-layout-flow wp-block-column is-vertically-aligned-center\" style=\"flex-basis:85%\">\n<p><strong>Attention !<\/strong> Si l&rsquo;agent effectue la demande dans Alma pour le compte du lecteur, il la cr\u00e9era sur l&rsquo;exemplaire physique alors que si le lecteur demande le document via Babord+, la demande sera cr\u00e9\u00e9e au niveau du titre physique (c&rsquo;est donc le premier exemplaire retourn\u00e9 qui sera affect\u00e9 au lecteur).<\/p>\n<\/div>\n<\/div>\n<\/div><\/div>\n\n\n\n<p><strong>Dans l&rsquo;onglet \u201cD\u00e9tails de l&rsquo;unit\u00e9 de services aux usagers\u201d, toutes les unit\u00e9s de services ont pour param\u00e8tre \u201cPas de demande possible pour les donn\u00e9es disponibles\u201d. Il en est de m\u00eame pour l&rsquo;unit\u00e9 de service COMMUN de l&rsquo;institution R\u00e9seau.<\/strong> Ce param\u00e9trage conditionne la demande de document dans une biblioth\u00e8que \u00e0 la sortie de tous les exemplaires appartenant \u00e0 la biblioth\u00e8que.<\/p>\n\n\n\n<p>Les r\u00e8gles suivantes de l&rsquo;unit\u00e9 de services COMMUN s&rsquo;appliquent avant celles de l&rsquo;unit\u00e9 de services de l&rsquo;institution :<\/p>\n\n\n\n<figure class=\"wp-block-table\"><table><thead><tr><th>Nom de la r\u00e8gle<\/th><th>Description<\/th><\/tr><\/thead><tbody><tr><td>Lecteurs non-inscrits<\/td><td>Pas de r\u00e9servation possible pour les lecteurs non-inscrits<\/td><\/tr><tr><td>Compte utilisateur sp\u00e9cial<\/td><td>R\u00e9servation possible pour les comptes sp\u00e9ciaux<\/td><\/tr><tr><td>Num\u00e9risable mais pas consultable<\/td><td>Non demandable mais num\u00e9risable<\/td><\/tr><tr><td>Non consultable<\/td><td>Pas de r\u00e9servation possible pour les documents non consultables<\/td><\/tr><tr><td>Document sp\u00e9cial<\/td><td>Pas de r\u00e9servation possible pour les documents sp\u00e9ciaux<\/td><\/tr><tr><td>Consultation soumise \u00e0 condition<\/td><td>Pas de r\u00e9servation possible pour les documents en consultation soumise \u00e0 condition<\/td><\/tr><\/tbody><\/table><\/figure>\n\n\n\n<p><strong>Les biblioth\u00e8ques suivantes n&rsquo;offrent pas le service de r\u00e9servation<\/strong> :<\/p>\n\n\n\n<ul>\n<li>Biblioth\u00e8que d&rsquo;\u00e9conomie<\/li>\n\n\n\n<li>Biblioth\u00e8ques associ\u00e9es de droit et d&rsquo;\u00e9conomie<\/li>\n\n\n\n<li>les localisations Manuels et Concours du CRD ESPE Caud\u00e9ran<\/li>\n<\/ul>\n\n\n\n<p>Par institution, dans l&rsquo;onglet \u201cR\u00e8gles de l&rsquo;unit\u00e9 de services aux usagers\u201d, pour chaque unit\u00e9 de service, des r\u00e8gles de type \u201cDemande\u201d sont configur\u00e9es. Ces r\u00e8gles d\u00e9terminent les conditions d&rsquo;utilisation des demandes. La liste de r\u00e8gles est lue de haut en bas par le syst\u00e8me qui applique la premi\u00e8re r\u00e8gle qui correspond \u00e0 la situation.<\/p>\n\n\n\n<div class=\"is-layout-constrained wp-block-group bord-bloc-reutilisable\"><div class=\"wp-block-group__inner-container\">\n<div class=\"is-layout-flex wp-container-7 wp-block-columns alignfull bord-bloc-reutilisable has-background\" style=\"background-color:#ff303047\">\n<div class=\"is-layout-flow wp-block-column is-vertically-aligned-center\" style=\"flex-basis:7%\">\n<figure class=\"wp-block-image alignfull size-full\"><img decoding=\"async\" loading=\"lazy\" width=\"512\" height=\"512\" src=\"https:\/\/rebub.u-bordeaux.fr\/wp-content\/uploads\/2024\/04\/point-dexclamation.png\" alt=\"\" class=\"wp-image-19898\" srcset=\"https:\/\/rebub.u-bordeaux.fr\/wp-content\/uploads\/2024\/04\/point-dexclamation.png 512w, https:\/\/rebub.u-bordeaux.fr\/wp-content\/uploads\/2024\/04\/point-dexclamation-300x300.png 300w, https:\/\/rebub.u-bordeaux.fr\/wp-content\/uploads\/2024\/04\/point-dexclamation-150x150.png 150w\" sizes=\"(max-width: 512px) 100vw, 512px\" \/><\/figure>\n<\/div>\n\n\n\n<div class=\"is-layout-flow wp-block-column is-vertically-aligned-center\" style=\"flex-basis:85%\">\n<p><strong>Attention !<\/strong> Dans le cas d&rsquo;une publication en plusieurs volumes catalogu\u00e9es sous la m\u00eame notice, le lecteur peut \u00eatre emp\u00each\u00e9 de r\u00e9server un volume sp\u00e9cifique si l&rsquo;autre est toujours en rayonnage. Ce qui est logique puisque la r\u00e9servation se fait un niveau de la holding. Pour r\u00e9soudre ce probl\u00e8me, il suffit de rajouter les informations sur la num\u00e9rotation, dans le champ \u201cNum\u00e9rotation A\u201d des exemplaires.<\/p>\n<\/div>\n<\/div>\n<\/div><\/div>\n\n\n\n<h2 id=\"stoc-configuration-de-la-demande-de-communication-magasin\" class=\"wpig-heading\">Configuration de la demande de communication magasin<\/h2>\n\n\n\n<div class=\"level3\">\n<p>Ce service est offert initialement \u00e0 la BU DSPE et a \u00e9t\u00e9 \u00e9tendu \u00e0 toutes les biblioth\u00e8ques : l&rsquo;usager a la possibilit\u00e9 de demander via son compte lecteur dans Primo un document pr\u00e9sent en magasin, il lui est mis \u00e0 disposition pendant 5 \u00e0 7 jours.<\/p>\n<p>Dans l&rsquo;institution, configurer les r\u00e8gles de type demande pour les unit\u00e9s de service magasin : ajouter <em class=\"u\">en haut de la liste<\/em> une r\u00e8gle avec en param\u00e8tre d&rsquo;entr\u00e9e toutes les localisations correspondantes (par exemple, la BU DSPE) et en param\u00e8tre de sortie la condition d&rsquo;utilisation appropri\u00e9e:<\/p>\n<ul>\n<li class=\"li\">\u201cCommunication magasin\u201d<\/li>\n<li class=\"li\">\u201cCommunication magasin &#8211; num\u00e9risable\u201d<\/li>\n<\/ul>\n<p>Dans la condition d&rsquo;utilisation autorisant cette communication magasin (\u201cCommunication magasin\u201d ou \u201cCommunication magasin &#8211; num\u00e9risable\u201d), la r\u00e8gle <em>Onshelf Request Policy<\/em> = <em>Allow pickup anywhere regardless of availability<\/em>. Cela permet de passer outre la condition <em>Pas de demande possible pour les donn\u00e9es disponibles<\/em> de l&rsquo;unit\u00e9 de service. NB : les r\u00e9servations de documents en magasin \u00e0 la BU DSPE sont de ce fait possibles.<\/p>\n<p>V\u00e9rifier l&rsquo;affichage dans Primo.<\/p>\n<\/div>\n\n\n\n<h2 id=\"configuration_du_retrait_de_la_demande\" id=\"configuration_du_retrait_de_la_demande\" class=\"wpig-heading\">Configuration du retrait de la demande<\/h2>\n\n\n\n<div class=\"level3\">\n<p>Cette table d\u00e9finit les conditions de l&rsquo;expiration d&rsquo;une demande, plus pr\u00e9cis\u00e9ment le d\u00e9lai pour \u201cPrendre en rayon\u201d le document. Il existe une r\u00e8gle par type de demande. Le param\u00e8tre de sortie \u201cConsid\u00e9rer comme manquant quand expir\u00e9\u201d est valoris\u00e9 \u00e0 \u201cJamais\u201d.<\/p>\n<p>NB : le d\u00e9lai que l&rsquo;usager a pour retirer le document une fois qu&rsquo;il est mis de c\u00f4t\u00e9 sur l&rsquo;\u00e9tag\u00e8re \u201cHold Shelf\u201d est la date la plus proche entre celles d\u00e9termin\u00e9es par les deux param\u00e8tres suivants:<\/p>\n<ul>\n<li class=\"li\">Au niveau du bureau de pr\u00eat, le param\u00e8tre <em>dur\u00e9e maximale sur le rayon des r\u00e9servations<\/em><\/li>\n<li class=\"li\">Au niveau de la condition d&rsquo;utilisation correspondante, le param\u00e8tre <em>Hold Shelf Period<\/em><\/li>\n<\/ul>\n<\/div>\n\n\n\n<h2 id=\"comment_masquer_le_bouton_demander_reserver_a_l_affichage_dans_primo\" id=\"comment_masquer_le_bouton_demander_reserver_a_l_affichage_dans_primo\" class=\"wpig-heading\">Comment d\u00e9sactiver le service de demandes ?<\/h2>\n\n\n\n<div class=\"level3\">\n<p>Deux possibilit\u00e9s existent pour d\u00e9sactiver le service des demandes : soit au niveau de l&rsquo;institution (pour toutes les biblioth\u00e8ques) soit au niveau de la biblioth\u00e8que.\n\nLa premi\u00e8re solution est surtout utilis\u00e9e pendant les fermetures estivales de biblioth\u00e8ques pour \u00e9viter en particulier l&rsquo;accumulation des demandes de documents magasin \u00e0 la BU DSPE : dans le menu Configuration \/ Services aux usagers \/ Logique d&rsquo;affichage de l&rsquo;interface de d\u00e9couverte, ajouter et activer la r\u00e8gle \u201cCacher le service Hold Request\u201d. \n\nLa deuxi\u00e8me solution est rendue possible par le param\u00e9trage des r\u00e8gles de demande distinguant chaque biblioth\u00e8que : pour d\u00e9sactiver les demandes pour une biblioth\u00e8que ou une partie de ses collections, il suffit de d\u00e9sactiver la r\u00e8gle correspondante dans les unit\u00e9s de services aux usagers.<\/p>\n<\/div>\n\n\n\n<div class=\"is-layout-flex wp-container-14 wp-block-columns bord-bloc-reutilisable has-background\" style=\"background-color:#d9edf7\">\n<div class=\"is-layout-flow wp-block-column is-vertically-aligned-center\" style=\"font-size:15px;flex-basis:20%\">\n<p style=\"font-size:15px\"><strong>Date de publication<\/strong> <\/p>\n\n\n<div style=\"font-size:15px;\" class=\"wp-block-post-date\"><time datetime=\"2024-03-22T09:35:55+01:00\">22 mars 2024<\/time><\/div><\/div>\n\n\n\n<div class=\"is-layout-flow wp-block-column is-vertically-aligned-center\" style=\"font-size:15px;flex-basis:20%\">\n<p><strong>Mis \u00e0 jour le <\/strong><\/p>\n\n\n<div style=\"font-size:15px;\" class=\"wp-block-post-date\"><time datetime=\"2025-03-11T10:11:58+01:00\">11 mars 2025<\/time><\/div><\/div>\n\n\n\n<div class=\"is-layout-flow wp-block-column is-vertically-aligned-center\" style=\"font-size:15px;flex-basis:40%\">\n<p><\/p>\n\n\n\n<p><strong>Attention ! <\/strong>Certains \u00e9tablissements utilisent parfois de proc\u00e9dures compl\u00e9mentaires <\/p>\n<\/div>\n\n\n\n<div class=\"is-layout-flow wp-block-column is-vertically-aligned-center\" style=\"font-size:15px;flex-basis:25%\">\n<div class=\"is-horizontal is-content-justification-center is-layout-flex wp-container-12 wp-block-buttons alignfull has-custom-font-size\" style=\"font-size:16px\">\n<div class=\"wp-block-button has-custom-width wp-block-button__width-75 has-custom-font-size is-style-fill\" style=\"font-size:15px\"><a class=\"wp-block-button__link has-white-color has-text-color has-background wp-element-button\" href=\"mailto:scoop@u-bordeaux.fr\" style=\"border-radius:65px;background-color:#000000db\"><strong>Signaler une erreur<\/strong><\/a><\/div>\n<\/div>\n<\/div>\n<\/div>\n","protected":false},"excerpt":{"rendered":"<p>Table des mati\u00e8res[ Show ]Les services offerts sont : r\u00e9servation, communication magasin et num\u00e9risation.Configuration des r\u00e9servationsConfiguration de la demande de communication magasinConfiguration du retrait de la demandeComment d\u00e9sactiver le service de demandes ?Les services offerts sont : r\u00e9servation, communication magasin&#8230;<\/p>\n","protected":false},"author":46,"featured_media":0,"parent":18752,"menu_order":0,"comment_status":"closed","ping_status":"closed","template":"","meta":[],"post_mailing_queue_ids":[],"_links":{"self":[{"href":"https:\/\/rebub.u-bordeaux.fr\/index.php\/wp-json\/wp\/v2\/pages\/18761"}],"collection":[{"href":"https:\/\/rebub.u-bordeaux.fr\/index.php\/wp-json\/wp\/v2\/pages"}],"about":[{"href":"https:\/\/rebub.u-bordeaux.fr\/index.php\/wp-json\/wp\/v2\/types\/page"}],"author":[{"embeddable":true,"href":"https:\/\/rebub.u-bordeaux.fr\/index.php\/wp-json\/wp\/v2\/users\/46"}],"replies":[{"embeddable":true,"href":"https:\/\/rebub.u-bordeaux.fr\/index.php\/wp-json\/wp\/v2\/comments?post=18761"}],"version-history":[{"count":5,"href":"https:\/\/rebub.u-bordeaux.fr\/index.php\/wp-json\/wp\/v2\/pages\/18761\/revisions"}],"predecessor-version":[{"id":23455,"href":"https:\/\/rebub.u-bordeaux.fr\/index.php\/wp-json\/wp\/v2\/pages\/18761\/revisions\/23455"}],"up":[{"embeddable":true,"href":"https:\/\/rebub.u-bordeaux.fr\/index.php\/wp-json\/wp\/v2\/pages\/18752"}],"wp:attachment":[{"href":"https:\/\/rebub.u-bordeaux.fr\/index.php\/wp-json\/wp\/v2\/media?parent=18761"}],"curies":[{"name":"wp","href":"https:\/\/api.w.org\/{rel}","templated":true}]}}