	{"id":18790,"date":"2024-03-22T09:36:09","date_gmt":"2024-03-22T08:36:09","guid":{"rendered":"https:\/\/rebub.u-bordeaux.fr\/?page_id=18790"},"modified":"2024-05-06T13:52:31","modified_gmt":"2024-05-06T11:52:31","slug":"les-relances-et-rappels","status":"publish","type":"page","link":"https:\/\/rebub.u-bordeaux.fr\/index.php\/alma\/configuration-administration\/services-aux-usagers\/mails-et-courriers\/les-relances-et-rappels\/","title":{"rendered":"Param\u00e9trages des relances et des imprimantes"},"content":{"rendered":"<div id='wpig-floatingbar' class='wpig-floatingbar'><div id='wpig-switch-wrapper' class='wpig-switch-wrapper'><span id='wpig-floating-switch' class='wpig-floating-switch'><img src='https:\/\/rebub.u-bordeaux.fr\/wp-content\/plugins\/sticky-toc-advance-table-of-contents\/\\assets\\menu.png'><\/span><\/div><div id='wpig-contents' class='wpig-contents  wpig-sidebar-widget wpig-style-3'><span class='wpig-headline'>Table des mati\u00e8res<span><a data-action='show' class='wpig-btn-toggledisplay'>[ Show ]<\/a><\/span><\/span><!-- Table of Contents --><div id='wpig-table-of-content' class='wpig-table-of-content'><ol><li class='configuration'><a href='#configuration'>Configuration des lettres de relances<\/a><\/li><li class='configuration_des_imprimantes'><a href='#configuration_des_imprimantes'>Configuration des imprimantes<\/a><\/li><\/div><!-- END OF Table of Contents --><\/div><\/div><p><div id='wpig-contents' class='wpig-contents  wpig-sidebar-widget wpig-style-1'><span class='wpig-headline'>Table des mati\u00e8res<span><a data-action='show' class='wpig-btn-toggledisplay'>[ Show ]<\/a><\/span><\/span><!-- Table of Contents --><div id='wpig-table-of-content' class='wpig-table-of-content' ><ol><li class='configuration'><a href='#configuration'>Configuration des lettres de relances<\/a><\/li><li class='configuration_des_imprimantes'><a href='#configuration_des_imprimantes'>Configuration des imprimantes<\/a><\/li><\/div><!-- END OF Table of Contents --><\/div><\/p>\n<h2 id=\"configuration\" id=\"configuration\" class=\"wpig-heading\">Configuration des lettres de relances<\/h2>\n\n\n\n<div class=\"level2\">\n<p>La configuration peut \u00eatre amen\u00e9e \u00e0 \u00e9voluer. Un mode de saisie unique a \u00e9t\u00e9 adopt\u00e9 pour permettre de partir d&rsquo;une configuration commune et de tester les capacit\u00e9s d&rsquo;Alma dans ce domaine.<\/p>\n<p>Ces traitements sont configur\u00e9s dans la table de configuration des <strong><em>Services aux Usagers \/ Services aux usagers &#8211; exemplaires physiques : Profil de pr\u00eat perdu et en retard<\/em><\/strong> pour une ex\u00e9cution quotidienne:<\/p>\n<ul>\n<li class=\"li\">Les traitements \u201c1e rappel\u201d et \u201c2e rappel\u201d traitent indiff\u00e9remment les documents de toute l&rsquo;institution.<\/li>\n<li class=\"li\">Pour l&rsquo;UB et pour Bordeaux INP, les traitements \u201c3e rappel\u201d sont planifi\u00e9s par biblioth\u00e8que afin de permettre la gestion de ces courriers dans les biblioth\u00e8ques concern\u00e9es.<\/li>\n<\/ul>\n<\/div>\n\n\n\n<h2 id=\"configuration_des_imprimantes\" id=\"configuration_des_imprimantes\" class=\"wpig-heading\">Configuration des imprimantes<\/h2>\n\n\n\n<div class=\"level2\">\n<p><strong>Les imprimantes utilis\u00e9es pour l&rsquo;impression des courriers de rappel sont \u00e0 d\u00e9clarer au niveau de l&rsquo;institution.<\/strong><\/p>\n<p>Pour l&rsquo;universit\u00e9 de Bordeaux: <a class=\"media mediafile mf_xlsx\" title=\"new:administration_configuration:alma:services_aux_usagers:communication_aux_usagers:configuration_imprimantes.xlsx (9&nbsp;KB)\" href=\"http:\/\/rebub.u-bordeaux.fr\/wp-content\/uploads\/2021\/05\/configuration_imprimantes.xlsx\" target=\"_blank\" rel=\"noopener noreferrer\">configuration_imprimantes.xlsx<\/a><\/p>\n<p>Dans les autres institutions: <a class=\"media mediafile mf_xlsx\" title=\"new:administration_configuration:alma:services_aux_usagers:communication_aux_usagers:configuration_imprimantes_autres_institutions.xlsx (8.4&nbsp;KB)\" href=\"http:\/\/rebub.u-bordeaux.fr\/wp-content\/uploads\/2021\/05\/configuration_imprimantes_autres_institutions.xlsx\" target=\"_blank\" rel=\"noopener noreferrer\">configuration_imprimantes_autres_institutions.xlsx<\/a><\/p>\n<p>NB : Pour chaque biblioth\u00e8que de Bordeaux INP, la m\u00eame imprimante (m\u00eame code imprimante) est \u00e9galement d\u00e9clar\u00e9e au niveau de la biblioth\u00e8que et associ\u00e9e au bureau de pr\u00eat.<\/p>\n<p><strong>Pour l&rsquo;UBM, le souhait exprim\u00e9 est de pouvoir lancer les impressions des 3e rappels sur n&rsquo;importe quelle imprimante de la BUL, qui g\u00e8re les courriers pour toute l&rsquo;institution.<\/strong><\/p>\n<\/div>\n\n\n\n<div class=\"is-layout-flex wp-container-6 wp-block-columns bord-bloc-reutilisable has-background\" style=\"background-color:#d9edf7\">\n<div class=\"is-layout-flow wp-block-column is-vertically-aligned-center\" style=\"font-size:15px;flex-basis:20%\">\n<p style=\"font-size:15px\"><strong>Date de publication<\/strong> <\/p>\n\n\n<div style=\"font-size:15px;\" class=\"wp-block-post-date\"><time datetime=\"2024-03-22T09:36:09+01:00\">22 mars 2024<\/time><\/div><\/div>\n\n\n\n<div class=\"is-layout-flow wp-block-column is-vertically-aligned-center\" style=\"font-size:15px;flex-basis:20%\">\n<p><strong>Mis \u00e0 jour le <\/strong><\/p>\n\n\n<div style=\"font-size:15px;\" class=\"wp-block-post-date\"><time datetime=\"2024-05-06T13:52:31+02:00\">6 mai 2024<\/time><\/div><\/div>\n\n\n\n<div class=\"is-layout-flow wp-block-column is-vertically-aligned-center\" style=\"font-size:15px;flex-basis:40%\">\n<p><\/p>\n\n\n\n<p><strong>Attention ! <\/strong>Certains \u00e9tablissements utilisent parfois de proc\u00e9dures compl\u00e9mentaires <\/p>\n<\/div>\n\n\n\n<div class=\"is-layout-flow wp-block-column is-vertically-aligned-center\" style=\"font-size:15px;flex-basis:25%\">\n<div class=\"is-horizontal is-content-justification-center is-layout-flex wp-container-4 wp-block-buttons alignfull has-custom-font-size\" style=\"font-size:16px\">\n<div class=\"wp-block-button has-custom-width wp-block-button__width-75 has-custom-font-size is-style-fill\" style=\"font-size:15px\"><a class=\"wp-block-button__link has-white-color has-text-color has-background wp-element-button\" href=\"mailto:scoop@u-bordeaux.fr\" style=\"border-radius:65px;background-color:#000000db\"><strong>Signaler une erreur<\/strong><\/a><\/div>\n<\/div>\n<\/div>\n<\/div>\n","protected":false},"excerpt":{"rendered":"<p>Table des mati\u00e8res[ Show ]Configuration des lettres de relancesConfiguration des imprimantesConfiguration des lettres de relances La configuration peut \u00eatre amen\u00e9e \u00e0 \u00e9voluer. Un mode de saisie unique a \u00e9t\u00e9 adopt\u00e9 pour permettre de partir d&rsquo;une configuration commune et de tester&#8230;<\/p>\n","protected":false},"author":46,"featured_media":0,"parent":18753,"menu_order":3,"comment_status":"closed","ping_status":"closed","template":"","meta":[],"post_mailing_queue_ids":[],"_links":{"self":[{"href":"https:\/\/rebub.u-bordeaux.fr\/index.php\/wp-json\/wp\/v2\/pages\/18790"}],"collection":[{"href":"https:\/\/rebub.u-bordeaux.fr\/index.php\/wp-json\/wp\/v2\/pages"}],"about":[{"href":"https:\/\/rebub.u-bordeaux.fr\/index.php\/wp-json\/wp\/v2\/types\/page"}],"author":[{"embeddable":true,"href":"https:\/\/rebub.u-bordeaux.fr\/index.php\/wp-json\/wp\/v2\/users\/46"}],"replies":[{"embeddable":true,"href":"https:\/\/rebub.u-bordeaux.fr\/index.php\/wp-json\/wp\/v2\/comments?post=18790"}],"version-history":[{"count":3,"href":"https:\/\/rebub.u-bordeaux.fr\/index.php\/wp-json\/wp\/v2\/pages\/18790\/revisions"}],"predecessor-version":[{"id":21004,"href":"https:\/\/rebub.u-bordeaux.fr\/index.php\/wp-json\/wp\/v2\/pages\/18790\/revisions\/21004"}],"up":[{"embeddable":true,"href":"https:\/\/rebub.u-bordeaux.fr\/index.php\/wp-json\/wp\/v2\/pages\/18753"}],"wp:attachment":[{"href":"https:\/\/rebub.u-bordeaux.fr\/index.php\/wp-json\/wp\/v2\/media?parent=18790"}],"curies":[{"name":"wp","href":"https:\/\/api.w.org\/{rel}","templated":true}]}}