	{"id":18871,"date":"2024-03-22T09:37:37","date_gmt":"2024-03-22T08:37:37","guid":{"rendered":"https:\/\/rebub.u-bordeaux.fr\/?page_id=18871"},"modified":"2024-05-02T11:49:53","modified_gmt":"2024-05-02T09:49:53","slug":"introduction-a-babord","status":"publish","type":"page","link":"https:\/\/rebub.u-bordeaux.fr\/index.php\/babord\/procedures\/generalites\/introduction-a-babord\/","title":{"rendered":"Introduction \u00e0 Babord +"},"content":{"rendered":"<div id='wpig-floatingbar' class='wpig-floatingbar'><div id='wpig-switch-wrapper' class='wpig-switch-wrapper'><span id='wpig-floating-switch' class='wpig-floating-switch'><img src='https:\/\/rebub.u-bordeaux.fr\/wp-content\/plugins\/sticky-toc-advance-table-of-contents\/\\assets\\menu.png'><\/span><\/div><\/div><p><\/p>\n<p>Chaque \u00e9tablissement du r\u00e9seau bordelais dispose de sa propre vue, il y a donc 5 Babord +.<\/p>\n\n\n\n<p>Une <a href=\"https:\/\/babordplus.u-bordeaux.fr\/\" data-type=\"URL\" data-id=\"https:\/\/babordplus.u-bordeaux.fr\/\">page d\u2019accueil<\/a> a \u00e9t\u00e9 d\u00e9velopp\u00e9e afin d\u2019avoir un point d\u2019acc\u00e8s central aux 5 catalogues. <\/p>\n\n\n\n<p>Chaque catalogue dispose de sa <a href=\"http:\/\/rebub.u-bordeaux.fr\/index.php\/babord\/procedures\/generalites\/babord\/\" data-type=\"URL\" data-id=\"http:\/\/rebub.u-bordeaux.fr\/index.php\/babord\/procedures\/generalites\/babord\/\">propre adresse URL<\/a>.<\/p>\n\n\n\n<p>Chaque catalogue donne acc\u00e8s :<\/p>\n\n\n\n<ul>\n<li>\u00c0 l\u2019ensemble des ressources imprim\u00e9es du r\u00e9seau<\/li>\n\n\n\n<li>Aux seules ressources \u00e9lectroniques souscrites par l\u2019\u00e9tablissement propri\u00e9taire de<br>l\u2019interface Babord +<\/li>\n\n\n\n<li>Aux ressources \u00e9lectroniques mise \u00e0 disposition par Ex Libris et activ\u00e9es par les<br>\u00e9tablissements<\/li>\n<\/ul>\n\n\n\n<p>En revanche, certaines fonctionnalit\u00e9s et certains services diff\u00e8rent d\u2019un catalogue \u00e0 l\u2019autre.<\/p>\n\n\n\n<p>La maquette graphique est commune mais il peut y avoir quelques diff\u00e9rences graphiques, les interfaces sont aux couleurs des \u00e9tablissements notamment.<\/p>\n\n\n\n<p>Derri\u00e8re Babord + se cache <a href=\"http:\/\/rebub.u-bordeaux.fr\/index.php\/babord\/procedures\/generalites\/introduction-a-primo\/\" data-type=\"URL\" data-id=\"http:\/\/rebub.u-bordeaux.fr\/index.php\/babord\/procedures\/generalites\/introduction-a-primo\/\">Primo<\/a>, le nom commercial de l\u2019outil qui g\u00e8re le catalogue public.<br>En dehors du Scoop et du groupe de travail sur le catalogue, personne n\u2019entend parler de Primo et seul le Scoop a acc\u00e8s au back office.<\/p>\n\n\n\n<div class=\"is-layout-flex wp-container-6 wp-block-columns bord-bloc-reutilisable has-background\" style=\"background-color:#d9edf7\">\n<div class=\"is-layout-flow wp-block-column is-vertically-aligned-center\" style=\"font-size:15px;flex-basis:20%\">\n<p style=\"font-size:15px\"><strong>Date de publication<\/strong> <\/p>\n\n\n<div style=\"font-size:15px;\" class=\"wp-block-post-date\"><time datetime=\"2024-03-22T09:37:37+01:00\">22 mars 2024<\/time><\/div><\/div>\n\n\n\n<div class=\"is-layout-flow wp-block-column is-vertically-aligned-center\" style=\"font-size:15px;flex-basis:20%\">\n<p><strong>Mis \u00e0 jour le <\/strong><\/p>\n\n\n<div style=\"font-size:15px;\" class=\"wp-block-post-date\"><time datetime=\"2024-05-02T11:49:53+02:00\">2 mai 2024<\/time><\/div><\/div>\n\n\n\n<div class=\"is-layout-flow wp-block-column is-vertically-aligned-center\" style=\"font-size:15px;flex-basis:40%\">\n<p><\/p>\n\n\n\n<p><strong>Attention ! <\/strong>Certains \u00e9tablissements utilisent parfois de proc\u00e9dures compl\u00e9mentaires <\/p>\n<\/div>\n\n\n\n<div class=\"is-layout-flow wp-block-column is-vertically-aligned-center\" style=\"font-size:15px;flex-basis:25%\">\n<div class=\"is-horizontal is-content-justification-center is-layout-flex wp-container-4 wp-block-buttons alignfull has-custom-font-size\" style=\"font-size:16px\">\n<div class=\"wp-block-button has-custom-width wp-block-button__width-75 has-custom-font-size is-style-fill\" style=\"font-size:15px\"><a class=\"wp-block-button__link has-white-color has-text-color has-background wp-element-button\" href=\"mailto:scoop@u-bordeaux.fr\" style=\"border-radius:65px;background-color:#000000db\"><strong>Signaler une erreur<\/strong><\/a><\/div>\n<\/div>\n<\/div>\n<\/div>\n","protected":false},"excerpt":{"rendered":"<p>Chaque \u00e9tablissement du r\u00e9seau bordelais dispose de sa propre vue, il y a donc 5 Babord +. Une page d\u2019accueil a \u00e9t\u00e9 d\u00e9velopp\u00e9e afin d\u2019avoir un point d\u2019acc\u00e8s central aux 5 catalogues. Chaque catalogue dispose de sa propre adresse URL&#8230;.<\/p>\n","protected":false},"author":81,"featured_media":0,"parent":18422,"menu_order":1,"comment_status":"closed","ping_status":"closed","template":"","meta":[],"post_mailing_queue_ids":[],"_links":{"self":[{"href":"https:\/\/rebub.u-bordeaux.fr\/index.php\/wp-json\/wp\/v2\/pages\/18871"}],"collection":[{"href":"https:\/\/rebub.u-bordeaux.fr\/index.php\/wp-json\/wp\/v2\/pages"}],"about":[{"href":"https:\/\/rebub.u-bordeaux.fr\/index.php\/wp-json\/wp\/v2\/types\/page"}],"author":[{"embeddable":true,"href":"https:\/\/rebub.u-bordeaux.fr\/index.php\/wp-json\/wp\/v2\/users\/81"}],"replies":[{"embeddable":true,"href":"https:\/\/rebub.u-bordeaux.fr\/index.php\/wp-json\/wp\/v2\/comments?post=18871"}],"version-history":[{"count":3,"href":"https:\/\/rebub.u-bordeaux.fr\/index.php\/wp-json\/wp\/v2\/pages\/18871\/revisions"}],"predecessor-version":[{"id":20732,"href":"https:\/\/rebub.u-bordeaux.fr\/index.php\/wp-json\/wp\/v2\/pages\/18871\/revisions\/20732"}],"up":[{"embeddable":true,"href":"https:\/\/rebub.u-bordeaux.fr\/index.php\/wp-json\/wp\/v2\/pages\/18422"}],"wp:attachment":[{"href":"https:\/\/rebub.u-bordeaux.fr\/index.php\/wp-json\/wp\/v2\/media?parent=18871"}],"curies":[{"name":"wp","href":"https:\/\/api.w.org\/{rel}","templated":true}]}}