	{"id":19183,"date":"2024-03-22T09:36:34","date_gmt":"2024-03-22T08:36:34","guid":{"rendered":"https:\/\/rebub.u-bordeaux.fr\/?page_id=19183"},"modified":"2024-05-06T14:08:23","modified_gmt":"2024-05-06T12:08:23","slug":"procedure-pour-lanalyse-de-recouvrement-alma-sudoc","status":"publish","type":"page","link":"https:\/\/rebub.u-bordeaux.fr\/index.php\/alma\/configuration-administration\/gestion-des-ressources\/circuits-et-architecture-des-donnees\/procedure-pour-lanalyse-de-recouvrement-alma-sudoc\/","title":{"rendered":"Proc\u00e9dure pour l&rsquo;analyse de recouvrement Alma Sudoc"},"content":{"rendered":"<div id='wpig-floatingbar' class='wpig-floatingbar'><div id='wpig-switch-wrapper' class='wpig-switch-wrapper'><span id='wpig-floating-switch' class='wpig-floating-switch'><img src='https:\/\/rebub.u-bordeaux.fr\/wp-content\/plugins\/sticky-toc-advance-table-of-contents\/\\assets\\menu.png'><\/span><\/div><div id='wpig-contents' class='wpig-contents  wpig-sidebar-widget wpig-style-3'><span class='wpig-headline'>Table des mati\u00e8res<span><a data-action='show' class='wpig-btn-toggledisplay'>[ Show ]<\/a><\/span><\/span><!-- Table of Contents --><div id='wpig-table-of-content' class='wpig-table-of-content'><ol><li class='stoc-preparation-des-fichiers'><a href='#stoc-preparation-des-fichiers'>Pr\u00e9paration des fichiers<\/a><ol><li class='stoc-liste-des-ppn-issus-du-sudoc'><a href='#stoc-liste-des-ppn-issus-du-sudoc'>Liste des PPN issus du SUDOC<\/a><\/li><li class='stoc-liste-des-ppn-issus-dalma'><a href='#stoc-liste-des-ppn-issus-dalma'>Liste des PPN issus d&rsquo;Alma<\/a><\/li><\/ol><li class='stoc-lancement-du-programme-danalyse'><a href='#stoc-lancement-du-programme-danalyse'>Lancement du programme d&rsquo;analyse<\/a><\/li><li class='stoc-analyse-du-resultat'><a href='#stoc-analyse-du-resultat'>Analyse du r\u00e9sultat<\/a><ol><li class='stoc-nombre-de-ppn-errones'><a href='#stoc-nombre-de-ppn-errones'>Nombre de PPN erron\u00e9s<\/a><\/li><li class='stoc-nombre-de-ppn-inconnus-dans-alma'><a href='#stoc-nombre-de-ppn-inconnus-dans-alma'>Nombre de PPN inconnus dans Alma <\/a><\/li><li class='stoc-nombre-de-localisations-inconnues-dans-alma'><a href='#stoc-nombre-de-localisations-inconnues-dans-alma'>Nombre de localisations inconnues dans Alma<\/a><\/li><li class='stoc-nombre-de-ppn-inconnus-dans-le-sudoc'><a href='#stoc-nombre-de-ppn-inconnus-dans-le-sudoc'>Nombre de PPN inconnus dans le SUDOC<\/a><\/li><li class='stoc-nombre-de-localisations-inconnues-dans-le-sudoc'><a href='#stoc-nombre-de-localisations-inconnues-dans-le-sudoc'>Nombre de localisations inconnues dans le Sudoc<\/a><\/li><li class='stoc-nombre-de-doublons-detectes-dans-alma'><a href='#stoc-nombre-de-doublons-detectes-dans-alma'>Nombre de doublons d\u00e9tect\u00e9s dans Alma<\/a><\/li><li class='stoc-nombre-derreurs-reseau'><a href='#stoc-nombre-derreurs-reseau'>Nombre d&rsquo;erreurs r\u00e9seau<\/a><\/li><\/ol><\/li><\/li><\/div><!-- END OF Table of Contents --><\/div><\/div><p><div id='wpig-contents' class='wpig-contents  wpig-sidebar-widget wpig-style-1'><span class='wpig-headline'>Table des mati\u00e8res<span><a data-action='show' class='wpig-btn-toggledisplay'>[ Show ]<\/a><\/span><\/span><!-- Table of Contents --><div id='wpig-table-of-content' class='wpig-table-of-content' ><ol><li class='stoc-preparation-des-fichiers'><a href='#stoc-preparation-des-fichiers'>Pr\u00e9paration des fichiers<\/a><ol><li class='stoc-liste-des-ppn-issus-du-sudoc'><a href='#stoc-liste-des-ppn-issus-du-sudoc'>Liste des PPN issus du SUDOC<\/a><\/li><li class='stoc-liste-des-ppn-issus-dalma'><a href='#stoc-liste-des-ppn-issus-dalma'>Liste des PPN issus d&rsquo;Alma<\/a><\/li><\/ol><li class='stoc-lancement-du-programme-danalyse'><a href='#stoc-lancement-du-programme-danalyse'>Lancement du programme d&rsquo;analyse<\/a><\/li><li class='stoc-analyse-du-resultat'><a href='#stoc-analyse-du-resultat'>Analyse du r\u00e9sultat<\/a><ol><li class='stoc-nombre-de-ppn-errones'><a href='#stoc-nombre-de-ppn-errones'>Nombre de PPN erron\u00e9s<\/a><\/li><li class='stoc-nombre-de-ppn-inconnus-dans-alma'><a href='#stoc-nombre-de-ppn-inconnus-dans-alma'>Nombre de PPN inconnus dans Alma <\/a><\/li><li class='stoc-nombre-de-localisations-inconnues-dans-alma'><a href='#stoc-nombre-de-localisations-inconnues-dans-alma'>Nombre de localisations inconnues dans Alma<\/a><\/li><li class='stoc-nombre-de-ppn-inconnus-dans-le-sudoc'><a href='#stoc-nombre-de-ppn-inconnus-dans-le-sudoc'>Nombre de PPN inconnus dans le SUDOC<\/a><\/li><li class='stoc-nombre-de-localisations-inconnues-dans-le-sudoc'><a href='#stoc-nombre-de-localisations-inconnues-dans-le-sudoc'>Nombre de localisations inconnues dans le Sudoc<\/a><\/li><li class='stoc-nombre-de-doublons-detectes-dans-alma'><a href='#stoc-nombre-de-doublons-detectes-dans-alma'>Nombre de doublons d\u00e9tect\u00e9s dans Alma<\/a><\/li><li class='stoc-nombre-derreurs-reseau'><a href='#stoc-nombre-derreurs-reseau'>Nombre d&rsquo;erreurs r\u00e9seau<\/a><\/li><\/ol><\/li><\/li><\/div><!-- END OF Table of Contents --><\/div><\/p>\n<h2 id=\"stoc-preparation-des-fichiers\" class=\"wpig-heading\">Pr\u00e9paration des fichiers<\/h2>\n\n\n\n<h3 id=\"stoc-liste-des-ppn-issus-du-sudoc\" class=\"wpig-heading\">Liste des PPN issus du SUDOC<\/h3>\n\n\n\n<p>Via abes stp demand\u00e9 la liste de tous les PPNS des notices sous lesquelles le RCR analys\u00e9 et localis\u00e9<\/p>\n\n\n\n<h3 id=\"stoc-liste-des-ppn-issus-dalma\" class=\"wpig-heading\">Liste des PPN issus d&rsquo;Alma<\/h3>\n\n\n\n<p>Dans Alma :<\/p>\n\n\n\n<p>Faire une recherche de titres physiques ayant un PPN  sur la biblioth\u00e8que coorespondant au RCR analys\u00e9 en excluant la localisation acquisition.:<\/p>\n\n\n\n<pre class=\"wp-block-code\"><code>where (Other System Number contains keywords \"(PPN)\" AND Library (Holdings) equals (BU Sciences de l'homme) AND Library (Holdings) Not Equals ((BU Sciences de l'homme : Acquisitions)))<\/code><\/pre>\n\n\n\n<p>Dans un \u00e9diteur de texte :<\/p>\n\n\n\n<ol>\n<li>Copier\/Coller le Num\u00e9ro de notice dans VS Code<\/li>\n\n\n\n<li>Rep\u00e9rer les PPN invalides (on cherche les chaines qui ne commence pas par (PPN)) : \n<ul>\n<li>ctrl + F<\/li>\n\n\n\n<li>Saisir <code>^(?!\\(PPN\\))<\/code><\/li>\n<\/ul>\n<\/li>\n\n\n\n<li>Supprimer les NNT :\n<ul>\n<li>ctrl + H<\/li>\n\n\n\n<li><code>;.*<\/code><\/li>\n\n\n\n<li>remplacer par rien<\/li>\n<\/ul>\n<\/li>\n\n\n\n<li>C&rsquo;est pr\u00eat !<\/li>\n<\/ol>\n\n\n\n<h2 id=\"stoc-lancement-du-programme-danalyse\" class=\"wpig-heading\">Lancement du programme d&rsquo;analyse<\/h2>\n\n\n\n<div class=\"is-layout-flex wp-container-3 wp-block-columns are-vertically-aligned-center\">\n<div class=\"is-layout-flow wp-block-column is-vertically-aligned-center\" style=\"flex-basis:66.66%\">\n<figure class=\"wp-block-image size-full\"><img decoding=\"async\" loading=\"lazy\" width=\"618\" height=\"299\" src=\"https:\/\/rebub.u-bordeaux.fr\/wp-content\/uploads\/2024\/03\/screenshot-scoop.u-bordeaux.fr-2024.03.11-11_05_35-1.png\" alt=\"\" class=\"wp-image-19185\" srcset=\"https:\/\/rebub.u-bordeaux.fr\/wp-content\/uploads\/2024\/03\/screenshot-scoop.u-bordeaux.fr-2024.03.11-11_05_35-1.png 618w, https:\/\/rebub.u-bordeaux.fr\/wp-content\/uploads\/2024\/03\/screenshot-scoop.u-bordeaux.fr-2024.03.11-11_05_35-1-300x145.png 300w\" sizes=\"(max-width: 618px) 100vw, 618px\" \/><\/figure>\n<\/div>\n\n\n\n<div class=\"is-layout-flow wp-block-column is-vertically-aligned-center\" style=\"flex-basis:33.33%\">\n<p>Le programme d&rsquo;analyse est accessible via <strong>Scoop_utils<\/strong>. Dans la rubrique <strong>\u00ab\u00a0Analyses de recouvrement SUDOC\u00a0\u00bb<\/strong>. Avant le traitement, assurez-vous que le RCR analys\u00e9 est bien renseign\u00e9 dans la table \u00ab\u00a0<strong>Biblioth\u00e8ques et RCR<\/strong> \u00ab\u00a0. Chaque biblioth\u00e8que doit avoir un nom, un id alma, un rcr et une institution de rattachement. <\/p>\n<\/div>\n<\/div>\n\n\n\n<div class=\"is-layout-flex wp-container-6 wp-block-columns\">\n<div class=\"is-layout-flow wp-block-column is-vertically-aligned-center\" style=\"flex-basis:33.33%\">\n<p>Pour lancer une analyse, cliquez sur <strong>\u00ab\u00a0Analyses de recouvrement\u00a0\u00bb<\/strong> puis <strong>\u00ab\u00a0Ajouter Analyse de recouvrement\u00a0\u00bb<\/strong>.  <\/p>\n<\/div>\n\n\n\n<div class=\"is-layout-flow wp-block-column\" style=\"flex-basis:66.66%\">\n<figure class=\"wp-block-image size-large\"><img decoding=\"async\" loading=\"lazy\" width=\"1024\" height=\"494\" src=\"https:\/\/rebub.u-bordeaux.fr\/wp-content\/uploads\/2024\/03\/screenshot-scoop.u-bordeaux.fr-2024.03.11-11_10_301-1024x494.png\" alt=\"\" class=\"wp-image-19186\" srcset=\"https:\/\/rebub.u-bordeaux.fr\/wp-content\/uploads\/2024\/03\/screenshot-scoop.u-bordeaux.fr-2024.03.11-11_10_301-1024x494.png 1024w, https:\/\/rebub.u-bordeaux.fr\/wp-content\/uploads\/2024\/03\/screenshot-scoop.u-bordeaux.fr-2024.03.11-11_10_301-300x145.png 300w, https:\/\/rebub.u-bordeaux.fr\/wp-content\/uploads\/2024\/03\/screenshot-scoop.u-bordeaux.fr-2024.03.11-11_10_301-768x371.png 768w, https:\/\/rebub.u-bordeaux.fr\/wp-content\/uploads\/2024\/03\/screenshot-scoop.u-bordeaux.fr-2024.03.11-11_10_301-1536x742.png 1536w, https:\/\/rebub.u-bordeaux.fr\/wp-content\/uploads\/2024\/03\/screenshot-scoop.u-bordeaux.fr-2024.03.11-11_10_301.png 1920w\" sizes=\"(max-width: 1024px) 100vw, 1024px\" \/><\/figure>\n<\/div>\n<\/div>\n\n\n\n<div class=\"is-layout-flex wp-container-9 wp-block-columns\">\n<div class=\"is-layout-flow wp-block-column\" style=\"flex-basis:66.66%\">\n<figure class=\"wp-block-image size-large\"><img decoding=\"async\" loading=\"lazy\" width=\"1024\" height=\"494\" src=\"https:\/\/rebub.u-bordeaux.fr\/wp-content\/uploads\/2024\/03\/screenshot-scoop.u-bordeaux.fr-2024.03.11-11_14_21-1024x494.png\" alt=\"\" class=\"wp-image-19187\" srcset=\"https:\/\/rebub.u-bordeaux.fr\/wp-content\/uploads\/2024\/03\/screenshot-scoop.u-bordeaux.fr-2024.03.11-11_14_21-1024x494.png 1024w, https:\/\/rebub.u-bordeaux.fr\/wp-content\/uploads\/2024\/03\/screenshot-scoop.u-bordeaux.fr-2024.03.11-11_14_21-300x145.png 300w, https:\/\/rebub.u-bordeaux.fr\/wp-content\/uploads\/2024\/03\/screenshot-scoop.u-bordeaux.fr-2024.03.11-11_14_21-768x371.png 768w, https:\/\/rebub.u-bordeaux.fr\/wp-content\/uploads\/2024\/03\/screenshot-scoop.u-bordeaux.fr-2024.03.11-11_14_21-1536x742.png 1536w, https:\/\/rebub.u-bordeaux.fr\/wp-content\/uploads\/2024\/03\/screenshot-scoop.u-bordeaux.fr-2024.03.11-11_14_21.png 1920w\" sizes=\"(max-width: 1024px) 100vw, 1024px\" \/><\/figure>\n<\/div>\n\n\n\n<div class=\"is-layout-flow wp-block-column\" style=\"flex-basis:33.33%\">\n<ol>\n<li>Renseignez la biblioth\u00e8que<\/li>\n\n\n\n<li>Uploadez le fichier des PPN du SUDOC<\/li>\n\n\n\n<li>Uploadez le fichier des PPN d&rsquo;Alma<\/li>\n\n\n\n<li>Cliquez sur <strong>Enregistrer<\/strong><\/li>\n<\/ol>\n\n\n\n<p>Vous recevrez un message une fois le traitement termin\u00e9, mais vous pouvez suivre l&rsquo;avanc\u00e9e de ce dernier  en rafraichissant la page <strong>\u00ab\u00a0Analyses de recouvrement\u00a0\u00bb<\/strong>.<\/p>\n<\/div>\n<\/div>\n\n\n\n<h2 id=\"stoc-analyse-du-resultat\" class=\"wpig-heading\">Analyse du r\u00e9sultat<\/h2>\n\n\n\n<figure class=\"wp-block-image size-large\"><img decoding=\"async\" loading=\"lazy\" width=\"1024\" height=\"69\" src=\"https:\/\/rebub.u-bordeaux.fr\/wp-content\/uploads\/2024\/03\/screenshot-scoop.u-bordeaux.fr-2024.03.11-11_23_45-1024x69.png\" alt=\"\" class=\"wp-image-19188\" srcset=\"https:\/\/rebub.u-bordeaux.fr\/wp-content\/uploads\/2024\/03\/screenshot-scoop.u-bordeaux.fr-2024.03.11-11_23_45-1024x69.png 1024w, https:\/\/rebub.u-bordeaux.fr\/wp-content\/uploads\/2024\/03\/screenshot-scoop.u-bordeaux.fr-2024.03.11-11_23_45-300x20.png 300w, https:\/\/rebub.u-bordeaux.fr\/wp-content\/uploads\/2024\/03\/screenshot-scoop.u-bordeaux.fr-2024.03.11-11_23_45-768x51.png 768w, https:\/\/rebub.u-bordeaux.fr\/wp-content\/uploads\/2024\/03\/screenshot-scoop.u-bordeaux.fr-2024.03.11-11_23_45-1536x103.png 1536w, https:\/\/rebub.u-bordeaux.fr\/wp-content\/uploads\/2024\/03\/screenshot-scoop.u-bordeaux.fr-2024.03.11-11_23_45.png 1749w\" sizes=\"(max-width: 1024px) 100vw, 1024px\" \/><\/figure>\n\n\n\n<p>Les colonnes <strong>Traitement termin\u00e9 ? , Nombre de titres \u00e0 traiter <\/strong>et<strong> Nombre de titres trait\u00e9s <\/strong>vous renseignent sur l&rsquo;avanc\u00e9e de l&rsquo;analyse. Le rapport remonte les anomalies suivantes<\/p>\n\n\n\n<h3 id=\"stoc-nombre-de-ppn-errones\" class=\"wpig-heading\">Nombre de PPN erron\u00e9s<\/h3>\n\n\n\n<p>PPN mal format\u00e9s dans Alma : non pr\u00e9fix\u00e9 par PPN et ne contenant pas 9 caract\u00e8res dont les 8 premiers sont exclusivement num\u00e9riques et le dernier est num\u00e9rique ou \u00e9gal \u00e0 x ou X.<\/p>\n\n\n\n<h3 id=\"stoc-nombre-de-ppn-inconnus-dans-alma\" class=\"wpig-heading\">Nombre de PPN inconnus dans Alma <\/h3>\n\n\n\n<p>Aucune correspondance trouv\u00e9e sur ce PPN dans la zone Alma de l&rsquo;institution alors qu&rsquo;un inventaire existe dans le SUDOC.<\/p>\n\n\n\n<p>Origine possible de l&rsquo;anomalie  : <\/p>\n\n\n\n<ul>\n<li>d\u00e9sherbage incomplet : l&rsquo;inventaire a \u00e9t\u00e9 supprim\u00e9 dans Alma, mais pas dans le SUDOC<\/li>\n\n\n\n<li>probl\u00e8me de signalement dans Alma : oubli de saisie du PPN ou PPN mal format\u00e9<\/li>\n<\/ul>\n\n\n\n<h3 id=\"stoc-nombre-de-localisations-inconnues-dans-alma\" class=\"wpig-heading\">Nombre de localisations inconnues dans Alma<\/h3>\n\n\n\n<p>Aucune localisation trouv\u00e9e dans Alma sous la notice correspondante \u00e0 ce PPN alors qu&rsquo;un inventaire existe dans le SUDOC.<\/p>\n\n\n\n<p>Origine possible de l&rsquo;anomalie  : <\/p>\n\n\n\n<ul>\n<li>d\u00e9sherbage incomplet : l&rsquo;inventaire a \u00e9t\u00e9 supprim\u00e9 dans Alma, mais pas dans le SUDOC<\/li>\n<\/ul>\n\n\n\n<h3 id=\"stoc-nombre-de-ppn-inconnus-dans-le-sudoc\" class=\"wpig-heading\">Nombre de PPN inconnus dans le SUDOC<\/h3>\n\n\n\n<p>Le PPN attribu\u00e9e \u00e0 la notice dans  Alma ne correspond \u00e0 aucun PPN dans le SUDOC<\/p>\n\n\n\n<p>Origine possible de l&rsquo;anomalie  : <\/p>\n\n\n\n<ul>\n<li>PPN invent\u00e9<\/li>\n<\/ul>\n\n\n\n<h3 id=\"stoc-nombre-de-localisations-inconnues-dans-le-sudoc\" class=\"wpig-heading\">Nombre de localisations inconnues dans le Sudoc<\/h3>\n\n\n\n<p>Aucune localisation trouv\u00e9e dans le SUDOC sous la notice correspondante \u00e0 ce PPN alors qu&rsquo;un inventaire existe dans Alma.<\/p>\n\n\n\n<p>Origine possible de l&rsquo;anomalie  : <\/p>\n\n\n\n<ul>\n<li>d\u00e9sherbage incomplet : l&rsquo;inventaire a \u00e9t\u00e9 supprim\u00e9 dans le SUDOC, mais pas dans Alma<\/li>\n\n\n\n<li>catalogage incomplet : l&rsquo;inventaire n&rsquo;a pas \u00e9t\u00e9 cr\u00e9\u00e9 dans le SUDOC<\/li>\n\n\n\n<li>mouvement de collection d&rsquo;une biblioth\u00e8que \u00e0 l&rsquo;autre<\/li>\n\n\n\n<li>Inventaire cr\u00e9\u00e9 sous le mauvais PPN dans le SUDOC<\/li>\n<\/ul>\n\n\n\n<h3 id=\"stoc-nombre-de-doublons-detectes-dans-alma\" class=\"wpig-heading\">Nombre de doublons d\u00e9tect\u00e9s dans Alma<\/h3>\n\n\n\n<p>Deux notices avec le m\u00eame PPN ont \u00e9t\u00e9 trouv\u00e9s dans Alma.<\/p>\n\n\n\n<h3 id=\"stoc-nombre-derreurs-reseau\" class=\"wpig-heading\">Nombre d&rsquo;erreurs r\u00e9seau<\/h3>\n\n\n\n<p>Impossible d&rsquo;interroger les web services du SUDOC ou d&rsquo;Alma.<\/p>\n\n\n\n<div class=\"is-layout-flex wp-container-15 wp-block-columns bord-bloc-reutilisable has-background\" style=\"background-color:#d9edf7\">\n<div class=\"is-layout-flow wp-block-column is-vertically-aligned-center\" style=\"font-size:15px;flex-basis:20%\">\n<p style=\"font-size:15px\"><strong>Date de publication<\/strong> <\/p>\n\n\n<div style=\"font-size:15px;\" class=\"wp-block-post-date\"><time datetime=\"2024-03-22T09:36:34+01:00\">22 mars 2024<\/time><\/div><\/div>\n\n\n\n<div class=\"is-layout-flow wp-block-column is-vertically-aligned-center\" style=\"font-size:15px;flex-basis:20%\">\n<p><strong>Mis \u00e0 jour le <\/strong><\/p>\n\n\n<div style=\"font-size:15px;\" class=\"wp-block-post-date\"><time datetime=\"2024-05-06T14:08:23+02:00\">6 mai 2024<\/time><\/div><\/div>\n\n\n\n<div class=\"is-layout-flow wp-block-column is-vertically-aligned-center\" style=\"font-size:15px;flex-basis:40%\">\n<p><\/p>\n\n\n\n<p><strong>Attention ! <\/strong>Certains \u00e9tablissements utilisent parfois de proc\u00e9dures compl\u00e9mentaires <\/p>\n<\/div>\n\n\n\n<div class=\"is-layout-flow wp-block-column is-vertically-aligned-center\" style=\"font-size:15px;flex-basis:25%\">\n<div class=\"is-horizontal is-content-justification-center is-layout-flex wp-container-13 wp-block-buttons alignfull has-custom-font-size\" style=\"font-size:16px\">\n<div class=\"wp-block-button has-custom-width wp-block-button__width-75 has-custom-font-size is-style-fill\" style=\"font-size:15px\"><a class=\"wp-block-button__link has-white-color has-text-color has-background wp-element-button\" href=\"mailto:scoop@u-bordeaux.fr\" style=\"border-radius:65px;background-color:#000000db\"><strong>Signaler une erreur<\/strong><\/a><\/div>\n<\/div>\n<\/div>\n<\/div>\n","protected":false},"excerpt":{"rendered":"<p>Table des mati\u00e8res[ Show ]Pr\u00e9paration des fichiersListe des PPN issus du SUDOCListe des PPN issus d&rsquo;AlmaLancement du programme d&rsquo;analyseAnalyse du r\u00e9sultatNombre de PPN erron\u00e9sNombre de PPN inconnus dans Alma Nombre de localisations inconnues dans AlmaNombre de PPN inconnus dans le&#8230;<\/p>\n","protected":false},"author":2,"featured_media":0,"parent":18830,"menu_order":4,"comment_status":"closed","ping_status":"closed","template":"","meta":[],"post_mailing_queue_ids":[],"_links":{"self":[{"href":"https:\/\/rebub.u-bordeaux.fr\/index.php\/wp-json\/wp\/v2\/pages\/19183"}],"collection":[{"href":"https:\/\/rebub.u-bordeaux.fr\/index.php\/wp-json\/wp\/v2\/pages"}],"about":[{"href":"https:\/\/rebub.u-bordeaux.fr\/index.php\/wp-json\/wp\/v2\/types\/page"}],"author":[{"embeddable":true,"href":"https:\/\/rebub.u-bordeaux.fr\/index.php\/wp-json\/wp\/v2\/users\/2"}],"replies":[{"embeddable":true,"href":"https:\/\/rebub.u-bordeaux.fr\/index.php\/wp-json\/wp\/v2\/comments?post=19183"}],"version-history":[{"count":3,"href":"https:\/\/rebub.u-bordeaux.fr\/index.php\/wp-json\/wp\/v2\/pages\/19183\/revisions"}],"predecessor-version":[{"id":21021,"href":"https:\/\/rebub.u-bordeaux.fr\/index.php\/wp-json\/wp\/v2\/pages\/19183\/revisions\/21021"}],"up":[{"embeddable":true,"href":"https:\/\/rebub.u-bordeaux.fr\/index.php\/wp-json\/wp\/v2\/pages\/18830"}],"wp:attachment":[{"href":"https:\/\/rebub.u-bordeaux.fr\/index.php\/wp-json\/wp\/v2\/media?parent=19183"}],"curies":[{"name":"wp","href":"https:\/\/api.w.org\/{rel}","templated":true}]}}