	{"id":21709,"date":"2024-06-28T10:07:39","date_gmt":"2024-06-28T08:07:39","guid":{"rendered":"https:\/\/rebub.u-bordeaux.fr\/?page_id=21709"},"modified":"2025-03-24T14:36:03","modified_gmt":"2025-03-24T13:36:03","slug":"faire-une-demande-a-latelier","status":"publish","type":"page","link":"https:\/\/rebub.u-bordeaux.fr\/index.php\/le-patrimoine-documentaire\/latelier\/faire-une-demande-a-latelier\/","title":{"rendered":"Faire une demande \u00e0 l&rsquo;atelier"},"content":{"rendered":"<div id='wpig-floatingbar' class='wpig-floatingbar'><div id='wpig-switch-wrapper' class='wpig-switch-wrapper'><span id='wpig-floating-switch' class='wpig-floating-switch'><img src='https:\/\/rebub.u-bordeaux.fr\/wp-content\/plugins\/sticky-toc-advance-table-of-contents\/\\assets\\menu.png'><\/span><\/div><\/div><p><\/p>\n<ol>\n<li>Prendre contact avec l&rsquo;atelier pour fournir la liste des documents \u00e0 restaurer et le calendrier souhait\u00e9. Retrouvez les coordonn\u00e9es de Daniel Gourd\u00e9 et Philippe Delgal sur la <a href=\"http:\/\/rebub.u-bordeaux.fr\/?post_type=equipe\" data-type=\"URL\" data-id=\"http:\/\/rebub.u-bordeaux.fr\/?post_type=equipe\">page de l&rsquo;\u00e9quipe du Scoop<\/a><\/li>\n\n\n\n<li>Remplir le <a href=\"https:\/\/rebub.u-bordeaux.fr\/wp-content\/uploads\/2025\/03\/fichesouhait2025.pdf\" data-type=\"URL\" target=\"_blank\" rel=\"noreferrer noopener\">bordereau de demande de reliure<\/a> et le glisser dans chaque document \u00e0 restaurer<\/li>\n<\/ol>\n","protected":false},"excerpt":{"rendered":"","protected":false},"author":81,"featured_media":0,"parent":19327,"menu_order":0,"comment_status":"closed","ping_status":"closed","template":"","meta":[],"post_mailing_queue_ids":[],"_links":{"self":[{"href":"https:\/\/rebub.u-bordeaux.fr\/index.php\/wp-json\/wp\/v2\/pages\/21709"}],"collection":[{"href":"https:\/\/rebub.u-bordeaux.fr\/index.php\/wp-json\/wp\/v2\/pages"}],"about":[{"href":"https:\/\/rebub.u-bordeaux.fr\/index.php\/wp-json\/wp\/v2\/types\/page"}],"author":[{"embeddable":true,"href":"https:\/\/rebub.u-bordeaux.fr\/index.php\/wp-json\/wp\/v2\/users\/81"}],"replies":[{"embeddable":true,"href":"https:\/\/rebub.u-bordeaux.fr\/index.php\/wp-json\/wp\/v2\/comments?post=21709"}],"version-history":[{"count":10,"href":"https:\/\/rebub.u-bordeaux.fr\/index.php\/wp-json\/wp\/v2\/pages\/21709\/revisions"}],"predecessor-version":[{"id":23520,"href":"https:\/\/rebub.u-bordeaux.fr\/index.php\/wp-json\/wp\/v2\/pages\/21709\/revisions\/23520"}],"up":[{"embeddable":true,"href":"https:\/\/rebub.u-bordeaux.fr\/index.php\/wp-json\/wp\/v2\/pages\/19327"}],"wp:attachment":[{"href":"https:\/\/rebub.u-bordeaux.fr\/index.php\/wp-json\/wp\/v2\/media?parent=21709"}],"curies":[{"name":"wp","href":"https:\/\/api.w.org\/{rel}","templated":true}]}}