	{"id":22207,"date":"2024-07-12T15:26:49","date_gmt":"2024-07-12T13:26:49","guid":{"rendered":"https:\/\/rebub.u-bordeaux.fr\/?page_id=22207"},"modified":"2024-07-12T15:26:49","modified_gmt":"2024-07-12T13:26:49","slug":"blocage-des-notices","status":"publish","type":"page","link":"https:\/\/rebub.u-bordeaux.fr\/index.php\/alma\/configuration-administration\/gestion-des-ressources\/circuits-et-architecture-des-donnees\/blocage-des-notices\/","title":{"rendered":"Blocage des notices"},"content":{"rendered":"<div id='wpig-floatingbar' class='wpig-floatingbar'><div id='wpig-switch-wrapper' class='wpig-switch-wrapper'><span id='wpig-floating-switch' class='wpig-floating-switch'><img src='https:\/\/rebub.u-bordeaux.fr\/wp-content\/plugins\/sticky-toc-advance-table-of-contents\/\\assets\\menu.png'><\/span><\/div><\/div><p><\/p>\n<p>Quand un catalogueur \u00e9dite une notice dans l&rsquo;\u00e9diteur de m\u00e9tadonn\u00e9es Alma (MDE), Alma place un blocage \u00e0 court terme sur la notice. Les autres catalogueurs de l&rsquo;institution et du r\u00e9seau ne pourront pas effectuer les actions suivantes :<\/p>\n\n\n\n<ul>\n<li>Modification et sauvegarde de la notice bibliographique ou de la notice holding.<\/li>\n\n\n\n<li>Mise \u00e0 jour ou \u00e9crasement de la notice par un processus d&rsquo;import ou de fusion<\/li>\n<\/ul>\n\n\n\n<p>Si le catalogueur laisse la notice ouverte dans l&rsquo;\u00e9diteur sans la lib\u00e9rer, la notice reste bloqu\u00e9e pendant 4h. Au-del\u00e0 de cette p\u00e9riode, la notice reste toujours visible dans le panel de l&rsquo;\u00e9diteur, mais elle n&rsquo;est pas verrouill\u00e9e. Ce param\u00e8tre est modifiable dans la configuration > Ressources > G\u00e9n\u00e9ral> Autres param\u00e8tres   code working_copy_lock_timeout.<\/p>\n\n\n\n<p><\/p>\n","protected":false},"excerpt":{"rendered":"<p>Quand un catalogueur \u00e9dite une notice dans l&rsquo;\u00e9diteur de m\u00e9tadonn\u00e9es Alma (MDE), Alma place un blocage \u00e0 court terme sur la notice. Les autres catalogueurs de l&rsquo;institution et du r\u00e9seau ne pourront pas effectuer les actions suivantes : Si le&#8230;<\/p>\n","protected":false},"author":2,"featured_media":0,"parent":18830,"menu_order":5,"comment_status":"closed","ping_status":"closed","template":"","meta":[],"post_mailing_queue_ids":[],"_links":{"self":[{"href":"https:\/\/rebub.u-bordeaux.fr\/index.php\/wp-json\/wp\/v2\/pages\/22207"}],"collection":[{"href":"https:\/\/rebub.u-bordeaux.fr\/index.php\/wp-json\/wp\/v2\/pages"}],"about":[{"href":"https:\/\/rebub.u-bordeaux.fr\/index.php\/wp-json\/wp\/v2\/types\/page"}],"author":[{"embeddable":true,"href":"https:\/\/rebub.u-bordeaux.fr\/index.php\/wp-json\/wp\/v2\/users\/2"}],"replies":[{"embeddable":true,"href":"https:\/\/rebub.u-bordeaux.fr\/index.php\/wp-json\/wp\/v2\/comments?post=22207"}],"version-history":[{"count":1,"href":"https:\/\/rebub.u-bordeaux.fr\/index.php\/wp-json\/wp\/v2\/pages\/22207\/revisions"}],"predecessor-version":[{"id":22208,"href":"https:\/\/rebub.u-bordeaux.fr\/index.php\/wp-json\/wp\/v2\/pages\/22207\/revisions\/22208"}],"up":[{"embeddable":true,"href":"https:\/\/rebub.u-bordeaux.fr\/index.php\/wp-json\/wp\/v2\/pages\/18830"}],"wp:attachment":[{"href":"https:\/\/rebub.u-bordeaux.fr\/index.php\/wp-json\/wp\/v2\/media?parent=22207"}],"curies":[{"name":"wp","href":"https:\/\/api.w.org\/{rel}","templated":true}]}}