	{"id":23563,"date":"2025-04-10T14:38:41","date_gmt":"2025-04-10T12:38:41","guid":{"rendered":"https:\/\/rebub.u-bordeaux.fr\/?page_id=23563"},"modified":"2025-08-22T10:10:06","modified_gmt":"2025-08-22T08:10:06","slug":"les-etageres-virtuelles","status":"publish","type":"page","link":"https:\/\/rebub.u-bordeaux.fr\/index.php\/babord\/configuration-administration\/signalement\/les-etageres-virtuelles\/","title":{"rendered":"Les \u00e9tag\u00e8res virtuelles"},"content":{"rendered":"<div id='wpig-floatingbar' class='wpig-floatingbar'><div id='wpig-switch-wrapper' class='wpig-switch-wrapper'><span id='wpig-floating-switch' class='wpig-floating-switch'><img src='https:\/\/rebub.u-bordeaux.fr\/wp-content\/plugins\/sticky-toc-advance-table-of-contents\/\\assets\\menu.png'><\/span><\/div><div id='wpig-contents' class='wpig-contents  wpig-sidebar-widget wpig-style-3'><span class='wpig-headline'>Table des mati\u00e8res<span><a data-action='show' class='wpig-btn-toggledisplay'>[ Show ]<\/a><\/span><\/span><!-- Table of Contents --><div id='wpig-table-of-content' class='wpig-table-of-content'><ol><li class='stoc-parcourir-les-vedettes-bibliographiques-regroupement-a-partir-des-classifications-disponibles-dans-la-notice-bibliographique'><a href='#stoc-parcourir-les-vedettes-bibliographiques-regroupement-a-partir-des-classifications-disponibles-dans-la-notice-bibliographique'>Parcourir les vedettes bibliographiques : Regroupement \u00e0 partir des classifications disponibles dans la notice bibliographique<\/a><\/li><li class='stoc-parcourir-la-liste-des-emplacements-sur-les-rayons-regroupement-a-partir-des-cotes-dans-les-holdings'><a href='#stoc-parcourir-la-liste-des-emplacements-sur-les-rayons-regroupement-a-partir-des-cotes-dans-les-holdings'>Parcourir la liste des emplacements sur les rayons : Regroupement \u00e0 partir des cotes dans les holdings<\/a><\/li><li class='stoc-pour-les-plus-techniques-recuperer-les-reponses-de-lapi'><a href='#stoc-pour-les-plus-techniques-recuperer-les-reponses-de-lapi'>Pour les plus techniques : r\u00e9cup\u00e9rer les r\u00e9ponses de l&rsquo;API<\/a><\/li><li class='stoc-comparaison-des-deux-options'><a href='#stoc-comparaison-des-deux-options'>Comparaison des deux options<\/a><\/li><li class='stoc-configurer-les-etageres-virtuelles'><a href='#stoc-configurer-les-etageres-virtuelles'>Configurer les \u00e9tag\u00e8res virtuelles<\/a><\/li><\/ol><\/div><!-- END OF Table of Contents --><\/div><\/div><p><div id='wpig-contents' class='wpig-contents  wpig-sidebar-widget wpig-style-1'><span class='wpig-headline'>Table des mati\u00e8res<span><a data-action='show' class='wpig-btn-toggledisplay'>[ Show ]<\/a><\/span><\/span><!-- Table of Contents --><div id='wpig-table-of-content' class='wpig-table-of-content' ><ol><li class='stoc-parcourir-les-vedettes-bibliographiques-regroupement-a-partir-des-classifications-disponibles-dans-la-notice-bibliographique'><a href='#stoc-parcourir-les-vedettes-bibliographiques-regroupement-a-partir-des-classifications-disponibles-dans-la-notice-bibliographique'>Parcourir les vedettes bibliographiques : Regroupement \u00e0 partir des classifications disponibles dans la notice bibliographique<\/a><\/li><li class='stoc-parcourir-la-liste-des-emplacements-sur-les-rayons-regroupement-a-partir-des-cotes-dans-les-holdings'><a href='#stoc-parcourir-la-liste-des-emplacements-sur-les-rayons-regroupement-a-partir-des-cotes-dans-les-holdings'>Parcourir la liste des emplacements sur les rayons : Regroupement \u00e0 partir des cotes dans les holdings<\/a><\/li><li class='stoc-pour-les-plus-techniques-recuperer-les-reponses-de-lapi'><a href='#stoc-pour-les-plus-techniques-recuperer-les-reponses-de-lapi'>Pour les plus techniques : r\u00e9cup\u00e9rer les r\u00e9ponses de l&rsquo;API<\/a><\/li><li class='stoc-comparaison-des-deux-options'><a href='#stoc-comparaison-des-deux-options'>Comparaison des deux options<\/a><\/li><li class='stoc-configurer-les-etageres-virtuelles'><a href='#stoc-configurer-les-etageres-virtuelles'>Configurer les \u00e9tag\u00e8res virtuelles<\/a><\/li><\/ol><\/div><!-- END OF Table of Contents --><\/div><\/p>\n<p>L&rsquo;\u00e9tag\u00e8re virtuelle est un service qui permet de pr\u00e9senter \u00e0 nos lecteurs des documents sur la m\u00eame th\u00e9matique.<\/p>\n\n\n\n<figure class=\"wp-block-image size-full\"><img decoding=\"async\" loading=\"lazy\" width=\"853\" height=\"343\" src=\"https:\/\/rebub.u-bordeaux.fr\/wp-content\/uploads\/2025\/04\/image-9.png\" alt=\"\" class=\"wp-image-23564\" srcset=\"https:\/\/rebub.u-bordeaux.fr\/wp-content\/uploads\/2025\/04\/image-9.png 853w, https:\/\/rebub.u-bordeaux.fr\/wp-content\/uploads\/2025\/04\/image-9-300x121.png 300w, https:\/\/rebub.u-bordeaux.fr\/wp-content\/uploads\/2025\/04\/image-9-768x309.png 768w\" sizes=\"(max-width: 853px) 100vw, 853px\" \/><\/figure>\n\n\n\n<p>Il y a deux types de configurations possibles.<\/p>\n\n\n\n<h2 id=\"stoc-parcourir-les-vedettes-bibliographiques-regroupement-a-partir-des-classifications-disponibles-dans-la-notice-bibliographique\" class=\"wpig-heading\">Parcourir les vedettes bibliographiques : Regroupement \u00e0 partir des classifications disponibles dans la notice bibliographique<\/h2>\n\n\n\n<p>Primo va prendre la premi\u00e8re classification disponible et lancer une requ\u00eate de type parcourir \u00e0 partir du premier code de classification disponible. La recherche est filtr\u00e9e sur le type de classification. Voici la liste des classifications prises en charge avec les champs correspondants en Marc 21 et Unimarc.<\/p>\n\n\n\n<figure class=\"wp-block-table\"><table><thead><tr><th><strong>Classification<\/strong><\/th><th><strong>UNIMARC<\/strong><\/th><th><strong>MARC 21<\/strong><\/th><\/tr><\/thead><tbody><tr><td><strong>Library of Congress Call Number<\/strong><\/td><td>680 a<\/td><td>050 a, b<\/td><\/tr><tr><td><strong>National Library of Medicine Call Number<\/strong><\/td><td>Non sp\u00e9cifi\u00e9<\/td><td>060 a, b<\/td><\/tr><tr><td><strong>National Agricultural Library Call Number<\/strong><\/td><td>Non sp\u00e9cifi\u00e9<\/td><td>070 a, b<\/td><\/tr><tr><td><strong>Local Call Number 09X<\/strong><\/td><td>Non sp\u00e9cifi\u00e9<\/td><td>090-099 a-z, 0, 1, 3, 4, 5, 7, 9<\/td><\/tr><tr><td><strong>Geographic Classification<\/strong><\/td><td>Non sp\u00e9cifi\u00e9<\/td><td>085 a, b, c, f, r, s, t, u, v, w, y, z<\/td><\/tr><tr><td><strong>Classification Numbers Assigned in Canada<\/strong><\/td><td>Non sp\u00e9cifi\u00e9<\/td><td>080 a, b, x<\/td><\/tr><tr><td><strong>Universal Decimal Classification Number<\/strong><\/td><td>675 a<\/td><td>083 a, c, m, q, y, z<\/td><\/tr><tr><td><strong>Dewey Decimal Classification Number<\/strong><\/td><td>676 a<\/td><td>082 a, b, m, q<\/td><\/tr><tr><td><strong>Additional Dewey Decimal Classification Number<\/strong><\/td><td>Non sp\u00e9cifi\u00e9<\/td><td>083 a, c, m, q, y, z<\/td><\/tr><tr><td><strong>Other Classification Number<\/strong><\/td><td>680 a, c<\/td><td>084 a, b, q<\/td><\/tr><tr><td><strong>Synthesized Classification Number Components<\/strong><\/td><td>Non sp\u00e9cifi\u00e9<\/td><td>086 a, z<\/td><\/tr><tr><td><strong>Government Document Classification Number<\/strong><\/td><td>Non sp\u00e9cifi\u00e9<\/td><td>086 a, z<\/td><\/tr><\/tbody><\/table><figcaption class=\"wp-element-caption\">Liste des classifications prises en charge avec les champs correspondants en Marc21 et Unimrac<\/figcaption><\/figure>\n\n\n\n<p> <\/p>\n\n\n\n<p>Il affichera les 40 notices de documents ayant un code classification situ\u00e9 autour du code de classification de la notice affich\u00e9e.<\/p>\n\n\n\n<p>Le fonctionnement est reproduisible dans Alma \u00e0 partir de la recherche <strong>Parcourir les vedettes bibliographiques <\/strong>depuis l&rsquo;\u00e9diteur de m\u00e9tadonn\u00e9es.<\/p>\n\n\n\n<figure class=\"wp-block-image size-large\"><img decoding=\"async\" loading=\"lazy\" width=\"1024\" height=\"479\" src=\"https:\/\/rebub.u-bordeaux.fr\/wp-content\/uploads\/2025\/04\/image-11-1024x479.png\" alt=\"\" class=\"wp-image-23566\" srcset=\"https:\/\/rebub.u-bordeaux.fr\/wp-content\/uploads\/2025\/04\/image-11-1024x479.png 1024w, https:\/\/rebub.u-bordeaux.fr\/wp-content\/uploads\/2025\/04\/image-11-300x140.png 300w, https:\/\/rebub.u-bordeaux.fr\/wp-content\/uploads\/2025\/04\/image-11-768x360.png 768w, https:\/\/rebub.u-bordeaux.fr\/wp-content\/uploads\/2025\/04\/image-11-1536x719.png 1536w, https:\/\/rebub.u-bordeaux.fr\/wp-content\/uploads\/2025\/04\/image-11.png 1920w\" sizes=\"(max-width: 1024px) 100vw, 1024px\" \/><figcaption class=\"wp-element-caption\"><strong>Parcourir les vedettes bibliographiques <\/strong>depuis l&rsquo;\u00e9diteur de m\u00e9tadonn\u00e9es.<\/figcaption><\/figure>\n\n\n\n<p>La requ\u00eate effectu\u00e9e ici est la suivante : <\/p>\n\n\n\n<ul>\n<li><strong>Famille <\/strong>= UNIMARC<\/li>\n\n\n\n<li><strong>Type de vedette =<\/strong> Cote\/Classification<\/li>\n\n\n\n<li><strong>Code source =<\/strong> Num\u00e9ro de classification d\u00e9cimale<\/li>\n\n\n\n<li><strong>Valeur recherch\u00e9e<\/strong> = 741.5<\/li>\n<\/ul>\n\n\n\n<p>Il s&rsquo;agit de la recherche effectu\u00e9e lors de l&rsquo;affichage de l&rsquo;\u00e9tag\u00e8re virtuelle pour<a href=\"http:\/\/Parcourir les vedettes bibliographiques : Regroupement \u00e0 partir des classifications pr\u00e9sentent \u00e0 partir de la notice bibliographique\" target=\"_blank\" rel=\"noreferrer noopener\"> <\/a><a href=\"https:\/\/rebub.u-bordeaux.fr\/?page_id=23570\" data-type=\"page\" data-id=\"23570\">cette <\/a><a href=\"http:\/\/Parcourir les vedettes bibliographiques : Regroupement \u00e0 partir des classifications pr\u00e9sentent \u00e0 partir de la notice bibliographique\" target=\"_blank\" rel=\"noreferrer noopener\">notice<\/a> <\/p>\n\n\n<div class=\"wp-block-image\">\n<figure class=\"aligncenter size-large\"><img decoding=\"async\" loading=\"lazy\" width=\"604\" height=\"1024\" src=\"https:\/\/rebub.u-bordeaux.fr\/wp-content\/uploads\/2025\/04\/image-12-604x1024.png\" alt=\"\" class=\"wp-image-23568\" srcset=\"https:\/\/rebub.u-bordeaux.fr\/wp-content\/uploads\/2025\/04\/image-12-604x1024.png 604w, https:\/\/rebub.u-bordeaux.fr\/wp-content\/uploads\/2025\/04\/image-12-177x300.png 177w, https:\/\/rebub.u-bordeaux.fr\/wp-content\/uploads\/2025\/04\/image-12.png 766w\" sizes=\"(max-width: 604px) 100vw, 604px\" \/><figcaption class=\"wp-element-caption\">Notice d\u00e9taill\u00e9e B+<\/figcaption><\/figure><\/div>\n\n\n<h2 id=\"stoc-parcourir-la-liste-des-emplacements-sur-les-rayons-regroupement-a-partir-des-cotes-dans-les-holdings\" class=\"wpig-heading\">Parcourir la liste des emplacements sur les rayons : Regroupement \u00e0 partir des cotes dans les holdings<\/h2>\n\n\n\n<p>Primo va prendre la premi\u00e8re localisation sous la notice pour lancer une requ\u00eate de type parcourir \u00e0 partir de la cote et du type de cote. Il va remonter  toutes les holdings ayant des cotes proches de la c\u00f4te de la holding analys\u00e9e. Si plusieurs holdings pour la m\u00eame notice (i.e. des documents dans diff\u00e9rentes localisations avec la m\u00eame c\u00f4te)  r\u00e9pondent \u00e0 la requ\u00eate, il affichera une vignette par holding. Ceci explique la pr\u00e9sence de doublons.<\/p>\n\n\n\n<p>Le fonctionnement est reproduisible dans Alma \u00e0 partir de la recherche <strong>Parcourir la liste des emplacements sur les rayons <\/strong>depuis l&rsquo;\u00e9diteur de m\u00e9tadonn\u00e9es.<\/p>\n\n\n\n<figure class=\"wp-block-image size-large\"><img decoding=\"async\" loading=\"lazy\" width=\"1024\" height=\"494\" src=\"https:\/\/rebub.u-bordeaux.fr\/wp-content\/uploads\/2025\/04\/image-13-1024x494.png\" alt=\"\" class=\"wp-image-23581\" srcset=\"https:\/\/rebub.u-bordeaux.fr\/wp-content\/uploads\/2025\/04\/image-13-1024x494.png 1024w, https:\/\/rebub.u-bordeaux.fr\/wp-content\/uploads\/2025\/04\/image-13-300x145.png 300w, https:\/\/rebub.u-bordeaux.fr\/wp-content\/uploads\/2025\/04\/image-13-768x371.png 768w, https:\/\/rebub.u-bordeaux.fr\/wp-content\/uploads\/2025\/04\/image-13-1536x742.png 1536w, https:\/\/rebub.u-bordeaux.fr\/wp-content\/uploads\/2025\/04\/image-13.png 1920w\" sizes=\"(max-width: 1024px) 100vw, 1024px\" \/><\/figure>\n\n\n\n<h2 id=\"stoc-pour-les-plus-techniques-recuperer-les-reponses-de-lapi\" class=\"wpig-heading\">Pour les plus techniques : r\u00e9cup\u00e9rer les r\u00e9ponses de l&rsquo;API<\/h2>\n\n\n\n<p>Primo utilise une API d&rsquo;Alma pour r\u00e9cup\u00e9rer la liste des titres \u00e0 afficher. Il est tout \u00e0 fait possible de r\u00e9cup\u00e9rer la r\u00e9ponse de l&rsquo;API afin de mieux comprendre la requ\u00eate utilis\u00e9e et les r\u00e9sultats affich\u00e9es.<\/p>\n\n\n\n<p>Pour ce faire, \u00e0 partir de l&rsquo;affichage d\u00e9taill\u00e9 d&rsquo;une notice :<\/p>\n\n\n\n<figure class=\"wp-block-image size-large\"><img decoding=\"async\" loading=\"lazy\" width=\"1024\" height=\"555\" src=\"https:\/\/rebub.u-bordeaux.fr\/wp-content\/uploads\/2025\/04\/image-14-1024x555.png\" alt=\"\" class=\"wp-image-23582\" srcset=\"https:\/\/rebub.u-bordeaux.fr\/wp-content\/uploads\/2025\/04\/image-14-1024x555.png 1024w, https:\/\/rebub.u-bordeaux.fr\/wp-content\/uploads\/2025\/04\/image-14-300x163.png 300w, https:\/\/rebub.u-bordeaux.fr\/wp-content\/uploads\/2025\/04\/image-14-768x416.png 768w, https:\/\/rebub.u-bordeaux.fr\/wp-content\/uploads\/2025\/04\/image-14-1536x832.png 1536w, https:\/\/rebub.u-bordeaux.fr\/wp-content\/uploads\/2025\/04\/image-14.png 1920w\" sizes=\"(max-width: 1024px) 100vw, 1024px\" \/><\/figure>\n\n\n\n<ol>\n<li>Ouvrer le mode d\u00e9veloppeur de votre navigateur, <strong>touche F12<\/strong><\/li>\n\n\n\n<li>Positionnez-vous sur l&rsquo;onglet r\u00e9seau dans la fen\u00eatre en bas de votre \u00e9cran<\/li>\n\n\n\n<li>Rechargez la page<\/li>\n\n\n\n<li>Filtrez les requ\u00eates via l&rsquo;expression \u00ab\u00a0<strong>browse?<\/strong>\u00ab\u00a0<\/li>\n\n\n\n<li>Faites un clic droit sur l&rsquo;URL pour l&rsquo;ouvrir dans un nouvel onglet<\/li>\n<\/ol>\n\n\n\n<h2 id=\"stoc-comparaison-des-deux-options\" class=\"wpig-heading\">Comparaison des deux options<\/h2>\n\n\n\n<div class=\"is-layout-flex wp-container-3 wp-block-columns\">\n<div class=\"is-layout-flow wp-block-column\">\n<p><strong>Parcourir les vedettes bibliographiques<\/strong><\/p>\n\n\n\n<p>\ud83d\udc4dPermet d&rsquo;afficher des documents physiques et des documents \u00e9lectroniques<\/p>\n\n\n\n<p>\ud83d\udc4dR\u00e9sultats, peut \u00eatre plus facile \u00e0 expliquer<\/p>\n\n\n\n<p>\ud83d\udc4eToutes les notices n&rsquo;ont pas d&rsquo;indexation th\u00e9matique<\/p>\n\n\n\n<p>\ud83d\udc4eAffiche des titres non disponibles dans l&rsquo;institution<\/p>\n<\/div>\n\n\n\n<div class=\"is-layout-flow wp-block-column\">\n<p><strong>Parcourir la liste des emplacements sur les rayons<\/strong><\/p>\n\n\n\n<p>\ud83d\udc4dRecherche limit\u00e9e aux titres de l&rsquo;institution<\/p>\n\n\n\n<p>\ud83d\udc4dTous les documents physiques disposent d&rsquo;une cote<\/p>\n\n\n\n<p>\ud83d\udc4eRecherche limit\u00e9e \u00e0 la documentation physique<\/p>\n\n\n\n<p>\ud83d\udc4eFonctionnement plus complexe \u00e0 apr\u00e9hender<\/p>\n<\/div>\n<\/div>\n\n\n\n<h2 id=\"stoc-configurer-les-etageres-virtuelles\" class=\"wpig-heading\">Configurer les \u00e9tag\u00e8res virtuelles<\/h2>\n\n\n\n<figure class=\"wp-block-image size-large\"><img decoding=\"async\" loading=\"lazy\" width=\"1024\" height=\"479\" src=\"https:\/\/rebub.u-bordeaux.fr\/wp-content\/uploads\/2025\/04\/image-10-1024x479.png\" alt=\"\" class=\"wp-image-23565\" srcset=\"https:\/\/rebub.u-bordeaux.fr\/wp-content\/uploads\/2025\/04\/image-10-1024x479.png 1024w, https:\/\/rebub.u-bordeaux.fr\/wp-content\/uploads\/2025\/04\/image-10-300x140.png 300w, https:\/\/rebub.u-bordeaux.fr\/wp-content\/uploads\/2025\/04\/image-10-768x360.png 768w, https:\/\/rebub.u-bordeaux.fr\/wp-content\/uploads\/2025\/04\/image-10-1536x719.png 1536w, https:\/\/rebub.u-bordeaux.fr\/wp-content\/uploads\/2025\/04\/image-10.png 1920w\" sizes=\"(max-width: 1024px) 100vw, 1024px\" \/><\/figure>\n\n\n\n<ol>\n<li> Menu <strong>D\u00e9couverte &gt; Configuration d&rsquo;affichage &gt; Configurer les vues<\/strong><\/li>\n\n\n\n<li>Choisissez la vue \u00e0 configurer <\/li>\n\n\n\n<li>Onglet <strong>Services de la notice compl\u00e8te<\/strong><\/li>\n\n\n\n<li> Sur la ligne <strong>browseshelf,  <\/strong>cliquez sur <strong>\u00ab\u00a0&#8230;.\u00a0\u00bb<\/strong> et <strong> Configurer<\/strong><\/li>\n\n\n\n<li>Choisir l&rsquo;option souhait\u00e9e<\/li>\n<\/ol>\n","protected":false},"excerpt":{"rendered":"<p>Table des mati\u00e8res[ Show ]Parcourir les vedettes bibliographiques : Regroupement \u00e0 partir des classifications disponibles dans la notice bibliographiqueParcourir la liste des emplacements sur les rayons : Regroupement \u00e0 partir des cotes dans les holdingsPour les plus techniques : r\u00e9cup\u00e9rer&#8230;<\/p>\n","protected":false},"author":2,"featured_media":0,"parent":18430,"menu_order":7,"comment_status":"closed","ping_status":"closed","template":"template-fullwidth.php","meta":[],"post_mailing_queue_ids":[],"_links":{"self":[{"href":"https:\/\/rebub.u-bordeaux.fr\/index.php\/wp-json\/wp\/v2\/pages\/23563"}],"collection":[{"href":"https:\/\/rebub.u-bordeaux.fr\/index.php\/wp-json\/wp\/v2\/pages"}],"about":[{"href":"https:\/\/rebub.u-bordeaux.fr\/index.php\/wp-json\/wp\/v2\/types\/page"}],"author":[{"embeddable":true,"href":"https:\/\/rebub.u-bordeaux.fr\/index.php\/wp-json\/wp\/v2\/users\/2"}],"replies":[{"embeddable":true,"href":"https:\/\/rebub.u-bordeaux.fr\/index.php\/wp-json\/wp\/v2\/comments?post=23563"}],"version-history":[{"count":6,"href":"https:\/\/rebub.u-bordeaux.fr\/index.php\/wp-json\/wp\/v2\/pages\/23563\/revisions"}],"predecessor-version":[{"id":23585,"href":"https:\/\/rebub.u-bordeaux.fr\/index.php\/wp-json\/wp\/v2\/pages\/23563\/revisions\/23585"}],"up":[{"embeddable":true,"href":"https:\/\/rebub.u-bordeaux.fr\/index.php\/wp-json\/wp\/v2\/pages\/18430"}],"wp:attachment":[{"href":"https:\/\/rebub.u-bordeaux.fr\/index.php\/wp-json\/wp\/v2\/media?parent=23563"}],"curies":[{"name":"wp","href":"https:\/\/api.w.org\/{rel}","templated":true}]}}