	{"id":23620,"date":"2025-04-15T17:34:04","date_gmt":"2025-04-15T15:34:04","guid":{"rendered":"https:\/\/rebub.u-bordeaux.fr\/?page_id=23620"},"modified":"2025-07-08T11:04:21","modified_gmt":"2025-07-08T09:04:21","slug":"empecher-laffichage-dune-vignette-primo-ve","status":"publish","type":"page","link":"https:\/\/rebub.u-bordeaux.fr\/index.php\/babord\/procedures\/signalement\/empecher-laffichage-dune-vignette-primo-ve\/","title":{"rendered":"L&rsquo;affichage des vignettes dans Babord +"},"content":{"rendered":"<div id='wpig-floatingbar' class='wpig-floatingbar'><div id='wpig-switch-wrapper' class='wpig-switch-wrapper'><span id='wpig-floating-switch' class='wpig-floating-switch'><img src='https:\/\/rebub.u-bordeaux.fr\/wp-content\/plugins\/sticky-toc-advance-table-of-contents\/\\assets\\menu.png'><\/span><\/div><div id='wpig-contents' class='wpig-contents  wpig-sidebar-widget wpig-style-3'><span class='wpig-headline'>Table des mati\u00e8res<span><a data-action='show' class='wpig-btn-toggledisplay'>[ Show ]<\/a><\/span><\/span><!-- Table of Contents --><div id='wpig-table-of-content' class='wpig-table-of-content'><ol><li class='stoc-fonctionnement-du-service'><a href='#stoc-fonctionnement-du-service'>Fonctionnement du service<\/a><\/li><li class='stoc-ajouter-une-vignette-babordnum'><a href='#stoc-ajouter-une-vignette-babordnum'>Ajouter une vignette BabordNum<\/a><\/li><li class='stoc-empecher-laffichage-dune-vignette'><a href='#stoc-empecher-laffichage-dune-vignette'>Emp\u00eacher l&rsquo;affichage d&rsquo;une vignette <\/a><\/li><li class='stoc-identifiez-quel-service-fournit-limage-de-couverture'><a href='#stoc-identifiez-quel-service-fournit-limage-de-couverture'>Identifiez  quel service fournit l&rsquo;image de couverture<\/a><\/li><\/ol><\/div><!-- END OF Table of Contents --><\/div><\/div><p><div id='wpig-contents' class='wpig-contents  wpig-sidebar-widget wpig-style-1'><span class='wpig-headline'>Table des mati\u00e8res<span><a data-action='show' class='wpig-btn-toggledisplay'>[ Show ]<\/a><\/span><\/span><!-- Table of Contents --><div id='wpig-table-of-content' class='wpig-table-of-content' ><ol><li class='stoc-fonctionnement-du-service'><a href='#stoc-fonctionnement-du-service'>Fonctionnement du service<\/a><\/li><li class='stoc-ajouter-une-vignette-babordnum'><a href='#stoc-ajouter-une-vignette-babordnum'>Ajouter une vignette BabordNum<\/a><\/li><li class='stoc-empecher-laffichage-dune-vignette'><a href='#stoc-empecher-laffichage-dune-vignette'>Emp\u00eacher l&rsquo;affichage d&rsquo;une vignette <\/a><\/li><li class='stoc-identifiez-quel-service-fournit-limage-de-couverture'><a href='#stoc-identifiez-quel-service-fournit-limage-de-couverture'>Identifiez  quel service fournit l&rsquo;image de couverture<\/a><\/li><\/ol><\/div><!-- END OF Table of Contents --><\/div><\/p>\n<h2 id=\"stoc-fonctionnement-du-service\" class=\"wpig-heading\">Fonctionnement du service<\/h2>\n\n\n\n<p>Dans Babord +, nous utilisons diff\u00e9rents services  pour afficher les vignettes de couverture. Les urls d&rsquo;acc\u00e8s aux vignettes sont d\u00e9finis dans Alma dans un champ 901 $u. \u00c0 affichage des r\u00e9sultats, Primo teste chaque URL et utilise la premi\u00e8re \u00e0 renvoyer une image. <\/p>\n\n\n\n<p>Pour maximiser nos chances d&rsquo;obtenir une image, nous produisons des urls pour diff\u00e9rents services :<\/p>\n\n\n\n<ul>\n<li>Pour les notices de documentation physique :\n\n\n\n\n\n\n\n\n<ul>\n<li><strong>Electre :<\/strong> Electre fournit l&rsquo;URL d&rsquo;acc\u00e8s \u00e0 la vignette en 856$u. Lors de l&rsquo;import des notices Electre le lien 856 est copi\u00e9 dans un champ <\/li>\n<\/ul>\n\n\n\n<ul>\n<li><strong>Abebooks, Decitre :<\/strong> \n<ul>\n<li>les urls d&rsquo;acc\u00e8s aux vignettes sont g\u00e9n\u00e9r\u00e9s automatiquement (\u00e0 l&rsquo;enregistrement de la notice) pour les notices disposant d&rsquo;un EAN ou d&rsquo;un ISBN 13. Cette URL est r\u00e9g\u00e9n\u00e9r\u00e9e \u00e0 chaque chargement de la notice depuis le SUDOC.<\/li>\n\n\n\n<li>les urls ont \u00e9t\u00e9 g\u00e9n\u00e9r\u00e9es par un traitement externe pour les notices ne disposant que d&rsquo;un ISBN 10. Le traitement transforme l&rsquo;ISBN 10 en ISBN 13 et utilise ce dernier pour g\u00e9n\u00e9rer l&rsquo;url d&rsquo;acc\u00e8s \u00e0 l&rsquo;image. Le champ 901 ainsi produit est prot\u00e9g\u00e9 et n&rsquo;est pas \u00e9cras\u00e9 par la mise \u00e0 jour de la notice depuis le SUDOC.<\/li>\n<\/ul>\n<\/li>\n\n\n\n<li><strong>Amazon :<\/strong> les URLs sont produites automatiquement (\u00e0 l&rsquo;enregistrement de la notice) \u00e0 partir de l&rsquo;ISBN pr\u00e9sent dans la notice (10 ou 13).  Cette URL est r\u00e9g\u00e9n\u00e9r\u00e9e \u00e0 chaque chargement de la notice depuis le SUDOC.<\/li>\n\n\n\n<li><strong>BabordNum <\/strong>: Permet d&rsquo;associer manuellement \u00e0 la notice bibliographique de la version physique ou num\u00e9ris\u00e9e du document la vignette en miniature propos\u00e9e par BabordNum.<\/li>\n<\/ul>\n<\/li>\n\n\n\n<li> Pour les notices de &lsquo;documentation \u00e9lectronique :\n<ul>\n<li> les URLS  sont produites \u00e0 partir des ISBNS de la version imprim\u00e9e (776$z).\n<ul>\n<li>On utilise l&rsquo;ISBN 13 pour les services Decitre et AbeBooks<\/li>\n\n\n\n<li>On prend l&rsquo;ISBN existant pour le service Amazon.<\/li>\n<\/ul>\n<\/li>\n<\/ul>\n<\/li>\n\n\n\n<li>Pour les films, les vignettes sont produites \u00e0 partir des API de TMDB (The Movie Database). Ces URL sont g\u00e9n\u00e9r\u00e9es par UBM \u00e0 l&rsquo;aide d&rsquo;un programme maison. Le traitement n&rsquo;est pas automatis\u00e9  <\/li>\n<\/ul>\n\n\n\n<p>Le champ 901 peut ainsi avoir les valeurs suivantes<\/p>\n\n\n\n<figure class=\"wp-block-table\"><table><tbody><tr><td>Cas<\/td><td>ind1 : <strong>Validit\u00e9 du lien \u00e0 la vignette<\/strong><\/td><td>Ind2 <strong>Nom du Service fournissant la vignette<\/strong><\/td><td>$a <strong>Nom du Service fournissant la vignette<\/strong><\/td><\/tr><tr><td>Vignette Electre<\/td><td>1 : Lien Valide<\/td><td>1 <\/td><td>ELECTRE<\/td><\/tr><tr><td>Vignette Amazon ISBN 10 ou 13<\/td><td>1 : Lien Valide<\/td><td>2<\/td><td>AMAZON<\/td><\/tr><tr><td>Vignette AbeBooks EAN ou ISBN 13<\/td><td>1 : Lien Valide<\/td><td>3<\/td><td>ABEBOOKS<\/td><\/tr><tr><td>Vignette DECITRE EAN ou ISBN 13<\/td><td>1 : Lien Valide<\/td><td>4<\/td><td>DECITRE<\/td><\/tr><tr><td>Vignette AbeBooks ISBN 10<\/td><td>2 : Lien produit manuellement<\/td><td>3<\/td><td>ABEBOOKS<\/td><\/tr><tr><td>Vignette Decitre ISBN 10<\/td><td>2 : Lien produit manuellement<\/td><td>4<\/td><td>DECITRE<\/td><\/tr><tr><td>Vignette TMDB<\/td><td>1 : Lien Valide<\/td><td>5<\/td><td>TMDB<\/td><\/tr><tr><td>Vignette BabordNum<\/td><td>2 : Lien produit manuellement<\/td><td>6<\/td><td>BABORDNUM<\/td><\/tr><tr><td>Lien invalide<\/td><td>0: Lien invalide<\/td><td>*<\/td><td>*<\/td><\/tr><\/tbody><\/table><\/figure>\n\n\n\n<pre class=\"wp-block-code\"><code>901 11 |u https:\/\/media.electre-ng.com\/images\/image-id\/ae620c53f700147f93a4d60fbc507dc0b1d28e66363b70d909c0726896c8d18e.jpg |a ELECTRE\n901 12 |u https:\/\/images-na.ssl-images-amazon.com\/images\/P\/9782344041055.jpg |a AMAZON\n901 13 |u https:\/\/pictures.abebooks.com\/isbn\/9782344041055.jpg |a ABEBOOKS\n901 14 |u https:\/\/products-images.di-static.com\/image\/jean-robert-touvron-histoire\/9782344041055-475x500-1.webp |a DECITRE\n901 26 |u https:\/\/www.babordnum.fr\/files\/square_thumbnails\/b98e1f06a102b8fb0854aadf7b5d7f98.jpg |a BABORDNUM<\/code><\/pre>\n\n\n\n<h2 id=\"stoc-ajouter-une-vignette-babordnum\" class=\"wpig-heading\">Ajouter une vignette BabordNum<\/h2>\n\n\n\n<p>Une fois la notice cr\u00e9\u00e9e dans le SUDOC et redescendue dans Alma et la num\u00e9risation signal\u00e9e dans Babord Num, copier le lien vers la vignette BabordNum et produire un champ 901 (cf.ci-dessous) dans la notice Alma de la version physique et num\u00e9ris\u00e9e du document :<\/p>\n\n\n\n<pre class=\"wp-block-code\"><code>901 26 |u https:\/\/www.babordnum.fr\/files\/square_thumbnails\/b98e1f06a102b8fb0854aadf7b5d7f98.jpg |a BABORDNUM<\/code><\/pre>\n\n\n\n<h2 id=\"stoc-empecher-laffichage-dune-vignette\" class=\"wpig-heading\">Emp\u00eacher l&rsquo;affichage d&rsquo;une vignette <\/h2>\n\n\n\n<p>Malheureusement, ces services ont parfois des rat\u00e9s et retournent la mauvaise image de couverture pour un isbn.<\/p>\n\n\n\n<figure class=\"wp-block-image size-full\"><img decoding=\"async\" loading=\"lazy\" width=\"1017\" height=\"164\" src=\"https:\/\/rebub.u-bordeaux.fr\/wp-content\/uploads\/2022\/10\/erreur-affichage-vignette.png\" alt=\"\" class=\"wp-image-14292\" srcset=\"https:\/\/rebub.u-bordeaux.fr\/wp-content\/uploads\/2022\/10\/erreur-affichage-vignette.png 1017w, https:\/\/rebub.u-bordeaux.fr\/wp-content\/uploads\/2022\/10\/erreur-affichage-vignette-300x48.png 300w, https:\/\/rebub.u-bordeaux.fr\/wp-content\/uploads\/2022\/10\/erreur-affichage-vignette-768x124.png 768w\" sizes=\"(max-width: 1017px) 100vw, 1017px\" \/><\/figure>\n\n\n\n<p>Dans ces cas, il est possible d&#8217;emp\u00eacher la production du lien d&rsquo;affichage de la vignette pour le service qui retourne une anomalie. Pour ce faire, il vous suffira identifier quel service fournit l&rsquo;image inappropri\u00e9e puis d&rsquo;\u00e9diter la notice bibliographique pour invalider l&rsquo;URL d\u00e9clar\u00e9e dans le champ 901$u. La mise \u00e0 jour sera imm\u00e9diate apr\u00e8s le rafra\u00eechissement de la page (ctrl + F5).<\/p>\n\n\n\n<h2 id=\"stoc-identifiez-quel-service-fournit-limage-de-couverture\" class=\"wpig-heading\">Identifiez  quel service fournit l&rsquo;image de couverture<\/h2>\n\n\n\n<ol>\n<li>Faites un clic droit sur l&rsquo;image de couverture et s\u00e9lectionnez <strong>Ouvrir l&rsquo;image dans un nouvel onglet.<\/strong><\/li>\n\n\n\n<li>Dans la barre d&rsquo;adresse d&rsquo;URL de la fen\u00eatre qui vient de s&rsquo;ouvrir, regardez le nom de domaine de l&rsquo;URL.<\/li>\n<\/ol>\n\n\n\n<p>Modifiez le champ 901 <\/p>\n\n\n\n<p>Pour faire en sorte que l&rsquo;url ne soit plus utilis\u00e9e dans Primo il suffit de mettre la valeur 0 \u00e0 l&rsquo;indicateur 2 de la 901 produisant l&rsquo;URL pour le service en anomalie.<\/p>\n\n\n\n<div class=\"is-layout-constrained wp-block-group bord-bloc-reutilisable\"><div class=\"wp-block-group__inner-container\">\n<div class=\"is-layout-flex wp-container-3 wp-block-columns alignfull bord-bloc-reutilisable has-background\" style=\"background-color:#ff303047\">\n<div class=\"is-layout-flow wp-block-column is-vertically-aligned-center\" style=\"flex-basis:7%\">\n<figure class=\"wp-block-image alignfull size-full\"><img decoding=\"async\" loading=\"lazy\" width=\"512\" height=\"512\" src=\"https:\/\/rebub.u-bordeaux.fr\/wp-content\/uploads\/2024\/04\/point-dexclamation.png\" alt=\"\" class=\"wp-image-19898\" srcset=\"https:\/\/rebub.u-bordeaux.fr\/wp-content\/uploads\/2024\/04\/point-dexclamation.png 512w, https:\/\/rebub.u-bordeaux.fr\/wp-content\/uploads\/2024\/04\/point-dexclamation-300x300.png 300w, https:\/\/rebub.u-bordeaux.fr\/wp-content\/uploads\/2024\/04\/point-dexclamation-150x150.png 150w\" sizes=\"(max-width: 512px) 100vw, 512px\" \/><\/figure>\n<\/div>\n\n\n\n<div class=\"is-layout-flow wp-block-column is-vertically-aligned-center\" style=\"flex-basis:85%\">\n<p><strong>Attention !<\/strong>  Le service est configur\u00e9 pour recr\u00e9er la 901 si celle-ci n&rsquo;est pas pr\u00e9sente dans la notice. Si vous supprimez le champ 901 il sera cr\u00e9\u00e9 \u00e0 nouveau \u00e0 l&rsquo;enregistrement de la notice. <\/p>\n<\/div>\n<\/div>\n<\/div><\/div>\n\n\n\n<div class=\"is-layout-constrained wp-block-group bord-bloc-reutilisable\"><div class=\"wp-block-group__inner-container\">\n<div class=\"is-layout-flex wp-container-7 wp-block-columns alignfull bord-bloc-reutilisable has-background\" style=\"background-color:#ff303047\">\n<div class=\"is-layout-flow wp-block-column is-vertically-aligned-center\" style=\"flex-basis:7%\">\n<figure class=\"wp-block-image alignfull size-full\"><img decoding=\"async\" loading=\"lazy\" width=\"512\" height=\"512\" src=\"https:\/\/rebub.u-bordeaux.fr\/wp-content\/uploads\/2024\/04\/point-dexclamation.png\" alt=\"\" class=\"wp-image-19898\" srcset=\"https:\/\/rebub.u-bordeaux.fr\/wp-content\/uploads\/2024\/04\/point-dexclamation.png 512w, https:\/\/rebub.u-bordeaux.fr\/wp-content\/uploads\/2024\/04\/point-dexclamation-300x300.png 300w, https:\/\/rebub.u-bordeaux.fr\/wp-content\/uploads\/2024\/04\/point-dexclamation-150x150.png 150w\" sizes=\"(max-width: 512px) 100vw, 512px\" \/><\/figure>\n<\/div>\n\n\n\n<div class=\"is-layout-flow wp-block-column is-vertically-aligned-center\" style=\"flex-basis:85%\">\n<p><strong>Attention !<\/strong> Les probl\u00e8mes de vignettes peuvent \u00eatre li\u00e9es \u00e0 une erreur d&rsquo;attribution d&rsquo;ISBN. Il est ainsi possible que tous les services remontent la m\u00eame anomalie. Si vous d\u00e9cidez de corriger l&rsquo;ISBN dans le SUDOC (en basculant l&rsquo;ISBN en $z par exemple), vous n&rsquo;aurez pas besoin d&rsquo;intervenir dans Alma. Les champs 901 seront mis \u00e0 jour ou \u00e9cras\u00e9s lors de l&rsquo;import de la notice SUDOC.<\/p>\n<\/div>\n<\/div>\n<\/div><\/div>\n","protected":false},"excerpt":{"rendered":"<p>Table des mati\u00e8res[ Show ]Fonctionnement du serviceAjouter une vignette BabordNumEmp\u00eacher l&rsquo;affichage d&rsquo;une vignette Identifiez quel service fournit l&rsquo;image de couvertureFonctionnement du service Dans Babord +, nous utilisons diff\u00e9rents services pour afficher les vignettes de couverture. Les urls d&rsquo;acc\u00e8s aux vignettes&#8230;<\/p>\n","protected":false},"author":2,"featured_media":0,"parent":18428,"menu_order":8,"comment_status":"closed","ping_status":"closed","template":"template-fullwidth.php","meta":[],"post_mailing_queue_ids":[],"_links":{"self":[{"href":"https:\/\/rebub.u-bordeaux.fr\/index.php\/wp-json\/wp\/v2\/pages\/23620"}],"collection":[{"href":"https:\/\/rebub.u-bordeaux.fr\/index.php\/wp-json\/wp\/v2\/pages"}],"about":[{"href":"https:\/\/rebub.u-bordeaux.fr\/index.php\/wp-json\/wp\/v2\/types\/page"}],"author":[{"embeddable":true,"href":"https:\/\/rebub.u-bordeaux.fr\/index.php\/wp-json\/wp\/v2\/users\/2"}],"replies":[{"embeddable":true,"href":"https:\/\/rebub.u-bordeaux.fr\/index.php\/wp-json\/wp\/v2\/comments?post=23620"}],"version-history":[{"count":8,"href":"https:\/\/rebub.u-bordeaux.fr\/index.php\/wp-json\/wp\/v2\/pages\/23620\/revisions"}],"predecessor-version":[{"id":23900,"href":"https:\/\/rebub.u-bordeaux.fr\/index.php\/wp-json\/wp\/v2\/pages\/23620\/revisions\/23900"}],"up":[{"embeddable":true,"href":"https:\/\/rebub.u-bordeaux.fr\/index.php\/wp-json\/wp\/v2\/pages\/18428"}],"wp:attachment":[{"href":"https:\/\/rebub.u-bordeaux.fr\/index.php\/wp-json\/wp\/v2\/media?parent=23620"}],"curies":[{"name":"wp","href":"https:\/\/api.w.org\/{rel}","templated":true}]}}