	{"id":23817,"date":"2025-06-23T12:18:11","date_gmt":"2025-06-23T10:18:11","guid":{"rendered":"https:\/\/rebub.u-bordeaux.fr\/?page_id=23817"},"modified":"2025-08-22T10:08:23","modified_gmt":"2025-08-22T08:08:23","slug":"les-facettes","status":"publish","type":"page","link":"https:\/\/rebub.u-bordeaux.fr\/index.php\/babord\/configuration-administration\/personnalisation-des-interfaces\/les-facettes\/","title":{"rendered":"Les facettes"},"content":{"rendered":"<div id='wpig-floatingbar' class='wpig-floatingbar'><div id='wpig-switch-wrapper' class='wpig-switch-wrapper'><span id='wpig-floating-switch' class='wpig-floating-switch'><img src='https:\/\/rebub.u-bordeaux.fr\/wp-content\/plugins\/sticky-toc-advance-table-of-contents\/\\assets\\menu.png'><\/span><\/div><div id='wpig-contents' class='wpig-contents  wpig-sidebar-widget wpig-style-3'><span class='wpig-headline'>Table des mati\u00e8res<span><a data-action='show' class='wpig-btn-toggledisplay'>[ Show ]<\/a><\/span><\/span><!-- Table of Contents --><div id='wpig-table-of-content' class='wpig-table-of-content'><ol><li class='stoc-listes-des-facettes-actives'><a href='#stoc-listes-des-facettes-actives'>Listes des facettes actives <\/a><\/li><li class='stoc-configuration'><a href='#stoc-configuration'>Configuration <\/a><ol><li class='stoc-ordonnancement-et-activation'><a href='#stoc-ordonnancement-et-activation'>Ordonnancement et activation<\/a><\/li><li class='stoc-normalisation-des-donnees-et-creation-de-facettes-locales'><a href='#stoc-normalisation-des-donnees-et-creation-de-facettes-locales'>Normalisation des donn\u00e9es et cr\u00e9ation de facettes locales<\/a><ol><li class='stoc-facette-discipline-pour-les-theses-et-les-memoires-local_field_04'><a href='#stoc-facette-discipline-pour-les-theses-et-les-memoires-local_field_04'>Facette \u00ab\u00a0Discipline pour les th\u00e8ses et les m\u00e9moires\u00a0\u00bb (local_field_04)<\/a><\/li><li class='stoc-facette-collection-local_field_55'><a href='#stoc-facette-collection-local_field_55'>Facette collection (local_field_55 )<\/a><\/li><li class='stoc-facette-editeur-local_field_56'><a href='#stoc-facette-editeur-local_field_56'>Facette \u00e9diteur (local_field_56 )<\/a><\/li><\/ol><li class='stoc-personnalisations-angular-et-css'><a href='#stoc-personnalisations-angular-et-css'>Personnalisations Angular et CSS<\/a><ol><li class='stoc-titre-des-facettes-affiner-vos-resultats'><a href='#stoc-titre-des-facettes-affiner-vos-resultats'>Titre des facettes Affiner vos r\u00e9sultats<\/a><\/li><li class='stoc-top-level-facet'><a href='#stoc-top-level-facet'>Top Level Facet<\/a><\/li><li class='stoc-facette-type-de-document-masquage-des-attributs-cdi'><a href='#stoc-facette-type-de-document-masquage-des-attributs-cdi'>Facette type de document : masquage des attributs CDI<\/a><\/li><\/ol><\/li><\/li><\/li><\/div><!-- END OF Table of Contents --><\/div><\/div><p><div id='wpig-contents' class='wpig-contents  wpig-sidebar-widget wpig-style-1'><span class='wpig-headline'>Table des mati\u00e8res<span><a data-action='show' class='wpig-btn-toggledisplay'>[ Show ]<\/a><\/span><\/span><!-- Table of Contents --><div id='wpig-table-of-content' class='wpig-table-of-content' ><ol><li class='stoc-listes-des-facettes-actives'><a href='#stoc-listes-des-facettes-actives'>Listes des facettes actives <\/a><\/li><li class='stoc-configuration'><a href='#stoc-configuration'>Configuration <\/a><ol><li class='stoc-ordonnancement-et-activation'><a href='#stoc-ordonnancement-et-activation'>Ordonnancement et activation<\/a><\/li><li class='stoc-normalisation-des-donnees-et-creation-de-facettes-locales'><a href='#stoc-normalisation-des-donnees-et-creation-de-facettes-locales'>Normalisation des donn\u00e9es et cr\u00e9ation de facettes locales<\/a><ol><li class='stoc-facette-discipline-pour-les-theses-et-les-memoires-local_field_04'><a href='#stoc-facette-discipline-pour-les-theses-et-les-memoires-local_field_04'>Facette \u00ab\u00a0Discipline pour les th\u00e8ses et les m\u00e9moires\u00a0\u00bb (local_field_04)<\/a><\/li><li class='stoc-facette-collection-local_field_55'><a href='#stoc-facette-collection-local_field_55'>Facette collection (local_field_55 )<\/a><\/li><li class='stoc-facette-editeur-local_field_56'><a href='#stoc-facette-editeur-local_field_56'>Facette \u00e9diteur (local_field_56 )<\/a><\/li><\/ol><li class='stoc-personnalisations-angular-et-css'><a href='#stoc-personnalisations-angular-et-css'>Personnalisations Angular et CSS<\/a><ol><li class='stoc-titre-des-facettes-affiner-vos-resultats'><a href='#stoc-titre-des-facettes-affiner-vos-resultats'>Titre des facettes Affiner vos r\u00e9sultats<\/a><\/li><li class='stoc-top-level-facet'><a href='#stoc-top-level-facet'>Top Level Facet<\/a><\/li><li class='stoc-facette-type-de-document-masquage-des-attributs-cdi'><a href='#stoc-facette-type-de-document-masquage-des-attributs-cdi'>Facette type de document : masquage des attributs CDI<\/a><\/li><\/ol><\/li><\/li><\/li><\/div><!-- END OF Table of Contents --><\/div><\/p>\n<h2 id=\"stoc-listes-des-facettes-actives\" class=\"wpig-heading\">Listes des facettes actives <\/h2>\n\n\n\n<figure class=\"wp-block-table alignfull\"><table><tbody><tr><td>Codes Facettes<\/td><td>Code libell\u00e9<\/td><td>Libell\u00e9 fran\u00e7ais<\/td><td>Libell\u00e9 anglais<\/td><td>Libell\u00e9 espagnol<\/td><td>Mode de tri<\/td><td>Commentaire<\/td><\/tr><tr><td>Availability<\/td><td>facets.facet.facet_tlevel<\/td><td>Support<\/td><td>Support<\/td><td>Nivel superior<\/td><td>&#8211;<\/td><td>&#8211;<\/td><\/tr><tr><td>Institution<\/td><td>facets.facet.facet_institution<\/td><td>Etablissement<\/td><td>Etablissement<\/td><td>Nombre de instituci\u00f3n:<\/td><td>alpha_numeric<\/td><td>&#8211;<\/td><\/tr><tr><td>Library<\/td><td>facets.facet.facet_library<\/td><td>Bib. Bordeaux Montaigne<\/td><td>Bib. Bordeaux Montaigne<\/td><td>&#8211;<\/td><td>alpha_numeric<\/td><td>&#8211;<\/td><\/tr><tr><td>Library<\/td><td>facets.facet.face_other_library<\/td><td>Bib. Autres institutions ou biblioth\u00e8ques<\/td><td>Bib. Autres institutions ou biblioth\u00e8ques<\/td><td>alpha_numeric<\/td><td>&#8211;<\/td><\/tr><tr><td>Resource type<\/td><td>facets.facet.facet_rtype<\/td><td>Type de document<\/td><td>Type de document<\/td><td>Tipo de recurso<\/td><td>alpha_numeric<\/td><td>&#8211;<\/td><\/tr><tr><td>Creation Date<\/td><td>facets.facet.facet_creationdate<\/td><td>Ann\u00e9e de publication<\/td><td>Ann\u00e9e de publication<\/td><td>Fecha de creaci\u00f3n<\/td><td>none<\/td><td>&#8211;<\/td><\/tr><tr><td>Creator<\/td><td>facets.facet.facet_creator<\/td><td>Auteur<\/td><td>Auteur<\/td><td>Creador<\/td><td>by_size<\/td><td>&#8211;<\/td><\/tr><tr><td>local_field_55<\/td><td>fulldisplay.lds55<\/td><td>Collection<\/td><td>Collection<\/td><td>&#8211;<\/td><td>by_size<\/td><td>&#8211;<\/td><\/tr><tr><td>Topic<\/td><td>facets.facet.facet_topic<\/td><td>Sujet<\/td><td>Sujet<\/td><td>Materia<\/td><td>by_size<\/td><td>&#8211;<\/td><\/tr><tr><td>local_fiield_04<\/td><td>fulldisplay.lds04<\/td><td>Discipline pour les th\u00e8ses et les m\u00e9moires<\/td><td>Discipline for theses and dissertations<\/td><td>Disciplina para tesis y disertaciones<\/td><td>UB Uniquement<\/td><\/tr><tr><td>local_field_56<\/td><td>fulldisplay.lds56<\/td><td>Editeur<\/td><td>Publisher<\/td><td>Editor<\/td><td>by_size<\/td><td>&#8211;<\/td><\/tr><tr><td>local_field_57<\/td><td>fulldisplay.lds57<\/td><td>Echelle cartographique<\/td><td>Map scale<\/td><td>Escala del mapa<\/td><td>alpha_numeric<\/td><td>Ubm uniquement<\/td><\/tr><tr><td>Language<\/td><td>facets.facet.facet_lang<\/td><td>Langue<\/td><td>Language<\/td><td>Idioma<\/td><td>by_size<\/td><td>&#8211;<\/td><\/tr><tr><td>Journal Title<\/td><td>facets.facet.facet_jtitle<\/td><td>Titre de revue<\/td><td>Journal Title<\/td><td>T\u00edtulo revista<\/td><td>by_size<\/td><td>&#8211;<\/td><\/tr><tr><td>Collection<\/td><td>facets.facet.facet_domain<\/td><td>Source<\/td><td>Source<\/td><td>Colecci\u00f3n<\/td><td>by_size<\/td><td>Source CDI<\/td><\/tr><tr><td>Course Name<\/td><td>facets.facet.facet_crsname<\/td><td>Nom du cours<\/td><td>Course name<\/td><td>Nombre del curso<\/td><td>by_size<\/td><td>&#8211;<\/td><\/tr><tr><td>Course Instructor<\/td><td>facets.facet.facet_crsinstrc<\/td><td>Nom de l&rsquo;enseignant<\/td><td>Course instructor<\/td><td>Nombre del instructor<\/td><td>by_size<\/td><td>&#8211;<\/td><\/tr><\/tbody><\/table><\/figure>\n\n\n\n<h2 id=\"stoc-configuration\" class=\"wpig-heading\">Configuration <\/h2>\n\n\n\n<h3 id=\"stoc-ordonnancement-et-activation\" class=\"wpig-heading\">Ordonnancement et activation<\/h3>\n\n\n\n<p>Depuis la configuration de la vue : D\u00e9couverte > Configuration d&rsquo;affichage > Configurer les vues > Liste des r\u00e9sultats.<\/p>\n\n\n\n<h3 id=\"stoc-normalisation-des-donnees-et-creation-de-facettes-locales\" class=\"wpig-heading\">Normalisation des donn\u00e9es et cr\u00e9ation de facettes locales<\/h3>\n\n\n\n<p>Il n&rsquo;est pas possible de personnaliser les facettes cr\u00e9\u00e9es par Exlibris. V<a href=\"https:\/\/knowledge.exlibrisgroup.com\/Primo\/Product_Documentation\/020Primo_VE\/Primo_VE_(English)\/120Other_Configurations\/Mapping_to_the_Display%2C_Facets%2C_and_Search_Sections_in_the_Primo_VE_Record\">oici les r\u00e8gles de normalisation propos\u00e9es par Exlibris.<\/a><\/p>\n\n\n\n<p>Nous avons la possibilit\u00e9 en revanche de cr\u00e9er des facettes locales (<a href=\"https:\/\/knowledge.exlibrisgroup.com\/Primo\/Product_Documentation\/020Primo_VE\/Primo_VE_(English)\/120Other_Configurations\/Configuring_Local_Search_and_Facet_Fields_for_Primo_V\">Voir documentation Exlibris<\/a>).<\/p>\n\n\n\n<h4 id=\"stoc-facette-discipline-pour-les-theses-et-les-memoires-local_field_04\" class=\"wpig-heading\">Facette \u00ab\u00a0Discipline pour les th\u00e8ses et les m\u00e9moires\u00a0\u00bb (local_field_04)<\/h4>\n\n\n\n<ul>\n<li><strong>Unimarc<\/strong> : 328$c si la notice d\u00e9crit un travail universitaire (pos. 3 \u00e0 8 du champ 105$a = 7 ou m) (Cf. <a href=\"https:\/\/github.com\/louxfaure\/Regles_de_normalisation_PrimoVE\/blob\/main\/33PUDB-Primo-VE-UNIMARC-Normalization-Rules\/Lds04%20-%20Discipline%20pour%20les%20th%C3%A8ses%20et%20les%20m%C3%A9moires.drl\">R\u00e8gle de normalisation<\/a>)<\/li>\n\n\n\n<li><strong>Marc21<\/strong> : 502$b (cf. <a href=\"https:\/\/github.com\/louxfaure\/Regles_de_normalisation_PrimoVE\/blob\/main\/33PUDB-Primo-VE-MARC21-Normalization-Rules\/Marc%2021-Lsr04%20-%20Discipline%20pour%20les%20th%C3%A8ses%20et%20les%20m%C3%A9moires.drl\">R\u00e8gle de normalisation<\/a>)<\/li>\n\n\n\n<li><strong>Dumas : <\/strong>Construit sur la base du nom du fichier (cf . <a href=\"https:\/\/rebub.u-bordeaux.fr\/index.php\/babord\/configuration-administration\/sources-externes\/memoires-dumas\/\" data-type=\"page\" data-id=\"23804\">Documentation<\/a>)<\/li>\n<\/ul>\n\n\n\n<h4 id=\"stoc-facette-collection-local_field_55\" class=\"wpig-heading\">Facette collection (local_field_55 )<\/h4>\n\n\n\n<ul>\n<li><strong>Unimarc<\/strong> : 410$t ou 225$a (Cf. <a href=\"https:\/\/github.com\/louxfaure\/Regles_de_normalisation_PrimoVE\/blob\/main\/33PUDB-Primo-VE-UNIMARC-Normalization-Rules\/Lds04%20-%20Discipline%20pour%20les%20th%C3%A8ses%20et%20les%20m%C3%A9moires.drlhttps:\/\/github.com\/louxfaure\/Regles_de_normalisation_PrimoVE\/blob\/main\/33PUDB-Primo-VE-UNIMARC-Normalization-Rules\/Lsr55%20-%20Facette%20collection.drl\">R\u00e8gle de normalisation<\/a>)<\/li>\n\n\n\n<li><strong>Marc21<\/strong> : 760$t (cf. <a href=\"https:\/\/github.com\/louxfaure\/Regles_de_normalisation_PrimoVE\/blob\/main\/33PUDB-Primo-VE-MARC21-Normalization-Rules\/Marc21%20-%20Lsr55%20-%20Facette%20collection.drl\">R\u00e8gle de normalisation<\/a>)<\/li>\n<\/ul>\n\n\n\n<h4 id=\"stoc-facette-editeur-local_field_56\" class=\"wpig-heading\">Facette \u00e9diteur (local_field_56 )<\/h4>\n\n\n\n<ul>\n<li><strong>Unimarc<\/strong> : 214$c ou 210$c Quels que soient les indicateurs (Cf. <a href=\"https:\/\/github.com\/louxfaure\/Regles_de_normalisation_PrimoVE\/blob\/main\/33PUDB-Primo-VE-UNIMARC-Normalization-Rules\/Lds04%20-%20Discipline%20pour%20les%20th%C3%A8ses%20et%20les%20m%C3%A9moires.drlhttps:\/\/github.com\/louxfaure\/Regles_de_normalisation_PrimoVE\/blob\/main\/33PUDB-Primo-VE-UNIMARC-Normalization-Rules\/Lsr55%20-%20Facette%20collection.drlhttps:\/\/github.com\/louxfaure\/Regles_de_normalisation_PrimoVE\/blob\/main\/33PUDB-Primo-VE-UNIMARC-Normalization-Rules\/Lsr56%20-%20Facette%20Editeur.drl\">R\u00e8gle de normalisation<\/a>)<\/li>\n\n\n\n<li><strong>Marc21<\/strong> : 260$b (cf. <a href=\"https:\/\/github.com\/louxfaure\/Regles_de_normalisation_PrimoVE\/blob\/main\/33PUDB-Primo-VE-MARC21-Normalization-Rules\/Marc21%20-%20Lsr56%20-%20Facette%20Editeur.drl\">R\u00e8gle de normalisation<\/a>)<\/li>\n<\/ul>\n\n\n\n<p><strong>Facette \u00e9diteur (local_field_57 )<\/strong><\/p>\n\n\n\n<ul>\n<li><strong>Unimarc seulement : <\/strong>123$b + formatage de la ch\u00eene texteuelle (ex 25000 en 1:25 000)<\/li>\n<\/ul>\n\n\n\n<h3 id=\"stoc-personnalisations-angular-et-css\" class=\"wpig-heading\">Personnalisations Angular et CSS<\/h3>\n\n\n\n<figure class=\"wp-block-image size-large\"><img decoding=\"async\" loading=\"lazy\" width=\"1024\" height=\"479\" src=\"https:\/\/rebub.u-bordeaux.fr\/wp-content\/uploads\/2025\/06\/image-4-1024x479.png\" alt=\"\" class=\"wp-image-23819\" srcset=\"https:\/\/rebub.u-bordeaux.fr\/wp-content\/uploads\/2025\/06\/image-4-1024x479.png 1024w, https:\/\/rebub.u-bordeaux.fr\/wp-content\/uploads\/2025\/06\/image-4-300x140.png 300w, https:\/\/rebub.u-bordeaux.fr\/wp-content\/uploads\/2025\/06\/image-4-768x360.png 768w, https:\/\/rebub.u-bordeaux.fr\/wp-content\/uploads\/2025\/06\/image-4-1536x719.png 1536w, https:\/\/rebub.u-bordeaux.fr\/wp-content\/uploads\/2025\/06\/image-4.png 1920w\" sizes=\"(max-width: 1024px) 100vw, 1024px\" \/><\/figure>\n\n\n\n<h4 id=\"stoc-titre-des-facettes-affiner-vos-resultats\" class=\"wpig-heading\">Titre des facettes Affiner vos r\u00e9sultats<\/h4>\n\n\n\n<p>Masqu\u00e9 en css via le Templace central<\/p>\n\n\n\n<pre class=\"wp-block-code\"><code>\/*33PUDB_NETWORK_AFA_FACETTES : Masque le titre des facettes \"Affiner vos r\u00e9sultats\"*\/\n\/*##################################################################################*\/\nprm-facet h2&#91;translate=\"nui.facets.title\"] {\n  display: none;\n}<\/code><\/pre>\n\n\n\n<h4 id=\"stoc-top-level-facet\" class=\"wpig-heading\">Top Level Facet<\/h4>\n\n\n\n<p>Masquage des entr\u00e9es \u00ab\u00a0Articles \u00e9valu\u00e9es par les pairs\u00a0\u00bb et Open Acces via CSS. Renommage de la facette en \u00ab\u00a0Support\u00a0\u00bb et de l&rsquo;entr\u00e9e \u00ab\u00a0Disponible\u00a0\u00bb en \u00ab\u00a0Support Physique\u00a0\u00bb<\/p>\n\n\n\n<pre class=\"wp-block-code\"><code>\/*33PUDB_NETWORK_TOPLEVELFACETTE : Masque les ent\u00e9es Opan access et Peer Reviewed de la top level facette\"*\/\n\/*##########################################################################################################*\/\n\/* Hide facet Open access *\/\n&#91;data-facet-value=\"tlevel-open_access\"] {\n  display: none !important;\n}\n\n\/* Hide facet Peer Reviewed *\/\n&#91;data-facet-value=\"tlevel-peer_reviewed\"] {\n  display: none !important;\n}<\/code><\/pre>\n\n\n\n<h4 id=\"stoc-facette-type-de-document-masquage-des-attributs-cdi\" class=\"wpig-heading\">Facette type de document : masquage des attributs CDI<\/h4>\n\n\n\n<pre class=\"wp-block-code\"><code>*AFA 04-06-2025 : Masque les facettes types de documents non d\u00e9sir\u00e9es par les memebres du r\u00e9seau*\/\n\/*##########################################################################################################*\/\n&#91;data-facet-value=\"rtype-review_article\"] {\n  display: none !important;\n}\n&#91;data-facet-value=\"rtype-primary_source\"] {\n  display: none !important;\n}\n&#91;data-facet-value=\"rtype-preprint\"] {\n  display: none !important;\n}\n&#91;data-facet-value=\"rtype-retracted_publication\"] {\n  display: none !important;\n}\n&#91;data-facet-value=\"rtype-withdrawn_publication\"] {\n  display: none !important;\n}\n&#91;data-facet-value=\"rtype-retraction_notice\"] {\n  display: none !important;\n}\n&#91;data-facet-value=\"rtype-withdrawal_notice\"] {\n  display: none !important;\n}\n&#91;data-facet-value=\"rtype-publication_exp_concern\"] {\n  display: none !important;\n}\n&#91;data-facet-value=\"rtype-publication_addendum\"] {\n  display: none !important;\n}\n&#91;data-facet-value=\"rtype-publication_corrigendum\"] {\n  display: none !important;\n}\n&#91;data-facet-value=\"rtype-online_first \"] {\n  display: none !important;\n}<\/code><\/pre>\n","protected":false},"excerpt":{"rendered":"<p>Table des mati\u00e8res[ Show ]Listes des facettes actives Configuration Ordonnancement et activationNormalisation des donn\u00e9es et cr\u00e9ation de facettes localesFacette \u00ab\u00a0Discipline pour les th\u00e8ses et les m\u00e9moires\u00a0\u00bb (local_field_04)Facette collection (local_field_55 )Facette \u00e9diteur (local_field_56 )Personnalisations Angular et CSSTitre des facettes Affiner vos&#8230;<\/p>\n","protected":false},"author":2,"featured_media":0,"parent":18432,"menu_order":5,"comment_status":"closed","ping_status":"closed","template":"","meta":[],"post_mailing_queue_ids":[],"_links":{"self":[{"href":"https:\/\/rebub.u-bordeaux.fr\/index.php\/wp-json\/wp\/v2\/pages\/23817"}],"collection":[{"href":"https:\/\/rebub.u-bordeaux.fr\/index.php\/wp-json\/wp\/v2\/pages"}],"about":[{"href":"https:\/\/rebub.u-bordeaux.fr\/index.php\/wp-json\/wp\/v2\/types\/page"}],"author":[{"embeddable":true,"href":"https:\/\/rebub.u-bordeaux.fr\/index.php\/wp-json\/wp\/v2\/users\/2"}],"replies":[{"embeddable":true,"href":"https:\/\/rebub.u-bordeaux.fr\/index.php\/wp-json\/wp\/v2\/comments?post=23817"}],"version-history":[{"count":1,"href":"https:\/\/rebub.u-bordeaux.fr\/index.php\/wp-json\/wp\/v2\/pages\/23817\/revisions"}],"predecessor-version":[{"id":23820,"href":"https:\/\/rebub.u-bordeaux.fr\/index.php\/wp-json\/wp\/v2\/pages\/23817\/revisions\/23820"}],"up":[{"embeddable":true,"href":"https:\/\/rebub.u-bordeaux.fr\/index.php\/wp-json\/wp\/v2\/pages\/18432"}],"wp:attachment":[{"href":"https:\/\/rebub.u-bordeaux.fr\/index.php\/wp-json\/wp\/v2\/media?parent=23817"}],"curies":[{"name":"wp","href":"https:\/\/api.w.org\/{rel}","templated":true}]}}